--
-- Host: 127.0.0.1    Database: ninico
-- ------------------------------------------------------


--
-- Table structure for table `activations`
--

CREATE TABLE `activations` (
  `id` bigint unsigned NOT NULL AUTO_INCREMENT,
  `user_id` bigint unsigned NOT NULL,
  `code` varchar(120) COLLATE utf8mb4_unicode_ci NOT NULL,
  `completed` tinyint(1) NOT NULL DEFAULT '0',
  `completed_at` timestamp NULL DEFAULT NULL,
  `created_at` timestamp NULL DEFAULT NULL,
  `updated_at` timestamp NULL DEFAULT NULL,
  PRIMARY KEY (`id`),
  KEY `activations_user_id_index` (`user_id`)
) ENGINE=InnoDB AUTO_INCREMENT=2 DEFAULT CHARSET=utf8mb4 COLLATE=utf8mb4_unicode_ci;

--
-- Dumping data for table `activations`
--

INSERT INTO `activations` VALUES (1,1,'71DIaCWwpzr4sjSjMod8ATTcb8Vzzu7t',1,'2025-08-02 02:15:12','2025-08-02 02:15:12','2025-08-02 02:15:12');

--
-- Table structure for table `admin_notifications`
--

CREATE TABLE `admin_notifications` (
  `id` bigint unsigned NOT NULL AUTO_INCREMENT,
  `title` varchar(191) COLLATE utf8mb4_unicode_ci NOT NULL,
  `action_label` varchar(191) COLLATE utf8mb4_unicode_ci DEFAULT NULL,
  `action_url` varchar(191) COLLATE utf8mb4_unicode_ci DEFAULT NULL,
  `description` varchar(400) COLLATE utf8mb4_unicode_ci DEFAULT NULL,
  `read_at` timestamp NULL DEFAULT NULL,
  `created_at` timestamp NULL DEFAULT NULL,
  `updated_at` timestamp NULL DEFAULT NULL,
  `permission` varchar(191) COLLATE utf8mb4_unicode_ci DEFAULT NULL,
  PRIMARY KEY (`id`)
) ENGINE=InnoDB DEFAULT CHARSET=utf8mb4 COLLATE=utf8mb4_unicode_ci;

--
-- Dumping data for table `admin_notifications`
--


--
-- Table structure for table `ads_translations`
--

CREATE TABLE `ads_translations` (
  `lang_code` varchar(191) COLLATE utf8mb4_unicode_ci NOT NULL,
  `ads_id` bigint unsigned NOT NULL,
  `name` varchar(191) COLLATE utf8mb4_unicode_ci DEFAULT NULL,
  `image` varchar(191) COLLATE utf8mb4_unicode_ci DEFAULT NULL,
  `url` varchar(191) COLLATE utf8mb4_unicode_ci DEFAULT NULL,
  `tablet_image` varchar(191) COLLATE utf8mb4_unicode_ci DEFAULT NULL,
  `mobile_image` varchar(191) COLLATE utf8mb4_unicode_ci DEFAULT NULL,
  PRIMARY KEY (`lang_code`,`ads_id`)
) ENGINE=InnoDB DEFAULT CHARSET=utf8mb4 COLLATE=utf8mb4_unicode_ci;

--
-- Dumping data for table `ads_translations`
--


--
-- Table structure for table `announcements`
--

CREATE TABLE `announcements` (
  `id` bigint unsigned NOT NULL AUTO_INCREMENT,
  `name` varchar(191) COLLATE utf8mb4_unicode_ci NOT NULL,
  `content` text COLLATE utf8mb4_unicode_ci NOT NULL,
  `has_action` tinyint(1) NOT NULL DEFAULT '0',
  `action_label` varchar(60) COLLATE utf8mb4_unicode_ci DEFAULT NULL,
  `action_url` varchar(400) COLLATE utf8mb4_unicode_ci DEFAULT NULL,
  `action_open_new_tab` tinyint(1) NOT NULL DEFAULT '0',
  `dismissible` tinyint(1) NOT NULL DEFAULT '0',
  `start_date` datetime DEFAULT NULL,
  `end_date` datetime DEFAULT NULL,
  `is_active` tinyint(1) NOT NULL DEFAULT '1',
  `created_at` timestamp NULL DEFAULT NULL,
  `updated_at` timestamp NULL DEFAULT NULL,
  PRIMARY KEY (`id`)
) ENGINE=InnoDB AUTO_INCREMENT=4 DEFAULT CHARSET=utf8mb4 COLLATE=utf8mb4_unicode_ci;

--
-- Dumping data for table `announcements`
--

INSERT INTO `announcements` VALUES (1,'Announcement 1','<strong>Welcome to our international shop! Enjoy free shipping on orders $100 & up</strong>',1,'Shop now','/',0,1,'2025-08-02 09:15:52',NULL,1,'2025-08-02 02:15:52','2025-08-02 02:15:52'),(2,'Announcement 2','<strong>Trendy 25 silver jewelry, save up 35% off today</strong>',1,'Shop now','/',0,1,'2025-08-02 09:15:52',NULL,1,'2025-08-02 02:15:52','2025-08-02 02:15:52'),(3,'Announcement 3','<strong>Black Friday and Cyber Monday 2023 Deals for Motion Designers, grab it now!</strong>',1,'Shop now','/',0,1,'2025-08-02 09:15:52',NULL,1,'2025-08-02 02:15:52','2025-08-02 02:15:52');

--
-- Table structure for table `announcements_translations`
--

CREATE TABLE `announcements_translations` (
  `lang_code` varchar(191) COLLATE utf8mb4_unicode_ci NOT NULL,
  `announcements_id` bigint unsigned NOT NULL,
  `content` text COLLATE utf8mb4_unicode_ci,
  `action_label` varchar(60) COLLATE utf8mb4_unicode_ci DEFAULT NULL,
  PRIMARY KEY (`lang_code`,`announcements_id`)
) ENGINE=InnoDB DEFAULT CHARSET=utf8mb4 COLLATE=utf8mb4_unicode_ci;

--
-- Dumping data for table `announcements_translations`
--


--
-- Table structure for table `audit_histories`
--

CREATE TABLE `audit_histories` (
  `id` bigint unsigned NOT NULL AUTO_INCREMENT,
  `user_id` bigint unsigned NOT NULL,
  `user_type` varchar(191) COLLATE utf8mb4_unicode_ci DEFAULT 'Botble\\ACL\\Models\\User',
  `module` varchar(60) COLLATE utf8mb4_unicode_ci NOT NULL,
  `request` longtext COLLATE utf8mb4_unicode_ci,
  `action` varchar(120) COLLATE utf8mb4_unicode_ci NOT NULL,
  `user_agent` text COLLATE utf8mb4_unicode_ci,
  `ip_address` varchar(45) COLLATE utf8mb4_unicode_ci DEFAULT NULL,
  `actor_id` bigint unsigned NOT NULL,
  `actor_type` varchar(191) COLLATE utf8mb4_unicode_ci DEFAULT 'Botble\\ACL\\Models\\User',
  `reference_id` bigint unsigned NOT NULL,
  `reference_name` varchar(191) COLLATE utf8mb4_unicode_ci NOT NULL,
  `type` varchar(20) COLLATE utf8mb4_unicode_ci NOT NULL,
  `created_at` timestamp NULL DEFAULT NULL,
  `updated_at` timestamp NULL DEFAULT NULL,
  PRIMARY KEY (`id`),
  KEY `audit_histories_user_id_index` (`user_id`),
  KEY `audit_histories_module_index` (`module`)
) ENGINE=InnoDB DEFAULT CHARSET=utf8mb4 COLLATE=utf8mb4_unicode_ci;

--
-- Dumping data for table `audit_histories`
--


--
-- Table structure for table `categories`
--

CREATE TABLE `categories` (
  `id` bigint unsigned NOT NULL AUTO_INCREMENT,
  `name` varchar(120) COLLATE utf8mb4_unicode_ci NOT NULL,
  `parent_id` bigint unsigned NOT NULL DEFAULT '0',
  `description` varchar(400) COLLATE utf8mb4_unicode_ci DEFAULT NULL,
  `status` varchar(60) COLLATE utf8mb4_unicode_ci NOT NULL DEFAULT 'published',
  `author_id` bigint unsigned DEFAULT NULL,
  `author_type` varchar(191) COLLATE utf8mb4_unicode_ci NOT NULL DEFAULT 'Botble\\ACL\\Models\\User',
  `icon` varchar(60) COLLATE utf8mb4_unicode_ci DEFAULT NULL,
  `order` int unsigned NOT NULL DEFAULT '0',
  `is_featured` tinyint NOT NULL DEFAULT '0',
  `is_default` tinyint unsigned NOT NULL DEFAULT '0',
  `created_at` timestamp NULL DEFAULT NULL,
  `updated_at` timestamp NULL DEFAULT NULL,
  PRIMARY KEY (`id`),
  KEY `categories_parent_id_index` (`parent_id`),
  KEY `categories_status_index` (`status`),
  KEY `categories_created_at_index` (`created_at`)
) ENGINE=InnoDB AUTO_INCREMENT=5 DEFAULT CHARSET=utf8mb4 COLLATE=utf8mb4_unicode_ci;

--
-- Dumping data for table `categories`
--

INSERT INTO `categories` VALUES (1,'Ecommerce',0,'Cum pariatur veritatis quisquam. Quos qui qui cumque. Eum corporis atque velit quod molestiae vel non. Vel et expedita omnis consequatur.','published',1,'Botble\\ACL\\Models\\User',NULL,0,0,0,'2025-08-02 02:15:16','2025-08-02 02:15:16'),(2,'Fashion',0,'Quaerat facere doloremque doloremque aperiam molestias ut. Omnis quia voluptas aperiam qui. Ab perspiciatis quo qui et. Animi corrupti sed rerum exercitationem modi ut.','published',1,'Botble\\ACL\\Models\\User',NULL,0,1,0,'2025-08-02 02:15:16','2025-08-02 02:15:16'),(3,'Electronic',0,'Perspiciatis nam omnis ut voluptate perspiciatis. Fuga provident sapiente id est ducimus. Voluptas id et et ut. Non ut consequatur vel occaecati ducimus ut.','published',1,'Botble\\ACL\\Models\\User',NULL,0,1,0,'2025-08-02 02:15:16','2025-08-02 02:15:16'),(4,'Commercial',0,'Consequatur sint laboriosam totam reprehenderit quis quam quae. Eos amet est nobis et harum. Et repellendus impedit necessitatibus dolorum beatae veniam.','published',1,'Botble\\ACL\\Models\\User',NULL,0,1,0,'2025-08-02 02:15:16','2025-08-02 02:15:16');

--
-- Table structure for table `categories_translations`
--

CREATE TABLE `categories_translations` (
  `lang_code` varchar(20) COLLATE utf8mb4_unicode_ci NOT NULL,
  `categories_id` bigint unsigned NOT NULL,
  `name` varchar(191) COLLATE utf8mb4_unicode_ci DEFAULT NULL,
  `description` varchar(400) COLLATE utf8mb4_unicode_ci DEFAULT NULL,
  PRIMARY KEY (`lang_code`,`categories_id`)
) ENGINE=InnoDB DEFAULT CHARSET=utf8mb4 COLLATE=utf8mb4_unicode_ci;

--
-- Dumping data for table `categories_translations`
--


--
-- Table structure for table `cities`
--

CREATE TABLE `cities` (
  `id` bigint unsigned NOT NULL AUTO_INCREMENT,
  `name` varchar(120) COLLATE utf8mb4_unicode_ci NOT NULL,
  `slug` varchar(120) COLLATE utf8mb4_unicode_ci DEFAULT NULL,
  `state_id` bigint unsigned DEFAULT NULL,
  `country_id` bigint unsigned DEFAULT NULL,
  `record_id` varchar(40) COLLATE utf8mb4_unicode_ci DEFAULT NULL,
  `order` tinyint NOT NULL DEFAULT '0',
  `image` varchar(191) COLLATE utf8mb4_unicode_ci DEFAULT NULL,
  `is_default` tinyint unsigned NOT NULL DEFAULT '0',
  `status` varchar(60) COLLATE utf8mb4_unicode_ci NOT NULL DEFAULT 'published',
  `created_at` timestamp NULL DEFAULT NULL,
  `updated_at` timestamp NULL DEFAULT NULL,
  `zip_code` varchar(20) COLLATE utf8mb4_unicode_ci DEFAULT NULL,
  PRIMARY KEY (`id`),
  UNIQUE KEY `cities_slug_unique` (`slug`),
  KEY `idx_cities_name` (`name`),
  KEY `idx_cities_state_status` (`state_id`,`status`),
  KEY `idx_cities_status` (`status`),
  KEY `idx_cities_state_id` (`state_id`)
) ENGINE=InnoDB DEFAULT CHARSET=utf8mb4 COLLATE=utf8mb4_unicode_ci;

--
-- Dumping data for table `cities`
--


--
-- Table structure for table `cities_translations`
--

CREATE TABLE `cities_translations` (
  `lang_code` varchar(20) COLLATE utf8mb4_unicode_ci NOT NULL,
  `cities_id` bigint unsigned NOT NULL,
  `name` varchar(120) COLLATE utf8mb4_unicode_ci DEFAULT NULL,
  `slug` varchar(120) COLLATE utf8mb4_unicode_ci DEFAULT NULL,
  PRIMARY KEY (`lang_code`,`cities_id`),
  KEY `idx_cities_trans_city_lang` (`cities_id`,`lang_code`),
  KEY `idx_cities_trans_name` (`name`),
  KEY `idx_cities_trans_cities_id` (`cities_id`)
) ENGINE=InnoDB DEFAULT CHARSET=utf8mb4 COLLATE=utf8mb4_unicode_ci;

--
-- Dumping data for table `cities_translations`
--


--
-- Table structure for table `contact_custom_field_options`
--

CREATE TABLE `contact_custom_field_options` (
  `id` bigint unsigned NOT NULL AUTO_INCREMENT,
  `custom_field_id` bigint unsigned NOT NULL,
  `label` varchar(191) COLLATE utf8mb4_unicode_ci DEFAULT NULL,
  `value` varchar(191) COLLATE utf8mb4_unicode_ci NOT NULL,
  `order` int NOT NULL DEFAULT '999',
  `created_at` timestamp NULL DEFAULT NULL,
  `updated_at` timestamp NULL DEFAULT NULL,
  PRIMARY KEY (`id`)
) ENGINE=InnoDB DEFAULT CHARSET=utf8mb4 COLLATE=utf8mb4_unicode_ci;

--
-- Dumping data for table `contact_custom_field_options`
--


--
-- Table structure for table `contact_custom_field_options_translations`
--

CREATE TABLE `contact_custom_field_options_translations` (
  `contact_custom_field_options_id` bigint unsigned NOT NULL,
  `lang_code` varchar(191) COLLATE utf8mb4_unicode_ci NOT NULL,
  `label` varchar(191) COLLATE utf8mb4_unicode_ci DEFAULT NULL,
  `value` varchar(191) COLLATE utf8mb4_unicode_ci DEFAULT NULL,
  PRIMARY KEY (`lang_code`,`contact_custom_field_options_id`)
) ENGINE=InnoDB DEFAULT CHARSET=utf8mb4 COLLATE=utf8mb4_unicode_ci;

--
-- Dumping data for table `contact_custom_field_options_translations`
--


--
-- Table structure for table `contact_custom_fields`
--

CREATE TABLE `contact_custom_fields` (
  `id` bigint unsigned NOT NULL AUTO_INCREMENT,
  `type` varchar(191) COLLATE utf8mb4_unicode_ci NOT NULL,
  `required` tinyint(1) NOT NULL DEFAULT '0',
  `name` varchar(191) COLLATE utf8mb4_unicode_ci NOT NULL,
  `placeholder` varchar(191) COLLATE utf8mb4_unicode_ci DEFAULT NULL,
  `order` int NOT NULL DEFAULT '999',
  `status` varchar(191) COLLATE utf8mb4_unicode_ci NOT NULL DEFAULT 'published',
  `created_at` timestamp NULL DEFAULT NULL,
  `updated_at` timestamp NULL DEFAULT NULL,
  PRIMARY KEY (`id`)
) ENGINE=InnoDB DEFAULT CHARSET=utf8mb4 COLLATE=utf8mb4_unicode_ci;

--
-- Dumping data for table `contact_custom_fields`
--


--
-- Table structure for table `contact_custom_fields_translations`
--

CREATE TABLE `contact_custom_fields_translations` (
  `contact_custom_fields_id` bigint unsigned NOT NULL,
  `lang_code` varchar(191) COLLATE utf8mb4_unicode_ci NOT NULL,
  `name` varchar(191) COLLATE utf8mb4_unicode_ci DEFAULT NULL,
  `placeholder` varchar(191) COLLATE utf8mb4_unicode_ci DEFAULT NULL,
  PRIMARY KEY (`lang_code`,`contact_custom_fields_id`)
) ENGINE=InnoDB DEFAULT CHARSET=utf8mb4 COLLATE=utf8mb4_unicode_ci;

--
-- Dumping data for table `contact_custom_fields_translations`
--


--
-- Table structure for table `contact_replies`
--

CREATE TABLE `contact_replies` (
  `id` bigint unsigned NOT NULL AUTO_INCREMENT,
  `message` longtext COLLATE utf8mb4_unicode_ci NOT NULL,
  `contact_id` bigint unsigned NOT NULL,
  `created_at` timestamp NULL DEFAULT NULL,
  `updated_at` timestamp NULL DEFAULT NULL,
  PRIMARY KEY (`id`)
) ENGINE=InnoDB DEFAULT CHARSET=utf8mb4 COLLATE=utf8mb4_unicode_ci;

--
-- Dumping data for table `contact_replies`
--


--
-- Table structure for table `contacts`
--

CREATE TABLE `contacts` (
  `id` bigint unsigned NOT NULL AUTO_INCREMENT,
  `name` varchar(60) COLLATE utf8mb4_unicode_ci NOT NULL,
  `email` varchar(60) COLLATE utf8mb4_unicode_ci DEFAULT NULL,
  `phone` varchar(60) COLLATE utf8mb4_unicode_ci DEFAULT NULL,
  `address` varchar(120) COLLATE utf8mb4_unicode_ci DEFAULT NULL,
  `subject` varchar(120) COLLATE utf8mb4_unicode_ci DEFAULT NULL,
  `content` longtext COLLATE utf8mb4_unicode_ci NOT NULL,
  `custom_fields` text COLLATE utf8mb4_unicode_ci,
  `status` varchar(60) COLLATE utf8mb4_unicode_ci NOT NULL DEFAULT 'unread',
  `created_at` timestamp NULL DEFAULT NULL,
  `updated_at` timestamp NULL DEFAULT NULL,
  PRIMARY KEY (`id`)
) ENGINE=InnoDB DEFAULT CHARSET=utf8mb4 COLLATE=utf8mb4_unicode_ci;

--
-- Dumping data for table `contacts`
--


--
-- Table structure for table `countries`
--

CREATE TABLE `countries` (
  `id` bigint unsigned NOT NULL AUTO_INCREMENT,
  `name` varchar(120) COLLATE utf8mb4_unicode_ci NOT NULL,
  `nationality` varchar(120) COLLATE utf8mb4_unicode_ci DEFAULT NULL,
  `order` tinyint NOT NULL DEFAULT '0',
  `image` varchar(191) COLLATE utf8mb4_unicode_ci DEFAULT NULL,
  `is_default` tinyint unsigned NOT NULL DEFAULT '0',
  `status` varchar(60) COLLATE utf8mb4_unicode_ci NOT NULL DEFAULT 'published',
  `created_at` timestamp NULL DEFAULT NULL,
  `updated_at` timestamp NULL DEFAULT NULL,
  `code` varchar(10) COLLATE utf8mb4_unicode_ci DEFAULT NULL,
  PRIMARY KEY (`id`),
  KEY `idx_countries_name` (`name`),
  KEY `idx_countries_status` (`status`)
) ENGINE=InnoDB DEFAULT CHARSET=utf8mb4 COLLATE=utf8mb4_unicode_ci;

--
-- Dumping data for table `countries`
--


--
-- Table structure for table `countries_translations`
--

CREATE TABLE `countries_translations` (
  `lang_code` varchar(20) COLLATE utf8mb4_unicode_ci NOT NULL,
  `countries_id` bigint unsigned NOT NULL,
  `name` varchar(120) COLLATE utf8mb4_unicode_ci DEFAULT NULL,
  `nationality` varchar(120) COLLATE utf8mb4_unicode_ci DEFAULT NULL,
  PRIMARY KEY (`lang_code`,`countries_id`),
  KEY `idx_countries_trans_country_lang` (`countries_id`,`lang_code`),
  KEY `idx_countries_trans_name` (`name`),
  KEY `idx_countries_trans_countries_id` (`countries_id`)
) ENGINE=InnoDB DEFAULT CHARSET=utf8mb4 COLLATE=utf8mb4_unicode_ci;

--
-- Dumping data for table `countries_translations`
--


--
-- Table structure for table `dashboard_widget_settings`
--

CREATE TABLE `dashboard_widget_settings` (
  `id` bigint unsigned NOT NULL AUTO_INCREMENT,
  `settings` text COLLATE utf8mb4_unicode_ci,
  `user_id` bigint unsigned NOT NULL,
  `widget_id` bigint unsigned NOT NULL,
  `order` tinyint unsigned NOT NULL DEFAULT '0',
  `status` tinyint unsigned NOT NULL DEFAULT '1',
  `created_at` timestamp NULL DEFAULT NULL,
  `updated_at` timestamp NULL DEFAULT NULL,
  PRIMARY KEY (`id`),
  KEY `dashboard_widget_settings_user_id_index` (`user_id`),
  KEY `dashboard_widget_settings_widget_id_index` (`widget_id`)
) ENGINE=InnoDB DEFAULT CHARSET=utf8mb4 COLLATE=utf8mb4_unicode_ci;

--
-- Dumping data for table `dashboard_widget_settings`
--


--
-- Table structure for table `dashboard_widgets`
--

CREATE TABLE `dashboard_widgets` (
  `id` bigint unsigned NOT NULL AUTO_INCREMENT,
  `name` varchar(120) COLLATE utf8mb4_unicode_ci NOT NULL,
  `created_at` timestamp NULL DEFAULT NULL,
  `updated_at` timestamp NULL DEFAULT NULL,
  PRIMARY KEY (`id`)
) ENGINE=InnoDB DEFAULT CHARSET=utf8mb4 COLLATE=utf8mb4_unicode_ci;

--
-- Dumping data for table `dashboard_widgets`
--


--
-- Table structure for table `ec_brands`
--

CREATE TABLE `ec_brands` (
  `id` bigint unsigned NOT NULL AUTO_INCREMENT,
  `name` varchar(191) COLLATE utf8mb4_unicode_ci NOT NULL,
  `description` mediumtext COLLATE utf8mb4_unicode_ci,
  `website` varchar(191) COLLATE utf8mb4_unicode_ci DEFAULT NULL,
  `logo` varchar(191) COLLATE utf8mb4_unicode_ci DEFAULT NULL,
  `status` varchar(60) COLLATE utf8mb4_unicode_ci NOT NULL DEFAULT 'published',
  `order` tinyint unsigned NOT NULL DEFAULT '0',
  `is_featured` tinyint unsigned NOT NULL DEFAULT '0',
  `created_at` timestamp NULL DEFAULT NULL,
  `updated_at` timestamp NULL DEFAULT NULL,
  PRIMARY KEY (`id`)
) ENGINE=InnoDB AUTO_INCREMENT=7 DEFAULT CHARSET=utf8mb4 COLLATE=utf8mb4_unicode_ci;

--
-- Dumping data for table `ec_brands`
--

INSERT INTO `ec_brands` VALUES (1,'Fashion live',NULL,NULL,'brands/brand-01.png','published',0,1,'2025-08-02 02:15:32','2025-08-02 02:15:32'),(2,'Hand crafted',NULL,NULL,'brands/brand-02.png','published',1,0,'2025-08-02 02:15:32','2025-08-02 02:15:32'),(3,'Mestonix',NULL,NULL,'brands/brand-03.png','published',2,1,'2025-08-02 02:15:32','2025-08-02 02:15:32'),(4,'Sunshine',NULL,NULL,'brands/brand-04.png','published',3,0,'2025-08-02 02:15:32','2025-08-02 02:15:32'),(5,'Pure',NULL,NULL,'brands/brand-05.png','published',4,0,'2025-08-02 02:15:32','2025-08-02 02:15:32'),(6,'Anfold',NULL,NULL,'brands/brand-06.png','published',5,1,'2025-08-02 02:15:32','2025-08-02 02:15:32');

--
-- Table structure for table `ec_brands_translations`
--

CREATE TABLE `ec_brands_translations` (
  `lang_code` varchar(191) COLLATE utf8mb4_unicode_ci NOT NULL,
  `ec_brands_id` bigint unsigned NOT NULL,
  `name` varchar(191) COLLATE utf8mb4_unicode_ci DEFAULT NULL,
  `description` mediumtext COLLATE utf8mb4_unicode_ci,
  PRIMARY KEY (`lang_code`,`ec_brands_id`)
) ENGINE=InnoDB DEFAULT CHARSET=utf8mb4 COLLATE=utf8mb4_unicode_ci;

--
-- Dumping data for table `ec_brands_translations`
--


--
-- Table structure for table `ec_cart`
--

CREATE TABLE `ec_cart` (
  `identifier` varchar(60) COLLATE utf8mb4_unicode_ci NOT NULL,
  `instance` varchar(60) COLLATE utf8mb4_unicode_ci NOT NULL,
  `content` longtext COLLATE utf8mb4_unicode_ci NOT NULL,
  `created_at` timestamp NULL DEFAULT NULL,
  `updated_at` timestamp NULL DEFAULT NULL,
  PRIMARY KEY (`identifier`,`instance`)
) ENGINE=InnoDB DEFAULT CHARSET=utf8mb4 COLLATE=utf8mb4_unicode_ci;

--
-- Dumping data for table `ec_cart`
--


--
-- Table structure for table `ec_currencies`
--

CREATE TABLE `ec_currencies` (
  `id` bigint unsigned NOT NULL AUTO_INCREMENT,
  `title` varchar(191) COLLATE utf8mb4_unicode_ci NOT NULL,
  `symbol` varchar(10) COLLATE utf8mb4_unicode_ci NOT NULL,
  `is_prefix_symbol` tinyint unsigned NOT NULL DEFAULT '0',
  `decimals` tinyint unsigned DEFAULT '0',
  `order` int unsigned DEFAULT '0',
  `is_default` tinyint NOT NULL DEFAULT '0',
  `exchange_rate` double NOT NULL DEFAULT '1',
  `created_at` timestamp NULL DEFAULT NULL,
  `updated_at` timestamp NULL DEFAULT NULL,
  PRIMARY KEY (`id`)
) ENGINE=InnoDB AUTO_INCREMENT=5 DEFAULT CHARSET=utf8mb4 COLLATE=utf8mb4_unicode_ci;

--
-- Dumping data for table `ec_currencies`
--

INSERT INTO `ec_currencies` VALUES (1,'USD','$',1,2,0,1,1,'2025-08-02 02:15:12','2025-08-02 02:15:12'),(2,'EUR','€',0,2,1,0,0.84,'2025-08-02 02:15:12','2025-08-02 02:15:12'),(3,'VND','₫',0,0,2,0,23203,'2025-08-02 02:15:12','2025-08-02 02:15:12'),(4,'NGN','₦',1,2,2,0,895.52,'2025-08-02 02:15:12','2025-08-02 02:15:12');

--
-- Table structure for table `ec_customer_addresses`
--

CREATE TABLE `ec_customer_addresses` (
  `id` bigint unsigned NOT NULL AUTO_INCREMENT,
  `name` varchar(191) COLLATE utf8mb4_unicode_ci NOT NULL,
  `email` varchar(60) COLLATE utf8mb4_unicode_ci DEFAULT NULL,
  `phone` varchar(20) COLLATE utf8mb4_unicode_ci DEFAULT NULL,
  `country` varchar(120) COLLATE utf8mb4_unicode_ci DEFAULT NULL,
  `state` varchar(120) COLLATE utf8mb4_unicode_ci DEFAULT NULL,
  `city` varchar(120) COLLATE utf8mb4_unicode_ci DEFAULT NULL,
  `address` varchar(191) COLLATE utf8mb4_unicode_ci DEFAULT NULL,
  `customer_id` bigint unsigned NOT NULL,
  `is_default` tinyint unsigned NOT NULL DEFAULT '0',
  `created_at` timestamp NULL DEFAULT NULL,
  `updated_at` timestamp NULL DEFAULT NULL,
  `zip_code` varchar(20) COLLATE utf8mb4_unicode_ci DEFAULT NULL,
  PRIMARY KEY (`id`)
) ENGINE=InnoDB AUTO_INCREMENT=13 DEFAULT CHARSET=utf8mb4 COLLATE=utf8mb4_unicode_ci;

--
-- Dumping data for table `ec_customer_addresses`
--

INSERT INTO `ec_customer_addresses` VALUES (1,'Mr. Louisa Jacobson','customer@botble.com','+19897580600','CK','Mississippi','Velmaberg','3178 Ally Ramp',1,1,'2025-08-02 02:15:49','2025-08-02 02:15:49','60073-1480'),(2,'Mr. Louisa Jacobson','customer@botble.com','+12094193659','DK','Massachusetts','Alexandriaberg','3113 Cronin Parks Apt. 337',1,0,'2025-08-02 02:15:49','2025-08-02 02:15:49','26002-3274'),(3,'Jesus Blick MD','john.smith@botble.com','+13102877054','EC','California','East Muhammadville','609 Carter Meadow Apt. 128',2,1,'2025-08-02 02:15:49','2025-08-02 02:15:49','89055'),(4,'Jesus Blick MD','john.smith@botble.com','+15407760432','TG','Oklahoma','Trevionshire','3030 Crooks Coves Suite 698',2,0,'2025-08-02 02:15:49','2025-08-02 02:15:49','82247-9062'),(5,'Ms. Janae Kulas','cordelia.mckenzie@example.com','+13523666632','TF','New Mexico','Hellerfort','62527 Chesley Fields',3,1,'2025-08-02 02:15:49','2025-08-02 02:15:49','11386-9411'),(6,'Hosea Gaylord I','miller.cecilia@example.com','+13619928419','SL','Maine','West Trudie','573 DuBuque Pines',4,1,'2025-08-02 02:15:49','2025-08-02 02:15:49','86449'),(7,'Annetta Torphy DVM','edd.cole@example.net','+15855756061','BD','West Virginia','Ratkebury','896 DuBuque Ford Suite 204',5,1,'2025-08-02 02:15:49','2025-08-02 02:15:49','45789-0231'),(8,'Therese Collier','jevon77@example.org','+12172903536','BF','Connecticut','Lueilwitzborough','53141 Dasia Springs',6,1,'2025-08-02 02:15:50','2025-08-02 02:15:50','98151'),(9,'Jewel Rempel','felicity73@example.org','+14306010018','GH','Washington','Granthaven','325 Leffler Parks',7,1,'2025-08-02 02:15:50','2025-08-02 02:15:50','29648'),(10,'Dan Paucek','roberto33@example.org','+16092192618','DK','New York','Wittingtown','80346 Reagan Highway',8,1,'2025-08-02 02:15:50','2025-08-02 02:15:50','59523-9927'),(11,'Elroy Rice Jr.','hayes.noemie@example.org','+13519515944','SS','Oklahoma','New Wilfredo','664 Stehr Squares',9,1,'2025-08-02 02:15:50','2025-08-02 02:15:50','09835-1556'),(12,'Alexandra Lubowitz','dmueller@example.org','+15613957206','MR','Massachusetts','Lake Magali','682 Howell Lakes',10,1,'2025-08-02 02:15:51','2025-08-02 02:15:51','63925-9417');

--
-- Table structure for table `ec_customer_recently_viewed_products`
--

CREATE TABLE `ec_customer_recently_viewed_products` (
  `id` bigint unsigned NOT NULL AUTO_INCREMENT,
  `customer_id` bigint unsigned NOT NULL,
  `product_id` bigint unsigned NOT NULL,
  PRIMARY KEY (`id`)
) ENGINE=InnoDB DEFAULT CHARSET=utf8mb4 COLLATE=utf8mb4_unicode_ci;

--
-- Dumping data for table `ec_customer_recently_viewed_products`
--


--
-- Table structure for table `ec_customer_used_coupons`
--

CREATE TABLE `ec_customer_used_coupons` (
  `discount_id` bigint unsigned NOT NULL,
  `customer_id` bigint unsigned NOT NULL,
  PRIMARY KEY (`discount_id`,`customer_id`)
) ENGINE=InnoDB DEFAULT CHARSET=utf8mb4 COLLATE=utf8mb4_unicode_ci;

--
-- Dumping data for table `ec_customer_used_coupons`
--


--
-- Table structure for table `ec_discount_customers`
--

CREATE TABLE `ec_discount_customers` (
  `discount_id` bigint unsigned NOT NULL,
  `customer_id` bigint unsigned NOT NULL,
  PRIMARY KEY (`discount_id`,`customer_id`)
) ENGINE=InnoDB DEFAULT CHARSET=utf8mb4 COLLATE=utf8mb4_unicode_ci;

--
-- Dumping data for table `ec_discount_customers`
--


--
-- Table structure for table `ec_discount_product_categories`
--

CREATE TABLE `ec_discount_product_categories` (
  `discount_id` bigint unsigned NOT NULL,
  `product_category_id` bigint unsigned NOT NULL,
  PRIMARY KEY (`discount_id`,`product_category_id`)
) ENGINE=InnoDB DEFAULT CHARSET=utf8mb4 COLLATE=utf8mb4_unicode_ci;

--
-- Dumping data for table `ec_discount_product_categories`
--


--
-- Table structure for table `ec_discount_product_collections`
--

CREATE TABLE `ec_discount_product_collections` (
  `discount_id` bigint unsigned NOT NULL,
  `product_collection_id` bigint unsigned NOT NULL,
  PRIMARY KEY (`discount_id`,`product_collection_id`)
) ENGINE=InnoDB DEFAULT CHARSET=utf8mb4 COLLATE=utf8mb4_unicode_ci;

--
-- Dumping data for table `ec_discount_product_collections`
--


--
-- Table structure for table `ec_discount_products`
--

CREATE TABLE `ec_discount_products` (
  `discount_id` bigint unsigned NOT NULL,
  `product_id` bigint unsigned NOT NULL,
  PRIMARY KEY (`discount_id`,`product_id`)
) ENGINE=InnoDB DEFAULT CHARSET=utf8mb4 COLLATE=utf8mb4_unicode_ci;

--
-- Dumping data for table `ec_discount_products`
--


--
-- Table structure for table `ec_discounts`
--

CREATE TABLE `ec_discounts` (
  `id` bigint unsigned NOT NULL AUTO_INCREMENT,
  `title` varchar(120) COLLATE utf8mb4_unicode_ci DEFAULT NULL,
  `code` varchar(20) COLLATE utf8mb4_unicode_ci DEFAULT NULL,
  `start_date` datetime DEFAULT NULL,
  `end_date` datetime DEFAULT NULL,
  `quantity` int DEFAULT NULL,
  `total_used` int unsigned NOT NULL DEFAULT '0',
  `value` double DEFAULT NULL,
  `type` varchar(60) COLLATE utf8mb4_unicode_ci DEFAULT 'coupon',
  `can_use_with_promotion` tinyint(1) NOT NULL DEFAULT '0',
  `can_use_with_flash_sale` tinyint(1) NOT NULL DEFAULT '0',
  `discount_on` varchar(20) COLLATE utf8mb4_unicode_ci DEFAULT NULL,
  `product_quantity` int unsigned DEFAULT NULL,
  `type_option` varchar(100) COLLATE utf8mb4_unicode_ci NOT NULL DEFAULT 'amount',
  `target` varchar(100) COLLATE utf8mb4_unicode_ci NOT NULL DEFAULT 'all-orders',
  `min_order_price` decimal(15,2) DEFAULT NULL,
  `apply_via_url` tinyint(1) NOT NULL DEFAULT '0',
  `display_at_checkout` tinyint(1) NOT NULL DEFAULT '0',
  `created_at` timestamp NULL DEFAULT NULL,
  `updated_at` timestamp NULL DEFAULT NULL,
  `description` varchar(400) COLLATE utf8mb4_unicode_ci DEFAULT NULL,
  PRIMARY KEY (`id`),
  UNIQUE KEY `ec_discounts_code_unique` (`code`)
) ENGINE=InnoDB AUTO_INCREMENT=11 DEFAULT CHARSET=utf8mb4 COLLATE=utf8mb4_unicode_ci;

--
-- Dumping data for table `ec_discounts`
--

INSERT INTO `ec_discounts` VALUES (1,'Discount 1','ORMY36UHDUFV','2025-08-01 09:15:51','2025-08-08 09:15:51',NULL,0,556,'coupon',0,0,NULL,NULL,'shipping','all-orders',NULL,0,1,'2025-08-02 02:15:51','2025-08-02 02:15:51',NULL),(2,'Discount 2','3BEWBDFHFBZC','2025-08-01 09:15:51',NULL,NULL,0,37,'coupon',0,0,NULL,NULL,'percentage','all-orders',NULL,0,1,'2025-08-02 02:15:51','2025-08-02 02:15:51',NULL),(3,'Discount 3','URHYEUA2UZVK','2025-08-01 09:15:51','2025-08-25 09:15:51',NULL,0,625,'coupon',0,0,NULL,NULL,'amount','all-orders',NULL,0,1,'2025-08-02 02:15:51','2025-08-02 02:15:51',NULL),(4,'Discount 4','R2VY2BZXOHQ6','2025-08-01 09:15:51',NULL,NULL,0,541,'coupon',0,0,NULL,NULL,'same-price','all-orders',NULL,0,1,'2025-08-02 02:15:51','2025-08-02 02:15:51',NULL),(5,'Discount 5','JXEVVMJ7JMKQ','2025-08-01 09:15:51',NULL,NULL,0,892,'coupon',0,0,NULL,NULL,'shipping','all-orders',NULL,0,1,'2025-08-02 02:15:51','2025-08-02 02:15:51',NULL),(6,'Discount 6','AIS8UUC2C4EY','2025-08-01 09:15:51',NULL,NULL,0,762,'coupon',0,0,NULL,NULL,'amount','all-orders',NULL,0,1,'2025-08-02 02:15:51','2025-08-02 02:15:51',NULL),(7,'Discount 7','PD89ZN8TTWAH','2025-08-01 09:15:51','2025-09-01 09:15:51',NULL,0,48,'coupon',0,0,NULL,NULL,'percentage','all-orders',NULL,0,1,'2025-08-02 02:15:51','2025-08-02 02:15:51',NULL),(8,'Discount 8','ALOG8UUHA9JF','2025-08-01 09:15:51','2025-08-10 09:15:51',NULL,0,239,'coupon',0,0,NULL,NULL,'same-price','all-orders',NULL,0,1,'2025-08-02 02:15:51','2025-08-02 02:15:51',NULL),(9,'Discount 9','G2NLTPA05IBL','2025-08-01 09:15:51',NULL,NULL,0,576,'coupon',0,0,NULL,NULL,'shipping','all-orders',NULL,0,1,'2025-08-02 02:15:51','2025-08-02 02:15:51',NULL),(10,'Discount 10','39HHEDBMF9UW','2025-08-01 09:15:51','2025-08-31 09:15:51',NULL,0,135,'coupon',0,0,NULL,NULL,'same-price','all-orders',NULL,0,1,'2025-08-02 02:15:51','2025-08-02 02:15:51',NULL);

--
-- Table structure for table `ec_flash_sale_products`
--

CREATE TABLE `ec_flash_sale_products` (
  `flash_sale_id` bigint unsigned NOT NULL,
  `product_id` bigint unsigned NOT NULL,
  `price` double unsigned DEFAULT NULL,
  `quantity` int unsigned DEFAULT NULL,
  `sold` int unsigned NOT NULL DEFAULT '0'
) ENGINE=InnoDB DEFAULT CHARSET=utf8mb4 COLLATE=utf8mb4_unicode_ci;

--
-- Dumping data for table `ec_flash_sale_products`
--

INSERT INTO `ec_flash_sale_products` VALUES (1,1,186.24,12,5),(1,2,128.48,18,1),(1,3,189.9,6,1),(1,4,221.564,16,1),(1,5,184.8,14,4),(1,6,334.17,6,3),(1,7,214.76,20,4),(1,8,82.49,18,2),(1,9,121.5,12,5),(1,10,308.76,14,5),(2,1,100,10,5);

--
-- Table structure for table `ec_flash_sales`
--

CREATE TABLE `ec_flash_sales` (
  `id` bigint unsigned NOT NULL AUTO_INCREMENT,
  `name` varchar(191) COLLATE utf8mb4_unicode_ci NOT NULL,
  `end_date` datetime NOT NULL,
  `status` varchar(60) COLLATE utf8mb4_unicode_ci NOT NULL DEFAULT 'published',
  `created_at` timestamp NULL DEFAULT NULL,
  `updated_at` timestamp NULL DEFAULT NULL,
  PRIMARY KEY (`id`)
) ENGINE=InnoDB AUTO_INCREMENT=3 DEFAULT CHARSET=utf8mb4 COLLATE=utf8mb4_unicode_ci;

--
-- Dumping data for table `ec_flash_sales`
--

INSERT INTO `ec_flash_sales` VALUES (1,'Winter Sale','2025-11-27 00:00:00','published','2025-08-02 02:15:51','2025-08-02 02:15:51'),(2,'Cosmetics Sale','2026-03-26 00:00:00','published','2025-08-02 02:15:51','2025-08-02 02:15:51');

--
-- Table structure for table `ec_flash_sales_translations`
--

CREATE TABLE `ec_flash_sales_translations` (
  `lang_code` varchar(191) COLLATE utf8mb4_unicode_ci NOT NULL,
  `ec_flash_sales_id` bigint unsigned NOT NULL,
  `name` varchar(191) COLLATE utf8mb4_unicode_ci DEFAULT NULL,
  PRIMARY KEY (`lang_code`,`ec_flash_sales_id`)
) ENGINE=InnoDB DEFAULT CHARSET=utf8mb4 COLLATE=utf8mb4_unicode_ci;

--
-- Dumping data for table `ec_flash_sales_translations`
--


--
-- Table structure for table `ec_global_option_value`
--

CREATE TABLE `ec_global_option_value` (
  `id` bigint unsigned NOT NULL AUTO_INCREMENT,
  `option_id` bigint unsigned NOT NULL COMMENT 'option id',
  `option_value` tinytext COLLATE utf8mb4_unicode_ci COMMENT 'option value',
  `affect_price` double DEFAULT NULL COMMENT 'value of price of this option affect',
  `order` int NOT NULL DEFAULT '9999',
  `affect_type` tinyint NOT NULL DEFAULT '0' COMMENT '0. fixed 1. percent',
  `created_at` timestamp NULL DEFAULT NULL,
  `updated_at` timestamp NULL DEFAULT NULL,
  PRIMARY KEY (`id`)
) ENGINE=InnoDB AUTO_INCREMENT=13 DEFAULT CHARSET=utf8mb4 COLLATE=utf8mb4_unicode_ci;

--
-- Dumping data for table `ec_global_option_value`
--

INSERT INTO `ec_global_option_value` VALUES (1,1,'1 Year',0,9999,0,'2025-08-02 02:15:33','2025-08-02 02:15:33'),(2,1,'2 Year',10,9999,0,'2025-08-02 02:15:33','2025-08-02 02:15:33'),(3,1,'3 Year',20,9999,0,'2025-08-02 02:15:33','2025-08-02 02:15:33'),(4,2,'4GB',0,9999,0,'2025-08-02 02:15:33','2025-08-02 02:15:33'),(5,2,'8GB',10,9999,0,'2025-08-02 02:15:33','2025-08-02 02:15:33'),(6,2,'16GB',20,9999,0,'2025-08-02 02:15:33','2025-08-02 02:15:33'),(7,3,'Core i5',0,9999,0,'2025-08-02 02:15:33','2025-08-02 02:15:33'),(8,3,'Core i7',10,9999,0,'2025-08-02 02:15:33','2025-08-02 02:15:33'),(9,3,'Core i9',20,9999,0,'2025-08-02 02:15:33','2025-08-02 02:15:33'),(10,4,'128GB',0,9999,0,'2025-08-02 02:15:33','2025-08-02 02:15:33'),(11,4,'256GB',10,9999,0,'2025-08-02 02:15:33','2025-08-02 02:15:33'),(12,4,'512GB',20,9999,0,'2025-08-02 02:15:33','2025-08-02 02:15:33');

--
-- Table structure for table `ec_global_option_value_translations`
--

CREATE TABLE `ec_global_option_value_translations` (
  `lang_code` varchar(191) COLLATE utf8mb4_unicode_ci NOT NULL,
  `ec_global_option_value_id` bigint unsigned NOT NULL,
  `option_value` varchar(191) COLLATE utf8mb4_unicode_ci DEFAULT NULL,
  PRIMARY KEY (`lang_code`,`ec_global_option_value_id`)
) ENGINE=InnoDB DEFAULT CHARSET=utf8mb4 COLLATE=utf8mb4_unicode_ci;

--
-- Dumping data for table `ec_global_option_value_translations`
--


--
-- Table structure for table `ec_global_options`
--

CREATE TABLE `ec_global_options` (
  `id` bigint unsigned NOT NULL AUTO_INCREMENT,
  `name` varchar(191) COLLATE utf8mb4_unicode_ci NOT NULL COMMENT 'Name of options',
  `option_type` varchar(191) COLLATE utf8mb4_unicode_ci NOT NULL COMMENT 'option type',
  `required` tinyint(1) NOT NULL DEFAULT '0' COMMENT 'Checked if this option is required',
  `created_at` timestamp NULL DEFAULT NULL,
  `updated_at` timestamp NULL DEFAULT NULL,
  PRIMARY KEY (`id`)
) ENGINE=InnoDB AUTO_INCREMENT=5 DEFAULT CHARSET=utf8mb4 COLLATE=utf8mb4_unicode_ci;

--
-- Dumping data for table `ec_global_options`
--

INSERT INTO `ec_global_options` VALUES (1,'Warranty','Botble\\Ecommerce\\Option\\OptionType\\RadioButton',1,'2025-08-02 02:15:33','2025-08-02 02:15:33'),(2,'RAM','Botble\\Ecommerce\\Option\\OptionType\\RadioButton',1,'2025-08-02 02:15:33','2025-08-02 02:15:33'),(3,'CPU','Botble\\Ecommerce\\Option\\OptionType\\RadioButton',1,'2025-08-02 02:15:33','2025-08-02 02:15:33'),(4,'HDD','Botble\\Ecommerce\\Option\\OptionType\\Dropdown',0,'2025-08-02 02:15:33','2025-08-02 02:15:33');

--
-- Table structure for table `ec_global_options_translations`
--

CREATE TABLE `ec_global_options_translations` (
  `lang_code` varchar(191) COLLATE utf8mb4_unicode_ci NOT NULL,
  `ec_global_options_id` bigint unsigned NOT NULL,
  `name` varchar(191) COLLATE utf8mb4_unicode_ci DEFAULT NULL,
  PRIMARY KEY (`lang_code`,`ec_global_options_id`)
) ENGINE=InnoDB DEFAULT CHARSET=utf8mb4 COLLATE=utf8mb4_unicode_ci;

--
-- Dumping data for table `ec_global_options_translations`
--


--
-- Table structure for table `ec_grouped_products`
--

CREATE TABLE `ec_grouped_products` (
  `id` bigint unsigned NOT NULL AUTO_INCREMENT,
  `parent_product_id` bigint unsigned NOT NULL,
  `product_id` bigint unsigned NOT NULL,
  `fixed_qty` int NOT NULL DEFAULT '1',
  PRIMARY KEY (`id`)
) ENGINE=InnoDB DEFAULT CHARSET=utf8mb4 COLLATE=utf8mb4_unicode_ci;

--
-- Dumping data for table `ec_grouped_products`
--


--
-- Table structure for table `ec_invoice_items`
--

CREATE TABLE `ec_invoice_items` (
  `id` bigint unsigned NOT NULL AUTO_INCREMENT,
  `invoice_id` bigint unsigned NOT NULL,
  `reference_type` varchar(191) COLLATE utf8mb4_unicode_ci NOT NULL,
  `reference_id` bigint unsigned NOT NULL,
  `name` varchar(191) COLLATE utf8mb4_unicode_ci NOT NULL,
  `description` varchar(400) COLLATE utf8mb4_unicode_ci DEFAULT NULL,
  `image` varchar(191) COLLATE utf8mb4_unicode_ci DEFAULT NULL,
  `qty` int unsigned NOT NULL,
  `price` decimal(15,2) NOT NULL DEFAULT '0.00',
  `sub_total` decimal(15,2) unsigned NOT NULL,
  `tax_amount` decimal(15,2) unsigned NOT NULL DEFAULT '0.00',
  `discount_amount` decimal(15,2) unsigned NOT NULL DEFAULT '0.00',
  `amount` decimal(15,2) unsigned NOT NULL,
  `options` text COLLATE utf8mb4_unicode_ci,
  `created_at` timestamp NULL DEFAULT NULL,
  `updated_at` timestamp NULL DEFAULT NULL,
  PRIMARY KEY (`id`),
  KEY `ec_invoice_items_reference_type_reference_id_index` (`reference_type`,`reference_id`)
) ENGINE=InnoDB DEFAULT CHARSET=utf8mb4 COLLATE=utf8mb4_unicode_ci;

--
-- Dumping data for table `ec_invoice_items`
--


--
-- Table structure for table `ec_invoices`
--

CREATE TABLE `ec_invoices` (
  `id` bigint unsigned NOT NULL AUTO_INCREMENT,
  `reference_type` varchar(191) COLLATE utf8mb4_unicode_ci NOT NULL,
  `reference_id` bigint unsigned NOT NULL,
  `code` varchar(191) COLLATE utf8mb4_unicode_ci NOT NULL,
  `customer_name` varchar(191) COLLATE utf8mb4_unicode_ci DEFAULT NULL,
  `company_name` varchar(191) COLLATE utf8mb4_unicode_ci DEFAULT NULL,
  `company_logo` varchar(191) COLLATE utf8mb4_unicode_ci DEFAULT NULL,
  `customer_email` varchar(191) COLLATE utf8mb4_unicode_ci DEFAULT NULL,
  `customer_phone` varchar(191) COLLATE utf8mb4_unicode_ci DEFAULT NULL,
  `customer_address` varchar(191) COLLATE utf8mb4_unicode_ci DEFAULT NULL,
  `customer_country` varchar(191) COLLATE utf8mb4_unicode_ci DEFAULT NULL,
  `customer_state` varchar(191) COLLATE utf8mb4_unicode_ci DEFAULT NULL,
  `customer_city` varchar(191) COLLATE utf8mb4_unicode_ci DEFAULT NULL,
  `customer_zip_code` varchar(191) COLLATE utf8mb4_unicode_ci DEFAULT NULL,
  `customer_address_line` varchar(191) COLLATE utf8mb4_unicode_ci DEFAULT NULL,
  `customer_tax_id` varchar(191) COLLATE utf8mb4_unicode_ci DEFAULT NULL,
  `sub_total` decimal(15,2) unsigned NOT NULL,
  `tax_amount` decimal(15,2) DEFAULT '0.00',
  `shipping_amount` decimal(15,2) unsigned NOT NULL DEFAULT '0.00',
  `payment_fee` decimal(15,2) DEFAULT '0.00',
  `discount_amount` decimal(15,2) unsigned NOT NULL DEFAULT '0.00',
  `shipping_option` varchar(60) COLLATE utf8mb4_unicode_ci DEFAULT NULL,
  `shipping_method` varchar(60) COLLATE utf8mb4_unicode_ci NOT NULL DEFAULT 'default',
  `coupon_code` varchar(120) COLLATE utf8mb4_unicode_ci DEFAULT NULL,
  `discount_description` varchar(191) COLLATE utf8mb4_unicode_ci DEFAULT NULL,
  `amount` decimal(15,2) unsigned NOT NULL,
  `description` text COLLATE utf8mb4_unicode_ci,
  `payment_id` bigint unsigned DEFAULT NULL,
  `status` varchar(191) COLLATE utf8mb4_unicode_ci NOT NULL DEFAULT 'pending',
  `paid_at` timestamp NULL DEFAULT NULL,
  `created_at` timestamp NULL DEFAULT NULL,
  `updated_at` timestamp NULL DEFAULT NULL,
  PRIMARY KEY (`id`),
  UNIQUE KEY `ec_invoices_code_unique` (`code`),
  KEY `ec_invoices_reference_type_reference_id_index` (`reference_type`,`reference_id`),
  KEY `ec_invoices_payment_id_index` (`payment_id`),
  KEY `ec_invoices_status_index` (`status`)
) ENGINE=InnoDB DEFAULT CHARSET=utf8mb4 COLLATE=utf8mb4_unicode_ci;

--
-- Dumping data for table `ec_invoices`
--


--
-- Table structure for table `ec_option_value`
--

CREATE TABLE `ec_option_value` (
  `id` bigint unsigned NOT NULL AUTO_INCREMENT,
  `option_id` bigint unsigned NOT NULL COMMENT 'option id',
  `option_value` tinytext COLLATE utf8mb4_unicode_ci COMMENT 'option value',
  `affect_price` double DEFAULT NULL COMMENT 'value of price of this option affect',
  `order` int NOT NULL DEFAULT '9999',
  `affect_type` tinyint NOT NULL DEFAULT '0' COMMENT '0. fixed 1. percent',
  `created_at` timestamp NULL DEFAULT NULL,
  `updated_at` timestamp NULL DEFAULT NULL,
  PRIMARY KEY (`id`)
) ENGINE=InnoDB DEFAULT CHARSET=utf8mb4 COLLATE=utf8mb4_unicode_ci;

--
-- Dumping data for table `ec_option_value`
--


--
-- Table structure for table `ec_option_value_translations`
--

CREATE TABLE `ec_option_value_translations` (
  `lang_code` varchar(191) COLLATE utf8mb4_unicode_ci NOT NULL,
  `ec_option_value_id` bigint unsigned NOT NULL,
  `option_value` varchar(191) COLLATE utf8mb4_unicode_ci DEFAULT NULL,
  PRIMARY KEY (`lang_code`,`ec_option_value_id`)
) ENGINE=InnoDB DEFAULT CHARSET=utf8mb4 COLLATE=utf8mb4_unicode_ci;

--
-- Dumping data for table `ec_option_value_translations`
--


--
-- Table structure for table `ec_options`
--

CREATE TABLE `ec_options` (
  `id` bigint unsigned NOT NULL AUTO_INCREMENT,
  `name` varchar(191) COLLATE utf8mb4_unicode_ci NOT NULL COMMENT 'Name of options',
  `option_type` varchar(191) COLLATE utf8mb4_unicode_ci DEFAULT NULL COMMENT 'option type',
  `product_id` bigint unsigned NOT NULL DEFAULT '0',
  `order` int NOT NULL DEFAULT '9999',
  `required` tinyint(1) NOT NULL DEFAULT '0' COMMENT 'Checked if this option is required',
  `created_at` timestamp NULL DEFAULT NULL,
  `updated_at` timestamp NULL DEFAULT NULL,
  PRIMARY KEY (`id`)
) ENGINE=InnoDB DEFAULT CHARSET=utf8mb4 COLLATE=utf8mb4_unicode_ci;

--
-- Dumping data for table `ec_options`
--


--
-- Table structure for table `ec_options_translations`
--

CREATE TABLE `ec_options_translations` (
  `lang_code` varchar(191) COLLATE utf8mb4_unicode_ci NOT NULL,
  `ec_options_id` bigint unsigned NOT NULL,
  `name` varchar(191) COLLATE utf8mb4_unicode_ci DEFAULT NULL,
  PRIMARY KEY (`lang_code`,`ec_options_id`)
) ENGINE=InnoDB DEFAULT CHARSET=utf8mb4 COLLATE=utf8mb4_unicode_ci;

--
-- Dumping data for table `ec_options_translations`
--


--
-- Table structure for table `ec_order_addresses`
--

CREATE TABLE `ec_order_addresses` (
  `id` bigint unsigned NOT NULL AUTO_INCREMENT,
  `name` varchar(191) COLLATE utf8mb4_unicode_ci NOT NULL,
  `phone` varchar(20) COLLATE utf8mb4_unicode_ci DEFAULT NULL,
  `email` varchar(191) COLLATE utf8mb4_unicode_ci DEFAULT NULL,
  `country` varchar(120) COLLATE utf8mb4_unicode_ci DEFAULT NULL,
  `state` varchar(120) COLLATE utf8mb4_unicode_ci DEFAULT NULL,
  `city` varchar(120) COLLATE utf8mb4_unicode_ci DEFAULT NULL,
  `address` varchar(191) COLLATE utf8mb4_unicode_ci DEFAULT NULL,
  `order_id` bigint unsigned NOT NULL,
  `zip_code` varchar(20) COLLATE utf8mb4_unicode_ci DEFAULT NULL,
  `type` varchar(60) COLLATE utf8mb4_unicode_ci NOT NULL DEFAULT 'shipping_address',
  PRIMARY KEY (`id`)
) ENGINE=InnoDB DEFAULT CHARSET=utf8mb4 COLLATE=utf8mb4_unicode_ci;

--
-- Dumping data for table `ec_order_addresses`
--


--
-- Table structure for table `ec_order_histories`
--

CREATE TABLE `ec_order_histories` (
  `id` bigint unsigned NOT NULL AUTO_INCREMENT,
  `action` varchar(120) COLLATE utf8mb4_unicode_ci NOT NULL,
  `description` varchar(400) COLLATE utf8mb4_unicode_ci DEFAULT NULL,
  `user_id` bigint unsigned DEFAULT NULL,
  `order_id` bigint unsigned NOT NULL,
  `extras` text COLLATE utf8mb4_unicode_ci,
  `created_at` timestamp NULL DEFAULT NULL,
  `updated_at` timestamp NULL DEFAULT NULL,
  PRIMARY KEY (`id`)
) ENGINE=InnoDB DEFAULT CHARSET=utf8mb4 COLLATE=utf8mb4_unicode_ci;

--
-- Dumping data for table `ec_order_histories`
--


--
-- Table structure for table `ec_order_product`
--

CREATE TABLE `ec_order_product` (
  `id` bigint unsigned NOT NULL AUTO_INCREMENT,
  `order_id` bigint unsigned NOT NULL,
  `qty` int NOT NULL,
  `price` decimal(15,2) NOT NULL,
  `tax_amount` decimal(15,2) DEFAULT '0.00',
  `options` text COLLATE utf8mb4_unicode_ci,
  `product_options` text COLLATE utf8mb4_unicode_ci COMMENT 'product option data',
  `product_id` bigint unsigned DEFAULT NULL,
  `product_name` varchar(191) COLLATE utf8mb4_unicode_ci NOT NULL,
  `product_image` varchar(191) COLLATE utf8mb4_unicode_ci DEFAULT NULL,
  `weight` double DEFAULT '0',
  `restock_quantity` int unsigned DEFAULT '0',
  `created_at` timestamp NULL DEFAULT NULL,
  `updated_at` timestamp NULL DEFAULT NULL,
  `product_type` varchar(60) COLLATE utf8mb4_unicode_ci NOT NULL DEFAULT 'physical',
  `times_downloaded` int NOT NULL DEFAULT '0',
  `license_code` text COLLATE utf8mb4_unicode_ci,
  `downloaded_at` timestamp NULL DEFAULT NULL,
  PRIMARY KEY (`id`)
) ENGINE=InnoDB DEFAULT CHARSET=utf8mb4 COLLATE=utf8mb4_unicode_ci;

--
-- Dumping data for table `ec_order_product`
--


--
-- Table structure for table `ec_order_referrals`
--

CREATE TABLE `ec_order_referrals` (
  `id` bigint unsigned NOT NULL AUTO_INCREMENT,
  `ip` varchar(39) COLLATE utf8mb4_unicode_ci DEFAULT NULL,
  `landing_domain` varchar(191) COLLATE utf8mb4_unicode_ci DEFAULT NULL,
  `landing_page` varchar(191) COLLATE utf8mb4_unicode_ci DEFAULT NULL,
  `landing_params` varchar(191) COLLATE utf8mb4_unicode_ci DEFAULT NULL,
  `referral` varchar(191) COLLATE utf8mb4_unicode_ci DEFAULT NULL,
  `gclid` varchar(191) COLLATE utf8mb4_unicode_ci DEFAULT NULL,
  `fclid` varchar(191) COLLATE utf8mb4_unicode_ci DEFAULT NULL,
  `utm_source` varchar(191) COLLATE utf8mb4_unicode_ci DEFAULT NULL,
  `utm_campaign` varchar(191) COLLATE utf8mb4_unicode_ci DEFAULT NULL,
  `utm_medium` varchar(191) COLLATE utf8mb4_unicode_ci DEFAULT NULL,
  `utm_term` varchar(191) COLLATE utf8mb4_unicode_ci DEFAULT NULL,
  `utm_content` varchar(191) COLLATE utf8mb4_unicode_ci DEFAULT NULL,
  `referrer_url` text COLLATE utf8mb4_unicode_ci,
  `referrer_domain` varchar(191) COLLATE utf8mb4_unicode_ci DEFAULT NULL,
  `order_id` bigint unsigned DEFAULT NULL,
  `created_at` timestamp NULL DEFAULT NULL,
  `updated_at` timestamp NULL DEFAULT NULL,
  PRIMARY KEY (`id`),
  KEY `ec_order_referrals_order_id_index` (`order_id`)
) ENGINE=InnoDB DEFAULT CHARSET=utf8mb4 COLLATE=utf8mb4_unicode_ci;

--
-- Dumping data for table `ec_order_referrals`
--


--
-- Table structure for table `ec_order_return_histories`
--

CREATE TABLE `ec_order_return_histories` (
  `id` bigint unsigned NOT NULL AUTO_INCREMENT,
  `user_id` bigint unsigned DEFAULT NULL,
  `order_return_id` bigint unsigned NOT NULL,
  `action` varchar(191) COLLATE utf8mb4_unicode_ci NOT NULL,
  `description` varchar(400) COLLATE utf8mb4_unicode_ci DEFAULT NULL,
  `reason` varchar(191) COLLATE utf8mb4_unicode_ci DEFAULT NULL,
  `created_at` timestamp NULL DEFAULT NULL,
  `updated_at` timestamp NULL DEFAULT NULL,
  PRIMARY KEY (`id`)
) ENGINE=InnoDB DEFAULT CHARSET=utf8mb4 COLLATE=utf8mb4_unicode_ci;

--
-- Dumping data for table `ec_order_return_histories`
--


--
-- Table structure for table `ec_order_return_items`
--

CREATE TABLE `ec_order_return_items` (
  `id` bigint unsigned NOT NULL AUTO_INCREMENT,
  `order_return_id` bigint unsigned NOT NULL COMMENT 'Order return id',
  `order_product_id` bigint unsigned NOT NULL COMMENT 'Order product id',
  `product_id` bigint unsigned NOT NULL COMMENT 'Product id',
  `product_name` varchar(191) COLLATE utf8mb4_unicode_ci NOT NULL,
  `product_image` varchar(191) COLLATE utf8mb4_unicode_ci DEFAULT NULL,
  `qty` int NOT NULL COMMENT 'Quantity return',
  `price` decimal(15,2) NOT NULL COMMENT 'Price Product',
  `reason` text COLLATE utf8mb4_unicode_ci,
  `created_at` timestamp NULL DEFAULT NULL,
  `updated_at` timestamp NULL DEFAULT NULL,
  `refund_amount` decimal(12,2) DEFAULT '0.00',
  PRIMARY KEY (`id`)
) ENGINE=InnoDB DEFAULT CHARSET=utf8mb4 COLLATE=utf8mb4_unicode_ci;

--
-- Dumping data for table `ec_order_return_items`
--


--
-- Table structure for table `ec_order_returns`
--

CREATE TABLE `ec_order_returns` (
  `id` bigint unsigned NOT NULL AUTO_INCREMENT,
  `code` varchar(191) COLLATE utf8mb4_unicode_ci DEFAULT NULL,
  `order_id` bigint unsigned NOT NULL COMMENT 'Order ID',
  `store_id` bigint unsigned DEFAULT NULL COMMENT 'Store ID',
  `user_id` bigint unsigned NOT NULL COMMENT 'Customer ID',
  `reason` text COLLATE utf8mb4_unicode_ci COMMENT 'Reason return order',
  `order_status` varchar(191) COLLATE utf8mb4_unicode_ci DEFAULT NULL COMMENT 'Order current status',
  `return_status` varchar(191) COLLATE utf8mb4_unicode_ci NOT NULL COMMENT 'Return status',
  `created_at` timestamp NULL DEFAULT NULL,
  `updated_at` timestamp NULL DEFAULT NULL,
  PRIMARY KEY (`id`),
  UNIQUE KEY `ec_order_returns_code_unique` (`code`)
) ENGINE=InnoDB DEFAULT CHARSET=utf8mb4 COLLATE=utf8mb4_unicode_ci;

--
-- Dumping data for table `ec_order_returns`
--


--
-- Table structure for table `ec_order_tax_information`
--

CREATE TABLE `ec_order_tax_information` (
  `id` bigint unsigned NOT NULL AUTO_INCREMENT,
  `order_id` bigint unsigned NOT NULL,
  `company_name` varchar(120) COLLATE utf8mb4_unicode_ci NOT NULL,
  `company_address` varchar(191) COLLATE utf8mb4_unicode_ci NOT NULL,
  `company_tax_code` varchar(20) COLLATE utf8mb4_unicode_ci NOT NULL,
  `company_email` varchar(60) COLLATE utf8mb4_unicode_ci NOT NULL,
  `created_at` timestamp NULL DEFAULT NULL,
  `updated_at` timestamp NULL DEFAULT NULL,
  PRIMARY KEY (`id`),
  KEY `ec_order_tax_information_order_id_index` (`order_id`)
) ENGINE=InnoDB DEFAULT CHARSET=utf8mb4 COLLATE=utf8mb4_unicode_ci;

--
-- Dumping data for table `ec_order_tax_information`
--


--
-- Table structure for table `ec_product_attribute_sets`
--

CREATE TABLE `ec_product_attribute_sets` (
  `id` bigint unsigned NOT NULL AUTO_INCREMENT,
  `title` varchar(120) COLLATE utf8mb4_unicode_ci NOT NULL,
  `slug` varchar(120) COLLATE utf8mb4_unicode_ci DEFAULT NULL,
  `display_layout` varchar(191) COLLATE utf8mb4_unicode_ci NOT NULL DEFAULT 'dropdown',
  `is_searchable` tinyint unsigned NOT NULL DEFAULT '1',
  `is_comparable` tinyint unsigned NOT NULL DEFAULT '1',
  `is_use_in_product_listing` tinyint unsigned NOT NULL DEFAULT '0',
  `status` varchar(60) COLLATE utf8mb4_unicode_ci NOT NULL DEFAULT 'published',
  `order` tinyint unsigned NOT NULL DEFAULT '0',
  `created_at` timestamp NULL DEFAULT NULL,
  `updated_at` timestamp NULL DEFAULT NULL,
  `use_image_from_product_variation` tinyint unsigned NOT NULL DEFAULT '0',
  PRIMARY KEY (`id`),
  KEY `idx_order_id` (`order`,`id`)
) ENGINE=InnoDB AUTO_INCREMENT=3 DEFAULT CHARSET=utf8mb4 COLLATE=utf8mb4_unicode_ci;

--
-- Dumping data for table `ec_product_attribute_sets`
--

INSERT INTO `ec_product_attribute_sets` VALUES (1,'Color','color','visual',1,1,1,'published',0,'2025-08-02 02:15:32','2025-08-02 02:15:32',1),(2,'Size','size','text',1,1,1,'published',1,'2025-08-02 02:15:32','2025-08-02 02:15:32',0);

--
-- Table structure for table `ec_product_attribute_sets_translations`
--

CREATE TABLE `ec_product_attribute_sets_translations` (
  `lang_code` varchar(191) COLLATE utf8mb4_unicode_ci NOT NULL,
  `ec_product_attribute_sets_id` bigint unsigned NOT NULL,
  `title` varchar(191) COLLATE utf8mb4_unicode_ci DEFAULT NULL,
  PRIMARY KEY (`lang_code`,`ec_product_attribute_sets_id`)
) ENGINE=InnoDB DEFAULT CHARSET=utf8mb4 COLLATE=utf8mb4_unicode_ci;

--
-- Dumping data for table `ec_product_attribute_sets_translations`
--


--
-- Table structure for table `ec_product_attributes`
--

CREATE TABLE `ec_product_attributes` (
  `id` bigint unsigned NOT NULL AUTO_INCREMENT,
  `attribute_set_id` bigint unsigned NOT NULL,
  `title` varchar(120) COLLATE utf8mb4_unicode_ci NOT NULL,
  `slug` varchar(120) COLLATE utf8mb4_unicode_ci DEFAULT NULL,
  `color` varchar(120) COLLATE utf8mb4_unicode_ci DEFAULT NULL,
  `image` varchar(191) COLLATE utf8mb4_unicode_ci DEFAULT NULL,
  `is_default` tinyint unsigned NOT NULL DEFAULT '0',
  `order` tinyint unsigned NOT NULL DEFAULT '0',
  `created_at` timestamp NULL DEFAULT NULL,
  `updated_at` timestamp NULL DEFAULT NULL,
  PRIMARY KEY (`id`),
  KEY `attribute_set_status_index` (`attribute_set_id`),
  KEY `idx_attribute_set_id` (`attribute_set_id`),
  KEY `idx_attribute_set_order_id` (`attribute_set_id`,`order`,`id`)
) ENGINE=InnoDB AUTO_INCREMENT=11 DEFAULT CHARSET=utf8mb4 COLLATE=utf8mb4_unicode_ci;

--
-- Dumping data for table `ec_product_attributes`
--

INSERT INTO `ec_product_attributes` VALUES (1,1,'Green','green','#5FB7D4',NULL,1,1,'2025-08-02 02:15:33','2025-08-02 02:15:33'),(2,1,'Blue','blue','#333333',NULL,0,2,'2025-08-02 02:15:33','2025-08-02 02:15:33'),(3,1,'Red','red','#DA323F',NULL,0,3,'2025-08-02 02:15:33','2025-08-02 02:15:33'),(4,1,'Black','black','#2F366C',NULL,0,4,'2025-08-02 02:15:33','2025-08-02 02:15:33'),(5,1,'Brown','brown','#87554B',NULL,0,5,'2025-08-02 02:15:33','2025-08-02 02:15:33'),(6,2,'S','s',NULL,NULL,1,1,'2025-08-02 02:15:33','2025-08-02 02:15:33'),(7,2,'M','m',NULL,NULL,0,2,'2025-08-02 02:15:33','2025-08-02 02:15:33'),(8,2,'L','l',NULL,NULL,0,3,'2025-08-02 02:15:33','2025-08-02 02:15:33'),(9,2,'XL','xl',NULL,NULL,0,4,'2025-08-02 02:15:33','2025-08-02 02:15:33'),(10,2,'XXL','xxl',NULL,NULL,0,5,'2025-08-02 02:15:33','2025-08-02 02:15:33');

--
-- Table structure for table `ec_product_attributes_translations`
--

CREATE TABLE `ec_product_attributes_translations` (
  `lang_code` varchar(191) COLLATE utf8mb4_unicode_ci NOT NULL,
  `ec_product_attributes_id` bigint unsigned NOT NULL,
  `title` varchar(191) COLLATE utf8mb4_unicode_ci DEFAULT NULL,
  PRIMARY KEY (`lang_code`,`ec_product_attributes_id`)
) ENGINE=InnoDB DEFAULT CHARSET=utf8mb4 COLLATE=utf8mb4_unicode_ci;

--
-- Dumping data for table `ec_product_attributes_translations`
--


--
-- Table structure for table `ec_product_categories`
--

CREATE TABLE `ec_product_categories` (
  `id` bigint unsigned NOT NULL AUTO_INCREMENT,
  `name` varchar(191) COLLATE utf8mb4_unicode_ci NOT NULL,
  `parent_id` bigint unsigned NOT NULL DEFAULT '0',
  `description` mediumtext COLLATE utf8mb4_unicode_ci,
  `status` varchar(60) COLLATE utf8mb4_unicode_ci NOT NULL DEFAULT 'published',
  `order` int unsigned NOT NULL DEFAULT '0',
  `image` varchar(191) COLLATE utf8mb4_unicode_ci DEFAULT NULL,
  `is_featured` tinyint unsigned NOT NULL DEFAULT '0',
  `created_at` timestamp NULL DEFAULT NULL,
  `updated_at` timestamp NULL DEFAULT NULL,
  `icon` varchar(191) COLLATE utf8mb4_unicode_ci DEFAULT NULL,
  `icon_image` varchar(191) COLLATE utf8mb4_unicode_ci DEFAULT NULL,
  PRIMARY KEY (`id`),
  KEY `ec_product_categories_parent_id_status_created_at_index` (`parent_id`,`status`,`created_at`),
  KEY `ec_product_categories_parent_id_status_index` (`parent_id`,`status`),
  KEY `idx_categories_status_order` (`status`,`order`),
  KEY `idx_categories_order` (`order`)
) ENGINE=InnoDB AUTO_INCREMENT=18 DEFAULT CHARSET=utf8mb4 COLLATE=utf8mb4_unicode_ci;

--
-- Dumping data for table `ec_product_categories`
--

INSERT INTO `ec_product_categories` VALUES (1,'Pro Glasses',0,NULL,'published',0,'banners/banner-2-01.jpg',1,'2025-08-02 02:15:32','2025-08-02 02:15:32',NULL,NULL),(2,'Casual Shoes',0,NULL,'published',0,'banners/banner-2-02.jpg',1,'2025-08-02 02:15:32','2025-08-02 02:15:32',NULL,NULL),(3,'Winter Jacket',2,NULL,'published',0,'banners/banner-2-03.jpg',1,'2025-08-02 02:15:32','2025-08-02 02:15:32',NULL,NULL),(4,'New Added',2,NULL,'published',0,'banners/banner-2-04.jpg',1,'2025-08-02 02:15:32','2025-08-02 02:15:32',NULL,NULL),(5,'Wooden',2,NULL,'published',0,NULL,1,'2025-08-02 02:15:32','2025-08-02 02:15:32',NULL,NULL),(6,'Furniture',2,NULL,'published',0,NULL,1,'2025-08-02 02:15:32','2025-08-02 02:15:32',NULL,NULL),(7,'Clock',2,NULL,'published',0,NULL,1,'2025-08-02 02:15:32','2025-08-02 02:15:32',NULL,NULL),(8,'Gifts',2,NULL,'published',0,NULL,1,'2025-08-02 02:15:32','2025-08-02 02:15:32',NULL,NULL),(9,'Crafts',2,NULL,'published',0,NULL,1,'2025-08-02 02:15:32','2025-08-02 02:15:32',NULL,NULL),(10,'Gift Sets',0,NULL,'published',0,'features/feature-icon-01.png',1,'2025-08-02 02:15:32','2025-08-02 02:15:32',NULL,NULL),(11,'Plastic Gifts',0,NULL,'published',0,'features/feature-icon-02.png',1,'2025-08-02 02:15:32','2025-08-02 02:15:32',NULL,NULL),(12,'Handy Cream',0,NULL,'published',0,'features/feature-icon-03.png',1,'2025-08-02 02:15:32','2025-08-02 02:15:32',NULL,NULL),(13,'Cosmetics',0,NULL,'published',0,'features/feature-icon-04.png',1,'2025-08-02 02:15:32','2025-08-02 02:15:32',NULL,NULL),(14,'Silk Accessories',0,NULL,'published',0,'features/feature-icon-05.png',1,'2025-08-02 02:15:32','2025-08-02 02:15:32',NULL,NULL),(15,'Finest Skincare Lotions',0,NULL,'published',0,'features/feature-icon-06.png',1,'2025-08-02 02:15:32','2025-08-02 02:15:32',NULL,NULL),(16,'Bags & Purses',0,NULL,'published',0,NULL,1,'2025-08-02 02:15:32','2025-08-02 02:15:32',NULL,NULL),(17,'Sunglasses',0,NULL,'published',0,NULL,1,'2025-08-02 02:15:32','2025-08-02 02:15:32',NULL,NULL);

--
-- Table structure for table `ec_product_categories_translations`
--

CREATE TABLE `ec_product_categories_translations` (
  `lang_code` varchar(191) COLLATE utf8mb4_unicode_ci NOT NULL,
  `ec_product_categories_id` bigint unsigned NOT NULL,
  `name` varchar(191) COLLATE utf8mb4_unicode_ci DEFAULT NULL,
  `description` mediumtext COLLATE utf8mb4_unicode_ci,
  PRIMARY KEY (`lang_code`,`ec_product_categories_id`)
) ENGINE=InnoDB DEFAULT CHARSET=utf8mb4 COLLATE=utf8mb4_unicode_ci;

--
-- Dumping data for table `ec_product_categories_translations`
--


--
-- Table structure for table `ec_product_categorizables`
--

CREATE TABLE `ec_product_categorizables` (
  `category_id` bigint unsigned NOT NULL,
  `reference_id` bigint unsigned NOT NULL,
  `reference_type` varchar(120) COLLATE utf8mb4_unicode_ci NOT NULL,
  PRIMARY KEY (`category_id`,`reference_id`,`reference_type`),
  KEY `ec_product_categorizables_category_id_index` (`category_id`),
  KEY `ec_product_categorizables_reference_id_index` (`reference_id`),
  KEY `ec_product_categorizables_reference_type_index` (`reference_type`)
) ENGINE=InnoDB DEFAULT CHARSET=utf8mb4 COLLATE=utf8mb4_unicode_ci;

--
-- Dumping data for table `ec_product_categorizables`
--


--
-- Table structure for table `ec_product_category_product`
--

CREATE TABLE `ec_product_category_product` (
  `category_id` bigint unsigned NOT NULL,
  `product_id` bigint unsigned NOT NULL,
  PRIMARY KEY (`product_id`,`category_id`),
  KEY `ec_product_category_product_category_id_index` (`category_id`),
  KEY `ec_product_category_product_product_id_index` (`product_id`)
) ENGINE=InnoDB DEFAULT CHARSET=utf8mb4 COLLATE=utf8mb4_unicode_ci;

--
-- Dumping data for table `ec_product_category_product`
--

INSERT INTO `ec_product_category_product` VALUES (1,11),(1,20),(1,42),(2,39),(2,53),(2,57),(2,62),(3,6),(3,13),(3,27),(3,30),(3,33),(3,36),(3,38),(3,50),(3,55),(3,65),(4,7),(4,25),(4,28),(4,59),(4,61),(5,1),(5,12),(5,19),(5,47),(5,70),(6,8),(6,15),(6,26),(6,45),(6,48),(6,52),(6,56),(6,75),(7,21),(7,31),(7,40),(7,46),(7,73),(8,18),(8,29),(8,41),(8,43),(8,60),(9,4),(9,44),(9,49),(9,54),(9,67),(9,69),(9,71),(9,72),(9,74),(10,3),(10,10),(10,23),(10,51),(10,66),(11,2),(11,9),(11,24),(11,32),(11,37),(12,17),(12,22),(12,63),(12,64),(12,68),(13,5),(13,34),(13,35),(14,14),(14,16),(14,58);

--
-- Table structure for table `ec_product_collection_products`
--

CREATE TABLE `ec_product_collection_products` (
  `product_collection_id` bigint unsigned NOT NULL,
  `product_id` bigint unsigned NOT NULL,
  PRIMARY KEY (`product_id`,`product_collection_id`),
  KEY `ec_product_collection_products_product_collection_id_index` (`product_collection_id`),
  KEY `ec_product_collection_products_product_id_index` (`product_id`)
) ENGINE=InnoDB DEFAULT CHARSET=utf8mb4 COLLATE=utf8mb4_unicode_ci;

--
-- Dumping data for table `ec_product_collection_products`
--

INSERT INTO `ec_product_collection_products` VALUES (1,5),(1,10),(1,14),(1,16),(1,17),(1,18),(1,25),(1,28),(1,29),(1,33),(1,34),(1,35),(1,36),(1,38),(1,39),(1,40),(1,43),(1,45),(1,46),(1,47),(1,48),(1,50),(1,52),(1,58),(1,60),(1,64),(1,65),(1,66),(1,68),(1,69),(1,71),(1,72),(1,74),(2,1),(2,2),(2,6),(2,7),(2,11),(2,12),(2,13),(2,15),(2,19),(2,20),(2,21),(2,22),(2,23),(2,24),(2,26),(2,27),(2,30),(2,31),(2,32),(2,37),(2,42),(2,44),(2,49),(2,53),(2,56),(2,57),(2,62),(2,70),(2,73),(2,75),(3,3),(3,4),(3,8),(3,9),(3,41),(3,51),(3,54),(3,55),(3,59),(3,61),(3,63),(3,67);

--
-- Table structure for table `ec_product_collections`
--

CREATE TABLE `ec_product_collections` (
  `id` bigint unsigned NOT NULL AUTO_INCREMENT,
  `name` varchar(191) COLLATE utf8mb4_unicode_ci NOT NULL,
  `slug` varchar(191) COLLATE utf8mb4_unicode_ci NOT NULL,
  `description` varchar(400) COLLATE utf8mb4_unicode_ci DEFAULT NULL,
  `image` varchar(191) COLLATE utf8mb4_unicode_ci DEFAULT NULL,
  `status` varchar(60) COLLATE utf8mb4_unicode_ci NOT NULL DEFAULT 'published',
  `created_at` timestamp NULL DEFAULT NULL,
  `updated_at` timestamp NULL DEFAULT NULL,
  `is_featured` tinyint unsigned NOT NULL DEFAULT '0',
  PRIMARY KEY (`id`)
) ENGINE=InnoDB AUTO_INCREMENT=8 DEFAULT CHARSET=utf8mb4 COLLATE=utf8mb4_unicode_ci;

--
-- Dumping data for table `ec_product_collections`
--

INSERT INTO `ec_product_collections` VALUES (1,'New Arrival','new-arrival',NULL,NULL,'published','2025-08-02 02:15:33','2025-08-02 02:15:33',0),(2,'Best Sellers','best-sellers',NULL,NULL,'published','2025-08-02 02:15:33','2025-08-02 02:15:33',0),(3,'Special Offer','special-offer',NULL,NULL,'published','2025-08-02 02:15:33','2025-08-02 02:15:33',0),(4,'Reactive Providence Hair Color','reactive-providence-hair-color',NULL,'banners/thumb-01.jpg','published','2025-08-02 02:15:33','2025-08-02 02:15:33',0),(5,'New Modern &amp; Stylist Makeup','new-modern-stylist-makeup',NULL,'banners/thumb-02.jpg','published','2025-08-02 02:15:33','2025-08-02 02:15:33',0),(6,'Intensive Glow C+ Serum','intensive-glow-c-serum',NULL,'banners/thumb-03.jpg','published','2025-08-02 02:15:33','2025-08-02 02:15:33',0),(7,'Vogue','vogue',NULL,'banners/thumb-04.jpg','published','2025-08-02 02:15:33','2025-08-02 02:15:33',0);

--
-- Table structure for table `ec_product_collections_translations`
--

CREATE TABLE `ec_product_collections_translations` (
  `lang_code` varchar(191) COLLATE utf8mb4_unicode_ci NOT NULL,
  `ec_product_collections_id` bigint unsigned NOT NULL,
  `name` varchar(191) COLLATE utf8mb4_unicode_ci DEFAULT NULL,
  `description` varchar(400) COLLATE utf8mb4_unicode_ci DEFAULT NULL,
  PRIMARY KEY (`lang_code`,`ec_product_collections_id`)
) ENGINE=InnoDB DEFAULT CHARSET=utf8mb4 COLLATE=utf8mb4_unicode_ci;

--
-- Dumping data for table `ec_product_collections_translations`
--


--
-- Table structure for table `ec_product_cross_sale_relations`
--

CREATE TABLE `ec_product_cross_sale_relations` (
  `from_product_id` bigint unsigned NOT NULL,
  `to_product_id` bigint unsigned NOT NULL,
  `is_variant` tinyint(1) NOT NULL DEFAULT '0',
  `price` decimal(15,2) DEFAULT '0.00',
  `price_type` varchar(191) COLLATE utf8mb4_unicode_ci NOT NULL DEFAULT 'fixed',
  `apply_to_all_variations` tinyint(1) NOT NULL DEFAULT '1',
  PRIMARY KEY (`from_product_id`,`to_product_id`),
  KEY `ec_product_cross_sale_relations_from_product_id_index` (`from_product_id`),
  KEY `ec_product_cross_sale_relations_to_product_id_index` (`to_product_id`)
) ENGINE=InnoDB DEFAULT CHARSET=utf8mb4 COLLATE=utf8mb4_unicode_ci;

--
-- Dumping data for table `ec_product_cross_sale_relations`
--

INSERT INTO `ec_product_cross_sale_relations` VALUES (1,3,0,0.00,'fixed',1),(1,11,0,0.00,'fixed',1),(1,34,0,0.00,'fixed',1),(1,47,0,0.00,'fixed',1),(2,3,0,0.00,'fixed',1),(2,17,0,0.00,'fixed',1),(2,42,0,0.00,'fixed',1),(2,75,0,0.00,'fixed',1),(3,45,0,0.00,'fixed',1),(3,53,0,0.00,'fixed',1),(3,63,0,0.00,'fixed',1),(3,65,0,0.00,'fixed',1),(4,34,0,0.00,'fixed',1),(4,43,0,0.00,'fixed',1),(4,64,0,0.00,'fixed',1),(5,11,0,0.00,'fixed',1),(5,50,0,0.00,'fixed',1),(5,69,0,0.00,'fixed',1),(6,44,0,0.00,'fixed',1),(6,45,0,0.00,'fixed',1),(6,62,0,0.00,'fixed',1),(6,63,0,0.00,'fixed',1),(7,35,0,0.00,'fixed',1),(7,41,0,0.00,'fixed',1),(7,57,0,0.00,'fixed',1),(7,72,0,0.00,'fixed',1),(8,15,0,0.00,'fixed',1),(8,67,0,0.00,'fixed',1),(8,68,0,0.00,'fixed',1),(8,75,0,0.00,'fixed',1),(9,3,0,0.00,'fixed',1),(9,20,0,0.00,'fixed',1),(9,48,0,0.00,'fixed',1),(9,72,0,0.00,'fixed',1),(10,38,0,0.00,'fixed',1),(10,60,0,0.00,'fixed',1),(10,66,0,0.00,'fixed',1),(10,68,0,0.00,'fixed',1),(11,7,0,0.00,'fixed',1),(11,10,0,0.00,'fixed',1),(11,17,0,0.00,'fixed',1),(11,47,0,0.00,'fixed',1),(12,2,0,0.00,'fixed',1),(12,4,0,0.00,'fixed',1),(12,22,0,0.00,'fixed',1),(12,68,0,0.00,'fixed',1),(13,4,0,0.00,'fixed',1),(13,12,0,0.00,'fixed',1),(13,51,0,0.00,'fixed',1),(13,65,0,0.00,'fixed',1),(14,1,0,0.00,'fixed',1),(14,4,0,0.00,'fixed',1),(14,17,0,0.00,'fixed',1),(14,56,0,0.00,'fixed',1),(15,18,0,0.00,'fixed',1),(15,66,0,0.00,'fixed',1),(15,67,0,0.00,'fixed',1),(15,71,0,0.00,'fixed',1),(16,8,0,0.00,'fixed',1),(16,32,0,0.00,'fixed',1),(16,56,0,0.00,'fixed',1),(16,63,0,0.00,'fixed',1),(17,14,0,0.00,'fixed',1),(17,25,0,0.00,'fixed',1),(17,40,0,0.00,'fixed',1),(17,56,0,0.00,'fixed',1),(18,2,0,0.00,'fixed',1),(18,32,0,0.00,'fixed',1),(18,34,0,0.00,'fixed',1),(18,59,0,0.00,'fixed',1),(19,7,0,0.00,'fixed',1),(19,18,0,0.00,'fixed',1),(19,32,0,0.00,'fixed',1),(19,45,0,0.00,'fixed',1),(20,2,0,0.00,'fixed',1),(20,25,0,0.00,'fixed',1),(20,45,0,0.00,'fixed',1),(20,74,0,0.00,'fixed',1),(21,17,0,0.00,'fixed',1),(21,22,0,0.00,'fixed',1),(21,42,0,0.00,'fixed',1),(21,48,0,0.00,'fixed',1),(22,39,0,0.00,'fixed',1),(22,51,0,0.00,'fixed',1),(22,70,0,0.00,'fixed',1),(22,75,0,0.00,'fixed',1),(23,29,0,0.00,'fixed',1),(23,34,0,0.00,'fixed',1),(23,56,0,0.00,'fixed',1),(23,59,0,0.00,'fixed',1),(24,30,0,0.00,'fixed',1),(24,40,0,0.00,'fixed',1),(24,44,0,0.00,'fixed',1),(25,15,0,0.00,'fixed',1),(25,46,0,0.00,'fixed',1),(25,56,0,0.00,'fixed',1),(25,69,0,0.00,'fixed',1),(26,11,0,0.00,'fixed',1),(26,21,0,0.00,'fixed',1),(26,23,0,0.00,'fixed',1),(26,75,0,0.00,'fixed',1),(27,1,0,0.00,'fixed',1),(27,6,0,0.00,'fixed',1),(27,66,0,0.00,'fixed',1),(27,68,0,0.00,'fixed',1),(28,3,0,0.00,'fixed',1),(28,13,0,0.00,'fixed',1),(28,68,0,0.00,'fixed',1),(28,70,0,0.00,'fixed',1),(29,32,0,0.00,'fixed',1),(29,61,0,0.00,'fixed',1),(29,62,0,0.00,'fixed',1),(29,71,0,0.00,'fixed',1),(30,3,0,0.00,'fixed',1),(30,22,0,0.00,'fixed',1),(30,34,0,0.00,'fixed',1),(30,71,0,0.00,'fixed',1),(31,19,0,0.00,'fixed',1),(31,34,0,0.00,'fixed',1),(31,61,0,0.00,'fixed',1),(31,75,0,0.00,'fixed',1),(32,3,0,0.00,'fixed',1),(32,27,0,0.00,'fixed',1),(32,35,0,0.00,'fixed',1),(32,59,0,0.00,'fixed',1),(33,15,0,0.00,'fixed',1),(33,32,0,0.00,'fixed',1),(33,43,0,0.00,'fixed',1),(33,63,0,0.00,'fixed',1),(34,3,0,0.00,'fixed',1),(34,6,0,0.00,'fixed',1),(34,32,0,0.00,'fixed',1),(34,54,0,0.00,'fixed',1),(35,12,0,0.00,'fixed',1),(35,33,0,0.00,'fixed',1),(35,40,0,0.00,'fixed',1),(35,50,0,0.00,'fixed',1),(36,5,0,0.00,'fixed',1),(36,47,0,0.00,'fixed',1),(36,49,0,0.00,'fixed',1),(36,55,0,0.00,'fixed',1),(37,16,0,0.00,'fixed',1),(37,53,0,0.00,'fixed',1),(37,58,0,0.00,'fixed',1),(37,65,0,0.00,'fixed',1),(38,21,0,0.00,'fixed',1),(38,36,0,0.00,'fixed',1),(38,40,0,0.00,'fixed',1),(38,48,0,0.00,'fixed',1),(39,3,0,0.00,'fixed',1),(39,54,0,0.00,'fixed',1),(39,71,0,0.00,'fixed',1),(40,3,0,0.00,'fixed',1),(40,27,0,0.00,'fixed',1),(40,55,0,0.00,'fixed',1),(40,63,0,0.00,'fixed',1),(41,12,0,0.00,'fixed',1),(41,18,0,0.00,'fixed',1),(41,28,0,0.00,'fixed',1),(41,39,0,0.00,'fixed',1),(42,8,0,0.00,'fixed',1),(42,18,0,0.00,'fixed',1),(42,60,0,0.00,'fixed',1),(42,66,0,0.00,'fixed',1),(43,12,0,0.00,'fixed',1),(43,24,0,0.00,'fixed',1),(43,25,0,0.00,'fixed',1),(43,29,0,0.00,'fixed',1),(44,7,0,0.00,'fixed',1),(44,13,0,0.00,'fixed',1),(44,32,0,0.00,'fixed',1),(44,50,0,0.00,'fixed',1),(45,1,0,0.00,'fixed',1),(45,14,0,0.00,'fixed',1),(45,48,0,0.00,'fixed',1),(45,60,0,0.00,'fixed',1),(46,58,0,0.00,'fixed',1),(46,59,0,0.00,'fixed',1),(46,69,0,0.00,'fixed',1),(46,71,0,0.00,'fixed',1),(47,12,0,0.00,'fixed',1),(47,13,0,0.00,'fixed',1),(47,38,0,0.00,'fixed',1),(47,70,0,0.00,'fixed',1),(48,21,0,0.00,'fixed',1),(48,27,0,0.00,'fixed',1),(48,53,0,0.00,'fixed',1),(48,70,0,0.00,'fixed',1),(49,8,0,0.00,'fixed',1),(49,29,0,0.00,'fixed',1),(49,54,0,0.00,'fixed',1),(49,67,0,0.00,'fixed',1),(50,15,0,0.00,'fixed',1),(50,20,0,0.00,'fixed',1),(50,28,0,0.00,'fixed',1),(50,75,0,0.00,'fixed',1),(51,31,0,0.00,'fixed',1),(51,35,0,0.00,'fixed',1),(51,37,0,0.00,'fixed',1),(51,71,0,0.00,'fixed',1),(52,5,0,0.00,'fixed',1),(52,23,0,0.00,'fixed',1),(52,28,0,0.00,'fixed',1),(52,59,0,0.00,'fixed',1),(53,4,0,0.00,'fixed',1),(53,9,0,0.00,'fixed',1),(53,26,0,0.00,'fixed',1),(53,41,0,0.00,'fixed',1),(54,56,0,0.00,'fixed',1),(54,58,0,0.00,'fixed',1),(54,61,0,0.00,'fixed',1),(54,73,0,0.00,'fixed',1),(55,20,0,0.00,'fixed',1),(55,24,0,0.00,'fixed',1),(55,31,0,0.00,'fixed',1),(55,58,0,0.00,'fixed',1),(56,2,0,0.00,'fixed',1),(56,37,0,0.00,'fixed',1),(56,39,0,0.00,'fixed',1),(56,48,0,0.00,'fixed',1),(57,16,0,0.00,'fixed',1),(57,37,0,0.00,'fixed',1),(57,55,0,0.00,'fixed',1),(57,64,0,0.00,'fixed',1),(58,19,0,0.00,'fixed',1),(58,27,0,0.00,'fixed',1),(58,42,0,0.00,'fixed',1),(58,65,0,0.00,'fixed',1),(59,40,0,0.00,'fixed',1),(59,43,0,0.00,'fixed',1),(59,45,0,0.00,'fixed',1),(59,69,0,0.00,'fixed',1),(60,8,0,0.00,'fixed',1),(60,40,0,0.00,'fixed',1),(60,43,0,0.00,'fixed',1),(60,57,0,0.00,'fixed',1),(61,13,0,0.00,'fixed',1),(61,14,0,0.00,'fixed',1),(61,32,0,0.00,'fixed',1),(61,42,0,0.00,'fixed',1),(62,18,0,0.00,'fixed',1),(62,39,0,0.00,'fixed',1),(62,69,0,0.00,'fixed',1),(62,74,0,0.00,'fixed',1),(63,53,0,0.00,'fixed',1),(63,57,0,0.00,'fixed',1),(63,60,0,0.00,'fixed',1),(63,64,0,0.00,'fixed',1),(64,35,0,0.00,'fixed',1),(64,54,0,0.00,'fixed',1),(64,67,0,0.00,'fixed',1),(65,31,0,0.00,'fixed',1),(65,35,0,0.00,'fixed',1),(65,52,0,0.00,'fixed',1),(65,60,0,0.00,'fixed',1),(66,13,0,0.00,'fixed',1),(66,23,0,0.00,'fixed',1),(66,57,0,0.00,'fixed',1),(66,70,0,0.00,'fixed',1),(67,1,0,0.00,'fixed',1),(67,26,0,0.00,'fixed',1),(67,45,0,0.00,'fixed',1),(67,72,0,0.00,'fixed',1),(68,10,0,0.00,'fixed',1),(68,50,0,0.00,'fixed',1),(68,55,0,0.00,'fixed',1),(68,72,0,0.00,'fixed',1),(69,18,0,0.00,'fixed',1),(69,24,0,0.00,'fixed',1),(69,48,0,0.00,'fixed',1),(69,65,0,0.00,'fixed',1),(70,30,0,0.00,'fixed',1),(70,34,0,0.00,'fixed',1),(70,56,0,0.00,'fixed',1),(70,59,0,0.00,'fixed',1),(71,6,0,0.00,'fixed',1),(71,11,0,0.00,'fixed',1),(71,32,0,0.00,'fixed',1),(71,65,0,0.00,'fixed',1),(72,13,0,0.00,'fixed',1),(72,17,0,0.00,'fixed',1),(72,19,0,0.00,'fixed',1),(72,29,0,0.00,'fixed',1),(73,11,0,0.00,'fixed',1),(73,18,0,0.00,'fixed',1),(73,30,0,0.00,'fixed',1),(73,36,0,0.00,'fixed',1),(74,5,0,0.00,'fixed',1),(74,18,0,0.00,'fixed',1),(74,56,0,0.00,'fixed',1),(74,68,0,0.00,'fixed',1),(75,1,0,0.00,'fixed',1),(75,6,0,0.00,'fixed',1),(75,58,0,0.00,'fixed',1),(75,64,0,0.00,'fixed',1);

--
-- Table structure for table `ec_product_files`
--

CREATE TABLE `ec_product_files` (
  `id` bigint unsigned NOT NULL AUTO_INCREMENT,
  `product_id` bigint unsigned DEFAULT NULL,
  `url` varchar(400) COLLATE utf8mb4_unicode_ci DEFAULT NULL,
  `extras` mediumtext COLLATE utf8mb4_unicode_ci,
  `created_at` timestamp NULL DEFAULT NULL,
  `updated_at` timestamp NULL DEFAULT NULL,
  PRIMARY KEY (`id`),
  KEY `ec_product_files_product_id_index` (`product_id`)
) ENGINE=InnoDB AUTO_INCREMENT=380 DEFAULT CHARSET=utf8mb4 COLLATE=utf8mb4_unicode_ci;

--
-- Dumping data for table `ec_product_files`
--

INSERT INTO `ec_product_files` VALUES (1,76,'ecommerce/digital-product-files/product-46.jpg','{\"filename\":\"product-46.jpg\",\"url\":\"ecommerce\\/digital-product-files\\/product-46.jpg\",\"mime_type\":\"image\\/jpeg\",\"size\":9730,\"modified\":\"2025-08-02 09:15:44\",\"name\":\"product-46\",\"extension\":\"jpg\"}','2025-08-02 02:15:44','2025-08-02 02:15:44'),(2,76,'ecommerce/digital-product-files/product-44.jpg','{\"filename\":\"product-44.jpg\",\"url\":\"ecommerce\\/digital-product-files\\/product-44.jpg\",\"mime_type\":\"image\\/jpeg\",\"size\":9730,\"modified\":\"2025-08-02 09:15:44\",\"name\":\"product-44\",\"extension\":\"jpg\"}','2025-08-02 02:15:44','2025-08-02 02:15:44'),(3,76,'ecommerce/digital-product-files/product-72.jpg','{\"filename\":\"product-72.jpg\",\"url\":\"ecommerce\\/digital-product-files\\/product-72.jpg\",\"mime_type\":\"image\\/jpeg\",\"size\":9730,\"modified\":\"2025-08-02 09:15:44\",\"name\":\"product-72\",\"extension\":\"jpg\"}','2025-08-02 02:15:44','2025-08-02 02:15:44'),(4,76,'ecommerce/digital-product-files/product-84.jpg','{\"filename\":\"product-84.jpg\",\"url\":\"ecommerce\\/digital-product-files\\/product-84.jpg\",\"mime_type\":\"image\\/jpeg\",\"size\":9730,\"modified\":\"2025-08-02 09:15:44\",\"name\":\"product-84\",\"extension\":\"jpg\"}','2025-08-02 02:15:44','2025-08-02 02:15:44'),(5,76,'ecommerce/digital-product-files/product-2.jpg','{\"filename\":\"product-2.jpg\",\"url\":\"ecommerce\\/digital-product-files\\/product-2.jpg\",\"mime_type\":\"image\\/jpeg\",\"size\":9730,\"modified\":\"2025-08-02 09:15:44\",\"name\":\"product-2\",\"extension\":\"jpg\"}','2025-08-02 02:15:44','2025-08-02 02:15:44'),(6,76,'ecommerce/digital-product-files/product-48.jpg','{\"filename\":\"product-48.jpg\",\"url\":\"ecommerce\\/digital-product-files\\/product-48.jpg\",\"mime_type\":\"image\\/jpeg\",\"size\":9730,\"modified\":\"2025-08-02 09:15:44\",\"name\":\"product-48\",\"extension\":\"jpg\"}','2025-08-02 02:15:44','2025-08-02 02:15:44'),(7,76,'ecommerce/digital-product-files/product-9.jpg','{\"filename\":\"product-9.jpg\",\"url\":\"ecommerce\\/digital-product-files\\/product-9.jpg\",\"mime_type\":\"image\\/jpeg\",\"size\":9730,\"modified\":\"2025-08-02 09:15:44\",\"name\":\"product-9\",\"extension\":\"jpg\"}','2025-08-02 02:15:44','2025-08-02 02:15:44'),(8,76,'ecommerce/digital-product-files/product-58.jpg','{\"filename\":\"product-58.jpg\",\"url\":\"ecommerce\\/digital-product-files\\/product-58.jpg\",\"mime_type\":\"image\\/jpeg\",\"size\":9730,\"modified\":\"2025-08-02 09:15:44\",\"name\":\"product-58\",\"extension\":\"jpg\"}','2025-08-02 02:15:44','2025-08-02 02:15:44'),(9,82,'ecommerce/digital-product-files/product-21.jpg','{\"filename\":\"product-21.jpg\",\"url\":\"ecommerce\\/digital-product-files\\/product-21.jpg\",\"mime_type\":\"image\\/jpeg\",\"size\":9730,\"modified\":\"2025-08-02 09:15:44\",\"name\":\"product-21\",\"extension\":\"jpg\"}','2025-08-02 02:15:44','2025-08-02 02:15:44'),(10,82,'ecommerce/digital-product-files/product-48.jpg','{\"filename\":\"product-48.jpg\",\"url\":\"ecommerce\\/digital-product-files\\/product-48.jpg\",\"mime_type\":\"image\\/jpeg\",\"size\":9730,\"modified\":\"2025-08-02 09:15:44\",\"name\":\"product-48\",\"extension\":\"jpg\"}','2025-08-02 02:15:44','2025-08-02 02:15:44'),(11,82,'ecommerce/digital-product-files/product-79.jpg','{\"filename\":\"product-79.jpg\",\"url\":\"ecommerce\\/digital-product-files\\/product-79.jpg\",\"mime_type\":\"image\\/jpeg\",\"size\":9730,\"modified\":\"2025-08-02 09:15:44\",\"name\":\"product-79\",\"extension\":\"jpg\"}','2025-08-02 02:15:44','2025-08-02 02:15:44'),(12,82,'ecommerce/digital-product-files/product-43.jpg','{\"filename\":\"product-43.jpg\",\"url\":\"ecommerce\\/digital-product-files\\/product-43.jpg\",\"mime_type\":\"image\\/jpeg\",\"size\":9730,\"modified\":\"2025-08-02 09:15:44\",\"name\":\"product-43\",\"extension\":\"jpg\"}','2025-08-02 02:15:44','2025-08-02 02:15:44'),(13,82,'ecommerce/digital-product-files/product-34.jpg','{\"filename\":\"product-34.jpg\",\"url\":\"ecommerce\\/digital-product-files\\/product-34.jpg\",\"mime_type\":\"image\\/jpeg\",\"size\":9730,\"modified\":\"2025-08-02 09:15:44\",\"name\":\"product-34\",\"extension\":\"jpg\"}','2025-08-02 02:15:44','2025-08-02 02:15:44'),(14,82,'ecommerce/digital-product-files/product-65.jpg','{\"filename\":\"product-65.jpg\",\"url\":\"ecommerce\\/digital-product-files\\/product-65.jpg\",\"mime_type\":\"image\\/jpeg\",\"size\":9730,\"modified\":\"2025-08-02 09:15:44\",\"name\":\"product-65\",\"extension\":\"jpg\"}','2025-08-02 02:15:44','2025-08-02 02:15:44'),(15,82,'ecommerce/digital-product-files/product-82.jpg','{\"filename\":\"product-82.jpg\",\"url\":\"ecommerce\\/digital-product-files\\/product-82.jpg\",\"mime_type\":\"image\\/jpeg\",\"size\":9730,\"modified\":\"2025-08-02 09:15:44\",\"name\":\"product-82\",\"extension\":\"jpg\"}','2025-08-02 02:15:44','2025-08-02 02:15:44'),(16,83,'ecommerce/digital-product-files/product-21.jpg','{\"filename\":\"product-21.jpg\",\"url\":\"ecommerce\\/digital-product-files\\/product-21.jpg\",\"mime_type\":\"image\\/jpeg\",\"size\":9730,\"modified\":\"2025-08-02 09:15:44\",\"name\":\"product-21\",\"extension\":\"jpg\"}','2025-08-02 02:15:44','2025-08-02 02:15:44'),(17,83,'ecommerce/digital-product-files/product-48.jpg','{\"filename\":\"product-48.jpg\",\"url\":\"ecommerce\\/digital-product-files\\/product-48.jpg\",\"mime_type\":\"image\\/jpeg\",\"size\":9730,\"modified\":\"2025-08-02 09:15:44\",\"name\":\"product-48\",\"extension\":\"jpg\"}','2025-08-02 02:15:44','2025-08-02 02:15:44'),(18,83,'ecommerce/digital-product-files/product-79.jpg','{\"filename\":\"product-79.jpg\",\"url\":\"ecommerce\\/digital-product-files\\/product-79.jpg\",\"mime_type\":\"image\\/jpeg\",\"size\":9730,\"modified\":\"2025-08-02 09:15:44\",\"name\":\"product-79\",\"extension\":\"jpg\"}','2025-08-02 02:15:44','2025-08-02 02:15:44'),(19,83,'ecommerce/digital-product-files/product-43.jpg','{\"filename\":\"product-43.jpg\",\"url\":\"ecommerce\\/digital-product-files\\/product-43.jpg\",\"mime_type\":\"image\\/jpeg\",\"size\":9730,\"modified\":\"2025-08-02 09:15:44\",\"name\":\"product-43\",\"extension\":\"jpg\"}','2025-08-02 02:15:44','2025-08-02 02:15:44'),(20,83,'ecommerce/digital-product-files/product-34.jpg','{\"filename\":\"product-34.jpg\",\"url\":\"ecommerce\\/digital-product-files\\/product-34.jpg\",\"mime_type\":\"image\\/jpeg\",\"size\":9730,\"modified\":\"2025-08-02 09:15:44\",\"name\":\"product-34\",\"extension\":\"jpg\"}','2025-08-02 02:15:44','2025-08-02 02:15:44'),(21,83,'ecommerce/digital-product-files/product-65.jpg','{\"filename\":\"product-65.jpg\",\"url\":\"ecommerce\\/digital-product-files\\/product-65.jpg\",\"mime_type\":\"image\\/jpeg\",\"size\":9730,\"modified\":\"2025-08-02 09:15:44\",\"name\":\"product-65\",\"extension\":\"jpg\"}','2025-08-02 02:15:44','2025-08-02 02:15:44'),(22,83,'ecommerce/digital-product-files/product-82.jpg','{\"filename\":\"product-82.jpg\",\"url\":\"ecommerce\\/digital-product-files\\/product-82.jpg\",\"mime_type\":\"image\\/jpeg\",\"size\":9730,\"modified\":\"2025-08-02 09:15:44\",\"name\":\"product-82\",\"extension\":\"jpg\"}','2025-08-02 02:15:44','2025-08-02 02:15:44'),(23,94,'ecommerce/digital-product-files/product-34.jpg','{\"filename\":\"product-34.jpg\",\"url\":\"ecommerce\\/digital-product-files\\/product-34.jpg\",\"mime_type\":\"image\\/jpeg\",\"size\":9730,\"modified\":\"2025-08-02 09:15:45\",\"name\":\"product-34\",\"extension\":\"jpg\"}','2025-08-02 02:15:45','2025-08-02 02:15:45'),(24,94,'ecommerce/digital-product-files/product-66.jpg','{\"filename\":\"product-66.jpg\",\"url\":\"ecommerce\\/digital-product-files\\/product-66.jpg\",\"mime_type\":\"image\\/jpeg\",\"size\":9730,\"modified\":\"2025-08-02 09:15:45\",\"name\":\"product-66\",\"extension\":\"jpg\"}','2025-08-02 02:15:45','2025-08-02 02:15:45'),(25,94,'ecommerce/digital-product-files/product-64.jpg','{\"filename\":\"product-64.jpg\",\"url\":\"ecommerce\\/digital-product-files\\/product-64.jpg\",\"mime_type\":\"image\\/jpeg\",\"size\":9730,\"modified\":\"2025-08-02 09:15:45\",\"name\":\"product-64\",\"extension\":\"jpg\"}','2025-08-02 02:15:45','2025-08-02 02:15:45'),(26,94,'ecommerce/digital-product-files/product-53.jpg','{\"filename\":\"product-53.jpg\",\"url\":\"ecommerce\\/digital-product-files\\/product-53.jpg\",\"mime_type\":\"image\\/jpeg\",\"size\":9730,\"modified\":\"2025-08-02 09:15:45\",\"name\":\"product-53\",\"extension\":\"jpg\"}','2025-08-02 02:15:45','2025-08-02 02:15:45'),(27,94,'ecommerce/digital-product-files/product-94.jpg','{\"filename\":\"product-94.jpg\",\"url\":\"ecommerce\\/digital-product-files\\/product-94.jpg\",\"mime_type\":\"image\\/jpeg\",\"size\":9730,\"modified\":\"2025-08-02 09:15:45\",\"name\":\"product-94\",\"extension\":\"jpg\"}','2025-08-02 02:15:45','2025-08-02 02:15:45'),(28,94,'ecommerce/digital-product-files/product-39.jpg','{\"filename\":\"product-39.jpg\",\"url\":\"ecommerce\\/digital-product-files\\/product-39.jpg\",\"mime_type\":\"image\\/jpeg\",\"size\":9730,\"modified\":\"2025-08-02 09:15:45\",\"name\":\"product-39\",\"extension\":\"jpg\"}','2025-08-02 02:15:45','2025-08-02 02:15:45'),(29,101,'ecommerce/digital-product-files/product-71.jpg','{\"filename\":\"product-71.jpg\",\"url\":\"ecommerce\\/digital-product-files\\/product-71.jpg\",\"mime_type\":\"image\\/jpeg\",\"size\":9730,\"modified\":\"2025-08-02 09:15:45\",\"name\":\"product-71\",\"extension\":\"jpg\"}','2025-08-02 02:15:45','2025-08-02 02:15:45'),(30,101,'ecommerce/digital-product-files/product-70.jpg','{\"filename\":\"product-70.jpg\",\"url\":\"ecommerce\\/digital-product-files\\/product-70.jpg\",\"mime_type\":\"image\\/jpeg\",\"size\":9730,\"modified\":\"2025-08-02 09:15:45\",\"name\":\"product-70\",\"extension\":\"jpg\"}','2025-08-02 02:15:45','2025-08-02 02:15:45'),(31,101,'ecommerce/digital-product-files/product-88.jpg','{\"filename\":\"product-88.jpg\",\"url\":\"ecommerce\\/digital-product-files\\/product-88.jpg\",\"mime_type\":\"image\\/jpeg\",\"size\":9730,\"modified\":\"2025-08-02 09:15:45\",\"name\":\"product-88\",\"extension\":\"jpg\"}','2025-08-02 02:15:45','2025-08-02 02:15:45'),(32,101,'ecommerce/digital-product-files/product-56.jpg','{\"filename\":\"product-56.jpg\",\"url\":\"ecommerce\\/digital-product-files\\/product-56.jpg\",\"mime_type\":\"image\\/jpeg\",\"size\":9730,\"modified\":\"2025-08-02 09:15:45\",\"name\":\"product-56\",\"extension\":\"jpg\"}','2025-08-02 02:15:45','2025-08-02 02:15:45'),(33,101,'ecommerce/digital-product-files/product-83.jpg','{\"filename\":\"product-83.jpg\",\"url\":\"ecommerce\\/digital-product-files\\/product-83.jpg\",\"mime_type\":\"image\\/jpeg\",\"size\":9730,\"modified\":\"2025-08-02 09:15:45\",\"name\":\"product-83\",\"extension\":\"jpg\"}','2025-08-02 02:15:45','2025-08-02 02:15:45'),(34,109,'ecommerce/digital-product-files/product-53.jpg','{\"filename\":\"product-53.jpg\",\"url\":\"ecommerce\\/digital-product-files\\/product-53.jpg\",\"mime_type\":\"image\\/jpeg\",\"size\":9730,\"modified\":\"2025-08-02 09:15:45\",\"name\":\"product-53\",\"extension\":\"jpg\"}','2025-08-02 02:15:45','2025-08-02 02:15:45'),(35,109,'ecommerce/digital-product-files/product-54.jpg','{\"filename\":\"product-54.jpg\",\"url\":\"ecommerce\\/digital-product-files\\/product-54.jpg\",\"mime_type\":\"image\\/jpeg\",\"size\":9730,\"modified\":\"2025-08-02 09:15:45\",\"name\":\"product-54\",\"extension\":\"jpg\"}','2025-08-02 02:15:45','2025-08-02 02:15:45'),(36,109,'ecommerce/digital-product-files/product-52.jpg','{\"filename\":\"product-52.jpg\",\"url\":\"ecommerce\\/digital-product-files\\/product-52.jpg\",\"mime_type\":\"image\\/jpeg\",\"size\":9730,\"modified\":\"2025-08-02 09:15:45\",\"name\":\"product-52\",\"extension\":\"jpg\"}','2025-08-02 02:15:45','2025-08-02 02:15:45'),(37,109,'ecommerce/digital-product-files/product-17.jpg','{\"filename\":\"product-17.jpg\",\"url\":\"ecommerce\\/digital-product-files\\/product-17.jpg\",\"mime_type\":\"image\\/jpeg\",\"size\":9730,\"modified\":\"2025-08-02 09:15:45\",\"name\":\"product-17\",\"extension\":\"jpg\"}','2025-08-02 02:15:45','2025-08-02 02:15:45'),(38,109,'ecommerce/digital-product-files/product-73.jpg','{\"filename\":\"product-73.jpg\",\"url\":\"ecommerce\\/digital-product-files\\/product-73.jpg\",\"mime_type\":\"image\\/jpeg\",\"size\":9730,\"modified\":\"2025-08-02 09:15:45\",\"name\":\"product-73\",\"extension\":\"jpg\"}','2025-08-02 02:15:45','2025-08-02 02:15:45'),(39,110,'ecommerce/digital-product-files/product-53.jpg','{\"filename\":\"product-53.jpg\",\"url\":\"ecommerce\\/digital-product-files\\/product-53.jpg\",\"mime_type\":\"image\\/jpeg\",\"size\":9730,\"modified\":\"2025-08-02 09:15:45\",\"name\":\"product-53\",\"extension\":\"jpg\"}','2025-08-02 02:15:45','2025-08-02 02:15:45'),(40,110,'ecommerce/digital-product-files/product-54.jpg','{\"filename\":\"product-54.jpg\",\"url\":\"ecommerce\\/digital-product-files\\/product-54.jpg\",\"mime_type\":\"image\\/jpeg\",\"size\":9730,\"modified\":\"2025-08-02 09:15:45\",\"name\":\"product-54\",\"extension\":\"jpg\"}','2025-08-02 02:15:45','2025-08-02 02:15:45'),(41,110,'ecommerce/digital-product-files/product-52.jpg','{\"filename\":\"product-52.jpg\",\"url\":\"ecommerce\\/digital-product-files\\/product-52.jpg\",\"mime_type\":\"image\\/jpeg\",\"size\":9730,\"modified\":\"2025-08-02 09:15:45\",\"name\":\"product-52\",\"extension\":\"jpg\"}','2025-08-02 02:15:45','2025-08-02 02:15:45'),(42,110,'ecommerce/digital-product-files/product-17.jpg','{\"filename\":\"product-17.jpg\",\"url\":\"ecommerce\\/digital-product-files\\/product-17.jpg\",\"mime_type\":\"image\\/jpeg\",\"size\":9730,\"modified\":\"2025-08-02 09:15:45\",\"name\":\"product-17\",\"extension\":\"jpg\"}','2025-08-02 02:15:45','2025-08-02 02:15:45'),(43,110,'ecommerce/digital-product-files/product-73.jpg','{\"filename\":\"product-73.jpg\",\"url\":\"ecommerce\\/digital-product-files\\/product-73.jpg\",\"mime_type\":\"image\\/jpeg\",\"size\":9730,\"modified\":\"2025-08-02 09:15:45\",\"name\":\"product-73\",\"extension\":\"jpg\"}','2025-08-02 02:15:45','2025-08-02 02:15:45'),(44,121,'ecommerce/digital-product-files/product-56.jpg','{\"filename\":\"product-56.jpg\",\"url\":\"ecommerce\\/digital-product-files\\/product-56.jpg\",\"mime_type\":\"image\\/jpeg\",\"size\":9730,\"modified\":\"2025-08-02 09:15:45\",\"name\":\"product-56\",\"extension\":\"jpg\"}','2025-08-02 02:15:45','2025-08-02 02:15:45'),(45,121,'ecommerce/digital-product-files/product-73.jpg','{\"filename\":\"product-73.jpg\",\"url\":\"ecommerce\\/digital-product-files\\/product-73.jpg\",\"mime_type\":\"image\\/jpeg\",\"size\":9730,\"modified\":\"2025-08-02 09:15:45\",\"name\":\"product-73\",\"extension\":\"jpg\"}','2025-08-02 02:15:45','2025-08-02 02:15:45'),(46,121,'ecommerce/digital-product-files/product-88.jpg','{\"filename\":\"product-88.jpg\",\"url\":\"ecommerce\\/digital-product-files\\/product-88.jpg\",\"mime_type\":\"image\\/jpeg\",\"size\":9730,\"modified\":\"2025-08-02 09:15:45\",\"name\":\"product-88\",\"extension\":\"jpg\"}','2025-08-02 02:15:45','2025-08-02 02:15:45'),(47,121,'ecommerce/digital-product-files/product-47.jpg','{\"filename\":\"product-47.jpg\",\"url\":\"ecommerce\\/digital-product-files\\/product-47.jpg\",\"mime_type\":\"image\\/jpeg\",\"size\":9730,\"modified\":\"2025-08-02 09:15:45\",\"name\":\"product-47\",\"extension\":\"jpg\"}','2025-08-02 02:15:45','2025-08-02 02:15:45'),(48,121,'ecommerce/digital-product-files/product-22.jpg','{\"filename\":\"product-22.jpg\",\"url\":\"ecommerce\\/digital-product-files\\/product-22.jpg\",\"mime_type\":\"image\\/jpeg\",\"size\":9730,\"modified\":\"2025-08-02 09:15:45\",\"name\":\"product-22\",\"extension\":\"jpg\"}','2025-08-02 02:15:45','2025-08-02 02:15:45'),(49,121,'ecommerce/digital-product-files/product-23.jpg','{\"filename\":\"product-23.jpg\",\"url\":\"ecommerce\\/digital-product-files\\/product-23.jpg\",\"mime_type\":\"image\\/jpeg\",\"size\":9730,\"modified\":\"2025-08-02 09:15:45\",\"name\":\"product-23\",\"extension\":\"jpg\"}','2025-08-02 02:15:45','2025-08-02 02:15:45'),(50,121,'ecommerce/digital-product-files/product-31.jpg','{\"filename\":\"product-31.jpg\",\"url\":\"ecommerce\\/digital-product-files\\/product-31.jpg\",\"mime_type\":\"image\\/jpeg\",\"size\":9730,\"modified\":\"2025-08-02 09:15:45\",\"name\":\"product-31\",\"extension\":\"jpg\"}','2025-08-02 02:15:45','2025-08-02 02:15:45'),(51,121,'ecommerce/digital-product-files/product-87.jpg','{\"filename\":\"product-87.jpg\",\"url\":\"ecommerce\\/digital-product-files\\/product-87.jpg\",\"mime_type\":\"image\\/jpeg\",\"size\":9730,\"modified\":\"2025-08-02 09:15:45\",\"name\":\"product-87\",\"extension\":\"jpg\"}','2025-08-02 02:15:45','2025-08-02 02:15:45'),(52,121,'ecommerce/digital-product-files/product-27.jpg','{\"filename\":\"product-27.jpg\",\"url\":\"ecommerce\\/digital-product-files\\/product-27.jpg\",\"mime_type\":\"image\\/jpeg\",\"size\":9730,\"modified\":\"2025-08-02 09:15:45\",\"name\":\"product-27\",\"extension\":\"jpg\"}','2025-08-02 02:15:45','2025-08-02 02:15:45'),(53,122,'ecommerce/digital-product-files/product-56.jpg','{\"filename\":\"product-56.jpg\",\"url\":\"ecommerce\\/digital-product-files\\/product-56.jpg\",\"mime_type\":\"image\\/jpeg\",\"size\":9730,\"modified\":\"2025-08-02 09:15:45\",\"name\":\"product-56\",\"extension\":\"jpg\"}','2025-08-02 02:15:45','2025-08-02 02:15:45'),(54,122,'ecommerce/digital-product-files/product-73.jpg','{\"filename\":\"product-73.jpg\",\"url\":\"ecommerce\\/digital-product-files\\/product-73.jpg\",\"mime_type\":\"image\\/jpeg\",\"size\":9730,\"modified\":\"2025-08-02 09:15:45\",\"name\":\"product-73\",\"extension\":\"jpg\"}','2025-08-02 02:15:45','2025-08-02 02:15:45'),(55,122,'ecommerce/digital-product-files/product-88.jpg','{\"filename\":\"product-88.jpg\",\"url\":\"ecommerce\\/digital-product-files\\/product-88.jpg\",\"mime_type\":\"image\\/jpeg\",\"size\":9730,\"modified\":\"2025-08-02 09:15:45\",\"name\":\"product-88\",\"extension\":\"jpg\"}','2025-08-02 02:15:45','2025-08-02 02:15:45'),(56,122,'ecommerce/digital-product-files/product-47.jpg','{\"filename\":\"product-47.jpg\",\"url\":\"ecommerce\\/digital-product-files\\/product-47.jpg\",\"mime_type\":\"image\\/jpeg\",\"size\":9730,\"modified\":\"2025-08-02 09:15:45\",\"name\":\"product-47\",\"extension\":\"jpg\"}','2025-08-02 02:15:45','2025-08-02 02:15:45'),(57,122,'ecommerce/digital-product-files/product-22.jpg','{\"filename\":\"product-22.jpg\",\"url\":\"ecommerce\\/digital-product-files\\/product-22.jpg\",\"mime_type\":\"image\\/jpeg\",\"size\":9730,\"modified\":\"2025-08-02 09:15:45\",\"name\":\"product-22\",\"extension\":\"jpg\"}','2025-08-02 02:15:45','2025-08-02 02:15:45'),(58,122,'ecommerce/digital-product-files/product-23.jpg','{\"filename\":\"product-23.jpg\",\"url\":\"ecommerce\\/digital-product-files\\/product-23.jpg\",\"mime_type\":\"image\\/jpeg\",\"size\":9730,\"modified\":\"2025-08-02 09:15:45\",\"name\":\"product-23\",\"extension\":\"jpg\"}','2025-08-02 02:15:45','2025-08-02 02:15:45'),(59,122,'ecommerce/digital-product-files/product-31.jpg','{\"filename\":\"product-31.jpg\",\"url\":\"ecommerce\\/digital-product-files\\/product-31.jpg\",\"mime_type\":\"image\\/jpeg\",\"size\":9730,\"modified\":\"2025-08-02 09:15:45\",\"name\":\"product-31\",\"extension\":\"jpg\"}','2025-08-02 02:15:45','2025-08-02 02:15:45'),(60,122,'ecommerce/digital-product-files/product-87.jpg','{\"filename\":\"product-87.jpg\",\"url\":\"ecommerce\\/digital-product-files\\/product-87.jpg\",\"mime_type\":\"image\\/jpeg\",\"size\":9730,\"modified\":\"2025-08-02 09:15:45\",\"name\":\"product-87\",\"extension\":\"jpg\"}','2025-08-02 02:15:45','2025-08-02 02:15:45'),(61,122,'ecommerce/digital-product-files/product-27.jpg','{\"filename\":\"product-27.jpg\",\"url\":\"ecommerce\\/digital-product-files\\/product-27.jpg\",\"mime_type\":\"image\\/jpeg\",\"size\":9730,\"modified\":\"2025-08-02 09:15:45\",\"name\":\"product-27\",\"extension\":\"jpg\"}','2025-08-02 02:15:45','2025-08-02 02:15:45'),(62,123,'ecommerce/digital-product-files/product-56.jpg','{\"filename\":\"product-56.jpg\",\"url\":\"ecommerce\\/digital-product-files\\/product-56.jpg\",\"mime_type\":\"image\\/jpeg\",\"size\":9730,\"modified\":\"2025-08-02 09:15:45\",\"name\":\"product-56\",\"extension\":\"jpg\"}','2025-08-02 02:15:45','2025-08-02 02:15:45'),(63,123,'ecommerce/digital-product-files/product-73.jpg','{\"filename\":\"product-73.jpg\",\"url\":\"ecommerce\\/digital-product-files\\/product-73.jpg\",\"mime_type\":\"image\\/jpeg\",\"size\":9730,\"modified\":\"2025-08-02 09:15:45\",\"name\":\"product-73\",\"extension\":\"jpg\"}','2025-08-02 02:15:45','2025-08-02 02:15:45'),(64,123,'ecommerce/digital-product-files/product-88.jpg','{\"filename\":\"product-88.jpg\",\"url\":\"ecommerce\\/digital-product-files\\/product-88.jpg\",\"mime_type\":\"image\\/jpeg\",\"size\":9730,\"modified\":\"2025-08-02 09:15:45\",\"name\":\"product-88\",\"extension\":\"jpg\"}','2025-08-02 02:15:45','2025-08-02 02:15:45'),(65,123,'ecommerce/digital-product-files/product-47.jpg','{\"filename\":\"product-47.jpg\",\"url\":\"ecommerce\\/digital-product-files\\/product-47.jpg\",\"mime_type\":\"image\\/jpeg\",\"size\":9730,\"modified\":\"2025-08-02 09:15:45\",\"name\":\"product-47\",\"extension\":\"jpg\"}','2025-08-02 02:15:45','2025-08-02 02:15:45'),(66,123,'ecommerce/digital-product-files/product-22.jpg','{\"filename\":\"product-22.jpg\",\"url\":\"ecommerce\\/digital-product-files\\/product-22.jpg\",\"mime_type\":\"image\\/jpeg\",\"size\":9730,\"modified\":\"2025-08-02 09:15:45\",\"name\":\"product-22\",\"extension\":\"jpg\"}','2025-08-02 02:15:45','2025-08-02 02:15:45'),(67,123,'ecommerce/digital-product-files/product-23.jpg','{\"filename\":\"product-23.jpg\",\"url\":\"ecommerce\\/digital-product-files\\/product-23.jpg\",\"mime_type\":\"image\\/jpeg\",\"size\":9730,\"modified\":\"2025-08-02 09:15:45\",\"name\":\"product-23\",\"extension\":\"jpg\"}','2025-08-02 02:15:45','2025-08-02 02:15:45'),(68,123,'ecommerce/digital-product-files/product-31.jpg','{\"filename\":\"product-31.jpg\",\"url\":\"ecommerce\\/digital-product-files\\/product-31.jpg\",\"mime_type\":\"image\\/jpeg\",\"size\":9730,\"modified\":\"2025-08-02 09:15:45\",\"name\":\"product-31\",\"extension\":\"jpg\"}','2025-08-02 02:15:45','2025-08-02 02:15:45'),(69,123,'ecommerce/digital-product-files/product-87.jpg','{\"filename\":\"product-87.jpg\",\"url\":\"ecommerce\\/digital-product-files\\/product-87.jpg\",\"mime_type\":\"image\\/jpeg\",\"size\":9730,\"modified\":\"2025-08-02 09:15:45\",\"name\":\"product-87\",\"extension\":\"jpg\"}','2025-08-02 02:15:45','2025-08-02 02:15:45'),(70,123,'ecommerce/digital-product-files/product-27.jpg','{\"filename\":\"product-27.jpg\",\"url\":\"ecommerce\\/digital-product-files\\/product-27.jpg\",\"mime_type\":\"image\\/jpeg\",\"size\":9730,\"modified\":\"2025-08-02 09:15:45\",\"name\":\"product-27\",\"extension\":\"jpg\"}','2025-08-02 02:15:45','2025-08-02 02:15:45'),(71,124,'ecommerce/digital-product-files/product-56.jpg','{\"filename\":\"product-56.jpg\",\"url\":\"ecommerce\\/digital-product-files\\/product-56.jpg\",\"mime_type\":\"image\\/jpeg\",\"size\":9730,\"modified\":\"2025-08-02 09:15:45\",\"name\":\"product-56\",\"extension\":\"jpg\"}','2025-08-02 02:15:45','2025-08-02 02:15:45'),(72,124,'ecommerce/digital-product-files/product-73.jpg','{\"filename\":\"product-73.jpg\",\"url\":\"ecommerce\\/digital-product-files\\/product-73.jpg\",\"mime_type\":\"image\\/jpeg\",\"size\":9730,\"modified\":\"2025-08-02 09:15:45\",\"name\":\"product-73\",\"extension\":\"jpg\"}','2025-08-02 02:15:45','2025-08-02 02:15:45'),(73,124,'ecommerce/digital-product-files/product-88.jpg','{\"filename\":\"product-88.jpg\",\"url\":\"ecommerce\\/digital-product-files\\/product-88.jpg\",\"mime_type\":\"image\\/jpeg\",\"size\":9730,\"modified\":\"2025-08-02 09:15:45\",\"name\":\"product-88\",\"extension\":\"jpg\"}','2025-08-02 02:15:45','2025-08-02 02:15:45'),(74,124,'ecommerce/digital-product-files/product-47.jpg','{\"filename\":\"product-47.jpg\",\"url\":\"ecommerce\\/digital-product-files\\/product-47.jpg\",\"mime_type\":\"image\\/jpeg\",\"size\":9730,\"modified\":\"2025-08-02 09:15:45\",\"name\":\"product-47\",\"extension\":\"jpg\"}','2025-08-02 02:15:45','2025-08-02 02:15:45'),(75,124,'ecommerce/digital-product-files/product-22.jpg','{\"filename\":\"product-22.jpg\",\"url\":\"ecommerce\\/digital-product-files\\/product-22.jpg\",\"mime_type\":\"image\\/jpeg\",\"size\":9730,\"modified\":\"2025-08-02 09:15:45\",\"name\":\"product-22\",\"extension\":\"jpg\"}','2025-08-02 02:15:45','2025-08-02 02:15:45'),(76,124,'ecommerce/digital-product-files/product-23.jpg','{\"filename\":\"product-23.jpg\",\"url\":\"ecommerce\\/digital-product-files\\/product-23.jpg\",\"mime_type\":\"image\\/jpeg\",\"size\":9730,\"modified\":\"2025-08-02 09:15:45\",\"name\":\"product-23\",\"extension\":\"jpg\"}','2025-08-02 02:15:45','2025-08-02 02:15:45'),(77,124,'ecommerce/digital-product-files/product-31.jpg','{\"filename\":\"product-31.jpg\",\"url\":\"ecommerce\\/digital-product-files\\/product-31.jpg\",\"mime_type\":\"image\\/jpeg\",\"size\":9730,\"modified\":\"2025-08-02 09:15:45\",\"name\":\"product-31\",\"extension\":\"jpg\"}','2025-08-02 02:15:45','2025-08-02 02:15:45'),(78,124,'ecommerce/digital-product-files/product-87.jpg','{\"filename\":\"product-87.jpg\",\"url\":\"ecommerce\\/digital-product-files\\/product-87.jpg\",\"mime_type\":\"image\\/jpeg\",\"size\":9730,\"modified\":\"2025-08-02 09:15:45\",\"name\":\"product-87\",\"extension\":\"jpg\"}','2025-08-02 02:15:45','2025-08-02 02:15:45'),(79,124,'ecommerce/digital-product-files/product-27.jpg','{\"filename\":\"product-27.jpg\",\"url\":\"ecommerce\\/digital-product-files\\/product-27.jpg\",\"mime_type\":\"image\\/jpeg\",\"size\":9730,\"modified\":\"2025-08-02 09:15:45\",\"name\":\"product-27\",\"extension\":\"jpg\"}','2025-08-02 02:15:45','2025-08-02 02:15:45'),(80,132,'ecommerce/digital-product-files/product-83.jpg','{\"filename\":\"product-83.jpg\",\"url\":\"ecommerce\\/digital-product-files\\/product-83.jpg\",\"mime_type\":\"image\\/jpeg\",\"size\":9730,\"modified\":\"2025-08-02 09:15:45\",\"name\":\"product-83\",\"extension\":\"jpg\"}','2025-08-02 02:15:45','2025-08-02 02:15:45'),(81,132,'ecommerce/digital-product-files/product-39.jpg','{\"filename\":\"product-39.jpg\",\"url\":\"ecommerce\\/digital-product-files\\/product-39.jpg\",\"mime_type\":\"image\\/jpeg\",\"size\":9730,\"modified\":\"2025-08-02 09:15:45\",\"name\":\"product-39\",\"extension\":\"jpg\"}','2025-08-02 02:15:45','2025-08-02 02:15:45'),(82,132,'ecommerce/digital-product-files/product-74.jpg','{\"filename\":\"product-74.jpg\",\"url\":\"ecommerce\\/digital-product-files\\/product-74.jpg\",\"mime_type\":\"image\\/jpeg\",\"size\":9730,\"modified\":\"2025-08-02 09:15:45\",\"name\":\"product-74\",\"extension\":\"jpg\"}','2025-08-02 02:15:45','2025-08-02 02:15:45'),(83,132,'ecommerce/digital-product-files/product-49.jpg','{\"filename\":\"product-49.jpg\",\"url\":\"ecommerce\\/digital-product-files\\/product-49.jpg\",\"mime_type\":\"image\\/jpeg\",\"size\":9730,\"modified\":\"2025-08-02 09:15:45\",\"name\":\"product-49\",\"extension\":\"jpg\"}','2025-08-02 02:15:45','2025-08-02 02:15:45'),(84,132,'ecommerce/digital-product-files/product-92.jpg','{\"filename\":\"product-92.jpg\",\"url\":\"ecommerce\\/digital-product-files\\/product-92.jpg\",\"mime_type\":\"image\\/jpeg\",\"size\":9730,\"modified\":\"2025-08-02 09:15:45\",\"name\":\"product-92\",\"extension\":\"jpg\"}','2025-08-02 02:15:45','2025-08-02 02:15:45'),(85,132,'ecommerce/digital-product-files/product-33.jpg','{\"filename\":\"product-33.jpg\",\"url\":\"ecommerce\\/digital-product-files\\/product-33.jpg\",\"mime_type\":\"image\\/jpeg\",\"size\":9730,\"modified\":\"2025-08-02 09:15:45\",\"name\":\"product-33\",\"extension\":\"jpg\"}','2025-08-02 02:15:45','2025-08-02 02:15:45'),(86,132,'ecommerce/digital-product-files/product-86.jpg','{\"filename\":\"product-86.jpg\",\"url\":\"ecommerce\\/digital-product-files\\/product-86.jpg\",\"mime_type\":\"image\\/jpeg\",\"size\":9730,\"modified\":\"2025-08-02 09:15:45\",\"name\":\"product-86\",\"extension\":\"jpg\"}','2025-08-02 02:15:45','2025-08-02 02:15:45'),(87,132,'ecommerce/digital-product-files/product-40.jpg','{\"filename\":\"product-40.jpg\",\"url\":\"ecommerce\\/digital-product-files\\/product-40.jpg\",\"mime_type\":\"image\\/jpeg\",\"size\":9730,\"modified\":\"2025-08-02 09:15:45\",\"name\":\"product-40\",\"extension\":\"jpg\"}','2025-08-02 02:15:45','2025-08-02 02:15:45'),(88,132,'ecommerce/digital-product-files/product-2.jpg','{\"filename\":\"product-2.jpg\",\"url\":\"ecommerce\\/digital-product-files\\/product-2.jpg\",\"mime_type\":\"image\\/jpeg\",\"size\":9730,\"modified\":\"2025-08-02 09:15:45\",\"name\":\"product-2\",\"extension\":\"jpg\"}','2025-08-02 02:15:45','2025-08-02 02:15:45'),(89,133,'ecommerce/digital-product-files/product-83.jpg','{\"filename\":\"product-83.jpg\",\"url\":\"ecommerce\\/digital-product-files\\/product-83.jpg\",\"mime_type\":\"image\\/jpeg\",\"size\":9730,\"modified\":\"2025-08-02 09:15:45\",\"name\":\"product-83\",\"extension\":\"jpg\"}','2025-08-02 02:15:45','2025-08-02 02:15:45'),(90,133,'ecommerce/digital-product-files/product-39.jpg','{\"filename\":\"product-39.jpg\",\"url\":\"ecommerce\\/digital-product-files\\/product-39.jpg\",\"mime_type\":\"image\\/jpeg\",\"size\":9730,\"modified\":\"2025-08-02 09:15:45\",\"name\":\"product-39\",\"extension\":\"jpg\"}','2025-08-02 02:15:45','2025-08-02 02:15:45'),(91,133,'ecommerce/digital-product-files/product-74.jpg','{\"filename\":\"product-74.jpg\",\"url\":\"ecommerce\\/digital-product-files\\/product-74.jpg\",\"mime_type\":\"image\\/jpeg\",\"size\":9730,\"modified\":\"2025-08-02 09:15:45\",\"name\":\"product-74\",\"extension\":\"jpg\"}','2025-08-02 02:15:45','2025-08-02 02:15:45'),(92,133,'ecommerce/digital-product-files/product-49.jpg','{\"filename\":\"product-49.jpg\",\"url\":\"ecommerce\\/digital-product-files\\/product-49.jpg\",\"mime_type\":\"image\\/jpeg\",\"size\":9730,\"modified\":\"2025-08-02 09:15:45\",\"name\":\"product-49\",\"extension\":\"jpg\"}','2025-08-02 02:15:45','2025-08-02 02:15:45'),(93,133,'ecommerce/digital-product-files/product-92.jpg','{\"filename\":\"product-92.jpg\",\"url\":\"ecommerce\\/digital-product-files\\/product-92.jpg\",\"mime_type\":\"image\\/jpeg\",\"size\":9730,\"modified\":\"2025-08-02 09:15:45\",\"name\":\"product-92\",\"extension\":\"jpg\"}','2025-08-02 02:15:45','2025-08-02 02:15:45'),(94,133,'ecommerce/digital-product-files/product-33.jpg','{\"filename\":\"product-33.jpg\",\"url\":\"ecommerce\\/digital-product-files\\/product-33.jpg\",\"mime_type\":\"image\\/jpeg\",\"size\":9730,\"modified\":\"2025-08-02 09:15:45\",\"name\":\"product-33\",\"extension\":\"jpg\"}','2025-08-02 02:15:45','2025-08-02 02:15:45'),(95,133,'ecommerce/digital-product-files/product-86.jpg','{\"filename\":\"product-86.jpg\",\"url\":\"ecommerce\\/digital-product-files\\/product-86.jpg\",\"mime_type\":\"image\\/jpeg\",\"size\":9730,\"modified\":\"2025-08-02 09:15:45\",\"name\":\"product-86\",\"extension\":\"jpg\"}','2025-08-02 02:15:45','2025-08-02 02:15:45'),(96,133,'ecommerce/digital-product-files/product-40.jpg','{\"filename\":\"product-40.jpg\",\"url\":\"ecommerce\\/digital-product-files\\/product-40.jpg\",\"mime_type\":\"image\\/jpeg\",\"size\":9730,\"modified\":\"2025-08-02 09:15:45\",\"name\":\"product-40\",\"extension\":\"jpg\"}','2025-08-02 02:15:45','2025-08-02 02:15:45'),(97,133,'ecommerce/digital-product-files/product-2.jpg','{\"filename\":\"product-2.jpg\",\"url\":\"ecommerce\\/digital-product-files\\/product-2.jpg\",\"mime_type\":\"image\\/jpeg\",\"size\":9730,\"modified\":\"2025-08-02 09:15:45\",\"name\":\"product-2\",\"extension\":\"jpg\"}','2025-08-02 02:15:45','2025-08-02 02:15:45'),(98,134,'ecommerce/digital-product-files/product-83.jpg','{\"filename\":\"product-83.jpg\",\"url\":\"ecommerce\\/digital-product-files\\/product-83.jpg\",\"mime_type\":\"image\\/jpeg\",\"size\":9730,\"modified\":\"2025-08-02 09:15:45\",\"name\":\"product-83\",\"extension\":\"jpg\"}','2025-08-02 02:15:45','2025-08-02 02:15:45'),(99,134,'ecommerce/digital-product-files/product-39.jpg','{\"filename\":\"product-39.jpg\",\"url\":\"ecommerce\\/digital-product-files\\/product-39.jpg\",\"mime_type\":\"image\\/jpeg\",\"size\":9730,\"modified\":\"2025-08-02 09:15:45\",\"name\":\"product-39\",\"extension\":\"jpg\"}','2025-08-02 02:15:45','2025-08-02 02:15:45'),(100,134,'ecommerce/digital-product-files/product-74.jpg','{\"filename\":\"product-74.jpg\",\"url\":\"ecommerce\\/digital-product-files\\/product-74.jpg\",\"mime_type\":\"image\\/jpeg\",\"size\":9730,\"modified\":\"2025-08-02 09:15:45\",\"name\":\"product-74\",\"extension\":\"jpg\"}','2025-08-02 02:15:45','2025-08-02 02:15:45'),(101,134,'ecommerce/digital-product-files/product-49.jpg','{\"filename\":\"product-49.jpg\",\"url\":\"ecommerce\\/digital-product-files\\/product-49.jpg\",\"mime_type\":\"image\\/jpeg\",\"size\":9730,\"modified\":\"2025-08-02 09:15:45\",\"name\":\"product-49\",\"extension\":\"jpg\"}','2025-08-02 02:15:45','2025-08-02 02:15:45'),(102,134,'ecommerce/digital-product-files/product-92.jpg','{\"filename\":\"product-92.jpg\",\"url\":\"ecommerce\\/digital-product-files\\/product-92.jpg\",\"mime_type\":\"image\\/jpeg\",\"size\":9730,\"modified\":\"2025-08-02 09:15:45\",\"name\":\"product-92\",\"extension\":\"jpg\"}','2025-08-02 02:15:45','2025-08-02 02:15:45'),(103,134,'ecommerce/digital-product-files/product-33.jpg','{\"filename\":\"product-33.jpg\",\"url\":\"ecommerce\\/digital-product-files\\/product-33.jpg\",\"mime_type\":\"image\\/jpeg\",\"size\":9730,\"modified\":\"2025-08-02 09:15:45\",\"name\":\"product-33\",\"extension\":\"jpg\"}','2025-08-02 02:15:45','2025-08-02 02:15:45'),(104,134,'ecommerce/digital-product-files/product-86.jpg','{\"filename\":\"product-86.jpg\",\"url\":\"ecommerce\\/digital-product-files\\/product-86.jpg\",\"mime_type\":\"image\\/jpeg\",\"size\":9730,\"modified\":\"2025-08-02 09:15:45\",\"name\":\"product-86\",\"extension\":\"jpg\"}','2025-08-02 02:15:45','2025-08-02 02:15:45'),(105,134,'ecommerce/digital-product-files/product-40.jpg','{\"filename\":\"product-40.jpg\",\"url\":\"ecommerce\\/digital-product-files\\/product-40.jpg\",\"mime_type\":\"image\\/jpeg\",\"size\":9730,\"modified\":\"2025-08-02 09:15:45\",\"name\":\"product-40\",\"extension\":\"jpg\"}','2025-08-02 02:15:45','2025-08-02 02:15:45'),(106,134,'ecommerce/digital-product-files/product-2.jpg','{\"filename\":\"product-2.jpg\",\"url\":\"ecommerce\\/digital-product-files\\/product-2.jpg\",\"mime_type\":\"image\\/jpeg\",\"size\":9730,\"modified\":\"2025-08-02 09:15:45\",\"name\":\"product-2\",\"extension\":\"jpg\"}','2025-08-02 02:15:45','2025-08-02 02:15:45'),(107,135,'ecommerce/digital-product-files/product-83.jpg','{\"filename\":\"product-83.jpg\",\"url\":\"ecommerce\\/digital-product-files\\/product-83.jpg\",\"mime_type\":\"image\\/jpeg\",\"size\":9730,\"modified\":\"2025-08-02 09:15:45\",\"name\":\"product-83\",\"extension\":\"jpg\"}','2025-08-02 02:15:45','2025-08-02 02:15:45'),(108,135,'ecommerce/digital-product-files/product-39.jpg','{\"filename\":\"product-39.jpg\",\"url\":\"ecommerce\\/digital-product-files\\/product-39.jpg\",\"mime_type\":\"image\\/jpeg\",\"size\":9730,\"modified\":\"2025-08-02 09:15:45\",\"name\":\"product-39\",\"extension\":\"jpg\"}','2025-08-02 02:15:45','2025-08-02 02:15:45'),(109,135,'ecommerce/digital-product-files/product-74.jpg','{\"filename\":\"product-74.jpg\",\"url\":\"ecommerce\\/digital-product-files\\/product-74.jpg\",\"mime_type\":\"image\\/jpeg\",\"size\":9730,\"modified\":\"2025-08-02 09:15:45\",\"name\":\"product-74\",\"extension\":\"jpg\"}','2025-08-02 02:15:45','2025-08-02 02:15:45'),(110,135,'ecommerce/digital-product-files/product-49.jpg','{\"filename\":\"product-49.jpg\",\"url\":\"ecommerce\\/digital-product-files\\/product-49.jpg\",\"mime_type\":\"image\\/jpeg\",\"size\":9730,\"modified\":\"2025-08-02 09:15:45\",\"name\":\"product-49\",\"extension\":\"jpg\"}','2025-08-02 02:15:45','2025-08-02 02:15:45'),(111,135,'ecommerce/digital-product-files/product-92.jpg','{\"filename\":\"product-92.jpg\",\"url\":\"ecommerce\\/digital-product-files\\/product-92.jpg\",\"mime_type\":\"image\\/jpeg\",\"size\":9730,\"modified\":\"2025-08-02 09:15:45\",\"name\":\"product-92\",\"extension\":\"jpg\"}','2025-08-02 02:15:45','2025-08-02 02:15:45'),(112,135,'ecommerce/digital-product-files/product-33.jpg','{\"filename\":\"product-33.jpg\",\"url\":\"ecommerce\\/digital-product-files\\/product-33.jpg\",\"mime_type\":\"image\\/jpeg\",\"size\":9730,\"modified\":\"2025-08-02 09:15:45\",\"name\":\"product-33\",\"extension\":\"jpg\"}','2025-08-02 02:15:45','2025-08-02 02:15:45'),(113,135,'ecommerce/digital-product-files/product-86.jpg','{\"filename\":\"product-86.jpg\",\"url\":\"ecommerce\\/digital-product-files\\/product-86.jpg\",\"mime_type\":\"image\\/jpeg\",\"size\":9730,\"modified\":\"2025-08-02 09:15:45\",\"name\":\"product-86\",\"extension\":\"jpg\"}','2025-08-02 02:15:45','2025-08-02 02:15:45'),(114,135,'ecommerce/digital-product-files/product-40.jpg','{\"filename\":\"product-40.jpg\",\"url\":\"ecommerce\\/digital-product-files\\/product-40.jpg\",\"mime_type\":\"image\\/jpeg\",\"size\":9730,\"modified\":\"2025-08-02 09:15:45\",\"name\":\"product-40\",\"extension\":\"jpg\"}','2025-08-02 02:15:45','2025-08-02 02:15:45'),(115,135,'ecommerce/digital-product-files/product-2.jpg','{\"filename\":\"product-2.jpg\",\"url\":\"ecommerce\\/digital-product-files\\/product-2.jpg\",\"mime_type\":\"image\\/jpeg\",\"size\":9730,\"modified\":\"2025-08-02 09:15:45\",\"name\":\"product-2\",\"extension\":\"jpg\"}','2025-08-02 02:15:45','2025-08-02 02:15:45'),(116,145,'ecommerce/digital-product-files/product-59.jpg','{\"filename\":\"product-59.jpg\",\"url\":\"ecommerce\\/digital-product-files\\/product-59.jpg\",\"mime_type\":\"image\\/jpeg\",\"size\":9730,\"modified\":\"2025-08-02 09:15:45\",\"name\":\"product-59\",\"extension\":\"jpg\"}','2025-08-02 02:15:45','2025-08-02 02:15:45'),(117,145,'ecommerce/digital-product-files/product-68.jpg','{\"filename\":\"product-68.jpg\",\"url\":\"ecommerce\\/digital-product-files\\/product-68.jpg\",\"mime_type\":\"image\\/jpeg\",\"size\":9730,\"modified\":\"2025-08-02 09:15:45\",\"name\":\"product-68\",\"extension\":\"jpg\"}','2025-08-02 02:15:45','2025-08-02 02:15:45'),(118,145,'ecommerce/digital-product-files/product-90.jpg','{\"filename\":\"product-90.jpg\",\"url\":\"ecommerce\\/digital-product-files\\/product-90.jpg\",\"mime_type\":\"image\\/jpeg\",\"size\":9730,\"modified\":\"2025-08-02 09:15:45\",\"name\":\"product-90\",\"extension\":\"jpg\"}','2025-08-02 02:15:45','2025-08-02 02:15:45'),(119,145,'ecommerce/digital-product-files/product-36.jpg','{\"filename\":\"product-36.jpg\",\"url\":\"ecommerce\\/digital-product-files\\/product-36.jpg\",\"mime_type\":\"image\\/jpeg\",\"size\":9730,\"modified\":\"2025-08-02 09:15:45\",\"name\":\"product-36\",\"extension\":\"jpg\"}','2025-08-02 02:15:45','2025-08-02 02:15:45'),(120,145,'ecommerce/digital-product-files/product-64.jpg','{\"filename\":\"product-64.jpg\",\"url\":\"ecommerce\\/digital-product-files\\/product-64.jpg\",\"mime_type\":\"image\\/jpeg\",\"size\":9730,\"modified\":\"2025-08-02 09:15:45\",\"name\":\"product-64\",\"extension\":\"jpg\"}','2025-08-02 02:15:45','2025-08-02 02:15:45'),(121,145,'ecommerce/digital-product-files/product-83.jpg','{\"filename\":\"product-83.jpg\",\"url\":\"ecommerce\\/digital-product-files\\/product-83.jpg\",\"mime_type\":\"image\\/jpeg\",\"size\":9730,\"modified\":\"2025-08-02 09:15:45\",\"name\":\"product-83\",\"extension\":\"jpg\"}','2025-08-02 02:15:45','2025-08-02 02:15:45'),(122,145,'ecommerce/digital-product-files/product-52.jpg','{\"filename\":\"product-52.jpg\",\"url\":\"ecommerce\\/digital-product-files\\/product-52.jpg\",\"mime_type\":\"image\\/jpeg\",\"size\":9730,\"modified\":\"2025-08-02 09:15:45\",\"name\":\"product-52\",\"extension\":\"jpg\"}','2025-08-02 02:15:45','2025-08-02 02:15:45'),(123,145,'ecommerce/digital-product-files/product-3.jpg','{\"filename\":\"product-3.jpg\",\"url\":\"ecommerce\\/digital-product-files\\/product-3.jpg\",\"mime_type\":\"image\\/jpeg\",\"size\":9730,\"modified\":\"2025-08-02 09:15:45\",\"name\":\"product-3\",\"extension\":\"jpg\"}','2025-08-02 02:15:45','2025-08-02 02:15:45'),(124,145,'ecommerce/digital-product-files/product-70.jpg','{\"filename\":\"product-70.jpg\",\"url\":\"ecommerce\\/digital-product-files\\/product-70.jpg\",\"mime_type\":\"image\\/jpeg\",\"size\":9730,\"modified\":\"2025-08-02 09:15:45\",\"name\":\"product-70\",\"extension\":\"jpg\"}','2025-08-02 02:15:45','2025-08-02 02:15:45'),(125,154,'ecommerce/digital-product-files/product-83.jpg','{\"filename\":\"product-83.jpg\",\"url\":\"ecommerce\\/digital-product-files\\/product-83.jpg\",\"mime_type\":\"image\\/jpeg\",\"size\":9730,\"modified\":\"2025-08-02 09:15:45\",\"name\":\"product-83\",\"extension\":\"jpg\"}','2025-08-02 02:15:45','2025-08-02 02:15:45'),(126,154,'ecommerce/digital-product-files/product-66.jpg','{\"filename\":\"product-66.jpg\",\"url\":\"ecommerce\\/digital-product-files\\/product-66.jpg\",\"mime_type\":\"image\\/jpeg\",\"size\":9730,\"modified\":\"2025-08-02 09:15:45\",\"name\":\"product-66\",\"extension\":\"jpg\"}','2025-08-02 02:15:45','2025-08-02 02:15:45'),(127,154,'ecommerce/digital-product-files/product-85.jpg','{\"filename\":\"product-85.jpg\",\"url\":\"ecommerce\\/digital-product-files\\/product-85.jpg\",\"mime_type\":\"image\\/jpeg\",\"size\":9730,\"modified\":\"2025-08-02 09:15:45\",\"name\":\"product-85\",\"extension\":\"jpg\"}','2025-08-02 02:15:45','2025-08-02 02:15:45'),(128,154,'ecommerce/digital-product-files/product-27.jpg','{\"filename\":\"product-27.jpg\",\"url\":\"ecommerce\\/digital-product-files\\/product-27.jpg\",\"mime_type\":\"image\\/jpeg\",\"size\":9730,\"modified\":\"2025-08-02 09:15:45\",\"name\":\"product-27\",\"extension\":\"jpg\"}','2025-08-02 02:15:45','2025-08-02 02:15:45'),(129,154,'ecommerce/digital-product-files/product-52.jpg','{\"filename\":\"product-52.jpg\",\"url\":\"ecommerce\\/digital-product-files\\/product-52.jpg\",\"mime_type\":\"image\\/jpeg\",\"size\":9730,\"modified\":\"2025-08-02 09:15:45\",\"name\":\"product-52\",\"extension\":\"jpg\"}','2025-08-02 02:15:45','2025-08-02 02:15:45'),(130,154,'ecommerce/digital-product-files/product-44.jpg','{\"filename\":\"product-44.jpg\",\"url\":\"ecommerce\\/digital-product-files\\/product-44.jpg\",\"mime_type\":\"image\\/jpeg\",\"size\":9730,\"modified\":\"2025-08-02 09:15:45\",\"name\":\"product-44\",\"extension\":\"jpg\"}','2025-08-02 02:15:45','2025-08-02 02:15:45'),(131,155,'ecommerce/digital-product-files/product-83.jpg','{\"filename\":\"product-83.jpg\",\"url\":\"ecommerce\\/digital-product-files\\/product-83.jpg\",\"mime_type\":\"image\\/jpeg\",\"size\":9730,\"modified\":\"2025-08-02 09:15:45\",\"name\":\"product-83\",\"extension\":\"jpg\"}','2025-08-02 02:15:45','2025-08-02 02:15:45'),(132,155,'ecommerce/digital-product-files/product-66.jpg','{\"filename\":\"product-66.jpg\",\"url\":\"ecommerce\\/digital-product-files\\/product-66.jpg\",\"mime_type\":\"image\\/jpeg\",\"size\":9730,\"modified\":\"2025-08-02 09:15:45\",\"name\":\"product-66\",\"extension\":\"jpg\"}','2025-08-02 02:15:45','2025-08-02 02:15:45'),(133,155,'ecommerce/digital-product-files/product-85.jpg','{\"filename\":\"product-85.jpg\",\"url\":\"ecommerce\\/digital-product-files\\/product-85.jpg\",\"mime_type\":\"image\\/jpeg\",\"size\":9730,\"modified\":\"2025-08-02 09:15:45\",\"name\":\"product-85\",\"extension\":\"jpg\"}','2025-08-02 02:15:45','2025-08-02 02:15:45'),(134,155,'ecommerce/digital-product-files/product-27.jpg','{\"filename\":\"product-27.jpg\",\"url\":\"ecommerce\\/digital-product-files\\/product-27.jpg\",\"mime_type\":\"image\\/jpeg\",\"size\":9730,\"modified\":\"2025-08-02 09:15:45\",\"name\":\"product-27\",\"extension\":\"jpg\"}','2025-08-02 02:15:45','2025-08-02 02:15:45'),(135,155,'ecommerce/digital-product-files/product-52.jpg','{\"filename\":\"product-52.jpg\",\"url\":\"ecommerce\\/digital-product-files\\/product-52.jpg\",\"mime_type\":\"image\\/jpeg\",\"size\":9730,\"modified\":\"2025-08-02 09:15:45\",\"name\":\"product-52\",\"extension\":\"jpg\"}','2025-08-02 02:15:45','2025-08-02 02:15:45'),(136,155,'ecommerce/digital-product-files/product-44.jpg','{\"filename\":\"product-44.jpg\",\"url\":\"ecommerce\\/digital-product-files\\/product-44.jpg\",\"mime_type\":\"image\\/jpeg\",\"size\":9730,\"modified\":\"2025-08-02 09:15:45\",\"name\":\"product-44\",\"extension\":\"jpg\"}','2025-08-02 02:15:45','2025-08-02 02:15:45'),(137,156,'ecommerce/digital-product-files/product-83.jpg','{\"filename\":\"product-83.jpg\",\"url\":\"ecommerce\\/digital-product-files\\/product-83.jpg\",\"mime_type\":\"image\\/jpeg\",\"size\":9730,\"modified\":\"2025-08-02 09:15:45\",\"name\":\"product-83\",\"extension\":\"jpg\"}','2025-08-02 02:15:45','2025-08-02 02:15:45'),(138,156,'ecommerce/digital-product-files/product-66.jpg','{\"filename\":\"product-66.jpg\",\"url\":\"ecommerce\\/digital-product-files\\/product-66.jpg\",\"mime_type\":\"image\\/jpeg\",\"size\":9730,\"modified\":\"2025-08-02 09:15:45\",\"name\":\"product-66\",\"extension\":\"jpg\"}','2025-08-02 02:15:45','2025-08-02 02:15:45'),(139,156,'ecommerce/digital-product-files/product-85.jpg','{\"filename\":\"product-85.jpg\",\"url\":\"ecommerce\\/digital-product-files\\/product-85.jpg\",\"mime_type\":\"image\\/jpeg\",\"size\":9730,\"modified\":\"2025-08-02 09:15:45\",\"name\":\"product-85\",\"extension\":\"jpg\"}','2025-08-02 02:15:45','2025-08-02 02:15:45'),(140,156,'ecommerce/digital-product-files/product-27.jpg','{\"filename\":\"product-27.jpg\",\"url\":\"ecommerce\\/digital-product-files\\/product-27.jpg\",\"mime_type\":\"image\\/jpeg\",\"size\":9730,\"modified\":\"2025-08-02 09:15:45\",\"name\":\"product-27\",\"extension\":\"jpg\"}','2025-08-02 02:15:45','2025-08-02 02:15:45'),(141,156,'ecommerce/digital-product-files/product-52.jpg','{\"filename\":\"product-52.jpg\",\"url\":\"ecommerce\\/digital-product-files\\/product-52.jpg\",\"mime_type\":\"image\\/jpeg\",\"size\":9730,\"modified\":\"2025-08-02 09:15:45\",\"name\":\"product-52\",\"extension\":\"jpg\"}','2025-08-02 02:15:45','2025-08-02 02:15:45'),(142,156,'ecommerce/digital-product-files/product-44.jpg','{\"filename\":\"product-44.jpg\",\"url\":\"ecommerce\\/digital-product-files\\/product-44.jpg\",\"mime_type\":\"image\\/jpeg\",\"size\":9730,\"modified\":\"2025-08-02 09:15:45\",\"name\":\"product-44\",\"extension\":\"jpg\"}','2025-08-02 02:15:45','2025-08-02 02:15:45'),(143,157,'ecommerce/digital-product-files/product-83.jpg','{\"filename\":\"product-83.jpg\",\"url\":\"ecommerce\\/digital-product-files\\/product-83.jpg\",\"mime_type\":\"image\\/jpeg\",\"size\":9730,\"modified\":\"2025-08-02 09:15:45\",\"name\":\"product-83\",\"extension\":\"jpg\"}','2025-08-02 02:15:45','2025-08-02 02:15:45'),(144,157,'ecommerce/digital-product-files/product-66.jpg','{\"filename\":\"product-66.jpg\",\"url\":\"ecommerce\\/digital-product-files\\/product-66.jpg\",\"mime_type\":\"image\\/jpeg\",\"size\":9730,\"modified\":\"2025-08-02 09:15:45\",\"name\":\"product-66\",\"extension\":\"jpg\"}','2025-08-02 02:15:45','2025-08-02 02:15:45'),(145,157,'ecommerce/digital-product-files/product-85.jpg','{\"filename\":\"product-85.jpg\",\"url\":\"ecommerce\\/digital-product-files\\/product-85.jpg\",\"mime_type\":\"image\\/jpeg\",\"size\":9730,\"modified\":\"2025-08-02 09:15:45\",\"name\":\"product-85\",\"extension\":\"jpg\"}','2025-08-02 02:15:45','2025-08-02 02:15:45'),(146,157,'ecommerce/digital-product-files/product-27.jpg','{\"filename\":\"product-27.jpg\",\"url\":\"ecommerce\\/digital-product-files\\/product-27.jpg\",\"mime_type\":\"image\\/jpeg\",\"size\":9730,\"modified\":\"2025-08-02 09:15:45\",\"name\":\"product-27\",\"extension\":\"jpg\"}','2025-08-02 02:15:45','2025-08-02 02:15:45'),(147,157,'ecommerce/digital-product-files/product-52.jpg','{\"filename\":\"product-52.jpg\",\"url\":\"ecommerce\\/digital-product-files\\/product-52.jpg\",\"mime_type\":\"image\\/jpeg\",\"size\":9730,\"modified\":\"2025-08-02 09:15:45\",\"name\":\"product-52\",\"extension\":\"jpg\"}','2025-08-02 02:15:45','2025-08-02 02:15:45'),(148,157,'ecommerce/digital-product-files/product-44.jpg','{\"filename\":\"product-44.jpg\",\"url\":\"ecommerce\\/digital-product-files\\/product-44.jpg\",\"mime_type\":\"image\\/jpeg\",\"size\":9730,\"modified\":\"2025-08-02 09:15:45\",\"name\":\"product-44\",\"extension\":\"jpg\"}','2025-08-02 02:15:45','2025-08-02 02:15:45'),(149,164,'ecommerce/digital-product-files/product-5.jpg','{\"filename\":\"product-5.jpg\",\"url\":\"ecommerce\\/digital-product-files\\/product-5.jpg\",\"mime_type\":\"image\\/jpeg\",\"size\":9730,\"modified\":\"2025-08-02 09:15:45\",\"name\":\"product-5\",\"extension\":\"jpg\"}','2025-08-02 02:15:45','2025-08-02 02:15:45'),(150,164,'ecommerce/digital-product-files/product-92.jpg','{\"filename\":\"product-92.jpg\",\"url\":\"ecommerce\\/digital-product-files\\/product-92.jpg\",\"mime_type\":\"image\\/jpeg\",\"size\":9730,\"modified\":\"2025-08-02 09:15:45\",\"name\":\"product-92\",\"extension\":\"jpg\"}','2025-08-02 02:15:45','2025-08-02 02:15:45'),(151,164,'ecommerce/digital-product-files/product-44.jpg','{\"filename\":\"product-44.jpg\",\"url\":\"ecommerce\\/digital-product-files\\/product-44.jpg\",\"mime_type\":\"image\\/jpeg\",\"size\":9730,\"modified\":\"2025-08-02 09:15:45\",\"name\":\"product-44\",\"extension\":\"jpg\"}','2025-08-02 02:15:45','2025-08-02 02:15:45'),(152,164,'ecommerce/digital-product-files/product-63.jpg','{\"filename\":\"product-63.jpg\",\"url\":\"ecommerce\\/digital-product-files\\/product-63.jpg\",\"mime_type\":\"image\\/jpeg\",\"size\":9730,\"modified\":\"2025-08-02 09:15:45\",\"name\":\"product-63\",\"extension\":\"jpg\"}','2025-08-02 02:15:45','2025-08-02 02:15:45'),(153,164,'ecommerce/digital-product-files/product-78.jpg','{\"filename\":\"product-78.jpg\",\"url\":\"ecommerce\\/digital-product-files\\/product-78.jpg\",\"mime_type\":\"image\\/jpeg\",\"size\":9730,\"modified\":\"2025-08-02 09:15:45\",\"name\":\"product-78\",\"extension\":\"jpg\"}','2025-08-02 02:15:45','2025-08-02 02:15:45'),(154,165,'ecommerce/digital-product-files/product-5.jpg','{\"filename\":\"product-5.jpg\",\"url\":\"ecommerce\\/digital-product-files\\/product-5.jpg\",\"mime_type\":\"image\\/jpeg\",\"size\":9730,\"modified\":\"2025-08-02 09:15:45\",\"name\":\"product-5\",\"extension\":\"jpg\"}','2025-08-02 02:15:45','2025-08-02 02:15:45'),(155,165,'ecommerce/digital-product-files/product-92.jpg','{\"filename\":\"product-92.jpg\",\"url\":\"ecommerce\\/digital-product-files\\/product-92.jpg\",\"mime_type\":\"image\\/jpeg\",\"size\":9730,\"modified\":\"2025-08-02 09:15:45\",\"name\":\"product-92\",\"extension\":\"jpg\"}','2025-08-02 02:15:45','2025-08-02 02:15:45'),(156,165,'ecommerce/digital-product-files/product-44.jpg','{\"filename\":\"product-44.jpg\",\"url\":\"ecommerce\\/digital-product-files\\/product-44.jpg\",\"mime_type\":\"image\\/jpeg\",\"size\":9730,\"modified\":\"2025-08-02 09:15:45\",\"name\":\"product-44\",\"extension\":\"jpg\"}','2025-08-02 02:15:45','2025-08-02 02:15:45'),(157,165,'ecommerce/digital-product-files/product-63.jpg','{\"filename\":\"product-63.jpg\",\"url\":\"ecommerce\\/digital-product-files\\/product-63.jpg\",\"mime_type\":\"image\\/jpeg\",\"size\":9730,\"modified\":\"2025-08-02 09:15:45\",\"name\":\"product-63\",\"extension\":\"jpg\"}','2025-08-02 02:15:45','2025-08-02 02:15:45'),(158,165,'ecommerce/digital-product-files/product-78.jpg','{\"filename\":\"product-78.jpg\",\"url\":\"ecommerce\\/digital-product-files\\/product-78.jpg\",\"mime_type\":\"image\\/jpeg\",\"size\":9730,\"modified\":\"2025-08-02 09:15:45\",\"name\":\"product-78\",\"extension\":\"jpg\"}','2025-08-02 02:15:45','2025-08-02 02:15:45'),(159,166,'ecommerce/digital-product-files/product-5.jpg','{\"filename\":\"product-5.jpg\",\"url\":\"ecommerce\\/digital-product-files\\/product-5.jpg\",\"mime_type\":\"image\\/jpeg\",\"size\":9730,\"modified\":\"2025-08-02 09:15:46\",\"name\":\"product-5\",\"extension\":\"jpg\"}','2025-08-02 02:15:46','2025-08-02 02:15:46'),(160,166,'ecommerce/digital-product-files/product-92.jpg','{\"filename\":\"product-92.jpg\",\"url\":\"ecommerce\\/digital-product-files\\/product-92.jpg\",\"mime_type\":\"image\\/jpeg\",\"size\":9730,\"modified\":\"2025-08-02 09:15:46\",\"name\":\"product-92\",\"extension\":\"jpg\"}','2025-08-02 02:15:46','2025-08-02 02:15:46'),(161,166,'ecommerce/digital-product-files/product-44.jpg','{\"filename\":\"product-44.jpg\",\"url\":\"ecommerce\\/digital-product-files\\/product-44.jpg\",\"mime_type\":\"image\\/jpeg\",\"size\":9730,\"modified\":\"2025-08-02 09:15:46\",\"name\":\"product-44\",\"extension\":\"jpg\"}','2025-08-02 02:15:46','2025-08-02 02:15:46'),(162,166,'ecommerce/digital-product-files/product-63.jpg','{\"filename\":\"product-63.jpg\",\"url\":\"ecommerce\\/digital-product-files\\/product-63.jpg\",\"mime_type\":\"image\\/jpeg\",\"size\":9730,\"modified\":\"2025-08-02 09:15:46\",\"name\":\"product-63\",\"extension\":\"jpg\"}','2025-08-02 02:15:46','2025-08-02 02:15:46'),(163,166,'ecommerce/digital-product-files/product-78.jpg','{\"filename\":\"product-78.jpg\",\"url\":\"ecommerce\\/digital-product-files\\/product-78.jpg\",\"mime_type\":\"image\\/jpeg\",\"size\":9730,\"modified\":\"2025-08-02 09:15:46\",\"name\":\"product-78\",\"extension\":\"jpg\"}','2025-08-02 02:15:46','2025-08-02 02:15:46'),(164,167,'ecommerce/digital-product-files/product-5.jpg','{\"filename\":\"product-5.jpg\",\"url\":\"ecommerce\\/digital-product-files\\/product-5.jpg\",\"mime_type\":\"image\\/jpeg\",\"size\":9730,\"modified\":\"2025-08-02 09:15:46\",\"name\":\"product-5\",\"extension\":\"jpg\"}','2025-08-02 02:15:46','2025-08-02 02:15:46'),(165,167,'ecommerce/digital-product-files/product-92.jpg','{\"filename\":\"product-92.jpg\",\"url\":\"ecommerce\\/digital-product-files\\/product-92.jpg\",\"mime_type\":\"image\\/jpeg\",\"size\":9730,\"modified\":\"2025-08-02 09:15:46\",\"name\":\"product-92\",\"extension\":\"jpg\"}','2025-08-02 02:15:46','2025-08-02 02:15:46'),(166,167,'ecommerce/digital-product-files/product-44.jpg','{\"filename\":\"product-44.jpg\",\"url\":\"ecommerce\\/digital-product-files\\/product-44.jpg\",\"mime_type\":\"image\\/jpeg\",\"size\":9730,\"modified\":\"2025-08-02 09:15:46\",\"name\":\"product-44\",\"extension\":\"jpg\"}','2025-08-02 02:15:46','2025-08-02 02:15:46'),(167,167,'ecommerce/digital-product-files/product-63.jpg','{\"filename\":\"product-63.jpg\",\"url\":\"ecommerce\\/digital-product-files\\/product-63.jpg\",\"mime_type\":\"image\\/jpeg\",\"size\":9730,\"modified\":\"2025-08-02 09:15:46\",\"name\":\"product-63\",\"extension\":\"jpg\"}','2025-08-02 02:15:46','2025-08-02 02:15:46'),(168,167,'ecommerce/digital-product-files/product-78.jpg','{\"filename\":\"product-78.jpg\",\"url\":\"ecommerce\\/digital-product-files\\/product-78.jpg\",\"mime_type\":\"image\\/jpeg\",\"size\":9730,\"modified\":\"2025-08-02 09:15:46\",\"name\":\"product-78\",\"extension\":\"jpg\"}','2025-08-02 02:15:46','2025-08-02 02:15:46'),(169,176,'ecommerce/digital-product-files/product-58.jpg','{\"filename\":\"product-58.jpg\",\"url\":\"ecommerce\\/digital-product-files\\/product-58.jpg\",\"mime_type\":\"image\\/jpeg\",\"size\":9730,\"modified\":\"2025-08-02 09:15:46\",\"name\":\"product-58\",\"extension\":\"jpg\"}','2025-08-02 02:15:46','2025-08-02 02:15:46'),(170,176,'ecommerce/digital-product-files/product-73.jpg','{\"filename\":\"product-73.jpg\",\"url\":\"ecommerce\\/digital-product-files\\/product-73.jpg\",\"mime_type\":\"image\\/jpeg\",\"size\":9730,\"modified\":\"2025-08-02 09:15:46\",\"name\":\"product-73\",\"extension\":\"jpg\"}','2025-08-02 02:15:46','2025-08-02 02:15:46'),(171,176,'ecommerce/digital-product-files/product-53.jpg','{\"filename\":\"product-53.jpg\",\"url\":\"ecommerce\\/digital-product-files\\/product-53.jpg\",\"mime_type\":\"image\\/jpeg\",\"size\":9730,\"modified\":\"2025-08-02 09:15:46\",\"name\":\"product-53\",\"extension\":\"jpg\"}','2025-08-02 02:15:46','2025-08-02 02:15:46'),(172,176,'ecommerce/digital-product-files/product-91.jpg','{\"filename\":\"product-91.jpg\",\"url\":\"ecommerce\\/digital-product-files\\/product-91.jpg\",\"mime_type\":\"image\\/jpeg\",\"size\":9730,\"modified\":\"2025-08-02 09:15:46\",\"name\":\"product-91\",\"extension\":\"jpg\"}','2025-08-02 02:15:46','2025-08-02 02:15:46'),(173,176,'ecommerce/digital-product-files/product-89.jpg','{\"filename\":\"product-89.jpg\",\"url\":\"ecommerce\\/digital-product-files\\/product-89.jpg\",\"mime_type\":\"image\\/jpeg\",\"size\":9730,\"modified\":\"2025-08-02 09:15:46\",\"name\":\"product-89\",\"extension\":\"jpg\"}','2025-08-02 02:15:46','2025-08-02 02:15:46'),(174,176,'ecommerce/digital-product-files/product-77.jpg','{\"filename\":\"product-77.jpg\",\"url\":\"ecommerce\\/digital-product-files\\/product-77.jpg\",\"mime_type\":\"image\\/jpeg\",\"size\":9730,\"modified\":\"2025-08-02 09:15:46\",\"name\":\"product-77\",\"extension\":\"jpg\"}','2025-08-02 02:15:46','2025-08-02 02:15:46'),(175,176,'ecommerce/digital-product-files/product-8.jpg','{\"filename\":\"product-8.jpg\",\"url\":\"ecommerce\\/digital-product-files\\/product-8.jpg\",\"mime_type\":\"image\\/jpeg\",\"size\":9730,\"modified\":\"2025-08-02 09:15:46\",\"name\":\"product-8\",\"extension\":\"jpg\"}','2025-08-02 02:15:46','2025-08-02 02:15:46'),(176,176,'ecommerce/digital-product-files/product-94.jpg','{\"filename\":\"product-94.jpg\",\"url\":\"ecommerce\\/digital-product-files\\/product-94.jpg\",\"mime_type\":\"image\\/jpeg\",\"size\":9730,\"modified\":\"2025-08-02 09:15:46\",\"name\":\"product-94\",\"extension\":\"jpg\"}','2025-08-02 02:15:46','2025-08-02 02:15:46'),(177,177,'ecommerce/digital-product-files/product-58.jpg','{\"filename\":\"product-58.jpg\",\"url\":\"ecommerce\\/digital-product-files\\/product-58.jpg\",\"mime_type\":\"image\\/jpeg\",\"size\":9730,\"modified\":\"2025-08-02 09:15:46\",\"name\":\"product-58\",\"extension\":\"jpg\"}','2025-08-02 02:15:46','2025-08-02 02:15:46'),(178,177,'ecommerce/digital-product-files/product-73.jpg','{\"filename\":\"product-73.jpg\",\"url\":\"ecommerce\\/digital-product-files\\/product-73.jpg\",\"mime_type\":\"image\\/jpeg\",\"size\":9730,\"modified\":\"2025-08-02 09:15:46\",\"name\":\"product-73\",\"extension\":\"jpg\"}','2025-08-02 02:15:46','2025-08-02 02:15:46'),(179,177,'ecommerce/digital-product-files/product-53.jpg','{\"filename\":\"product-53.jpg\",\"url\":\"ecommerce\\/digital-product-files\\/product-53.jpg\",\"mime_type\":\"image\\/jpeg\",\"size\":9730,\"modified\":\"2025-08-02 09:15:46\",\"name\":\"product-53\",\"extension\":\"jpg\"}','2025-08-02 02:15:46','2025-08-02 02:15:46'),(180,177,'ecommerce/digital-product-files/product-91.jpg','{\"filename\":\"product-91.jpg\",\"url\":\"ecommerce\\/digital-product-files\\/product-91.jpg\",\"mime_type\":\"image\\/jpeg\",\"size\":9730,\"modified\":\"2025-08-02 09:15:46\",\"name\":\"product-91\",\"extension\":\"jpg\"}','2025-08-02 02:15:46','2025-08-02 02:15:46'),(181,177,'ecommerce/digital-product-files/product-89.jpg','{\"filename\":\"product-89.jpg\",\"url\":\"ecommerce\\/digital-product-files\\/product-89.jpg\",\"mime_type\":\"image\\/jpeg\",\"size\":9730,\"modified\":\"2025-08-02 09:15:46\",\"name\":\"product-89\",\"extension\":\"jpg\"}','2025-08-02 02:15:46','2025-08-02 02:15:46'),(182,177,'ecommerce/digital-product-files/product-77.jpg','{\"filename\":\"product-77.jpg\",\"url\":\"ecommerce\\/digital-product-files\\/product-77.jpg\",\"mime_type\":\"image\\/jpeg\",\"size\":9730,\"modified\":\"2025-08-02 09:15:46\",\"name\":\"product-77\",\"extension\":\"jpg\"}','2025-08-02 02:15:46','2025-08-02 02:15:46'),(183,177,'ecommerce/digital-product-files/product-8.jpg','{\"filename\":\"product-8.jpg\",\"url\":\"ecommerce\\/digital-product-files\\/product-8.jpg\",\"mime_type\":\"image\\/jpeg\",\"size\":9730,\"modified\":\"2025-08-02 09:15:46\",\"name\":\"product-8\",\"extension\":\"jpg\"}','2025-08-02 02:15:46','2025-08-02 02:15:46'),(184,177,'ecommerce/digital-product-files/product-94.jpg','{\"filename\":\"product-94.jpg\",\"url\":\"ecommerce\\/digital-product-files\\/product-94.jpg\",\"mime_type\":\"image\\/jpeg\",\"size\":9730,\"modified\":\"2025-08-02 09:15:46\",\"name\":\"product-94\",\"extension\":\"jpg\"}','2025-08-02 02:15:46','2025-08-02 02:15:46'),(185,178,'ecommerce/digital-product-files/product-58.jpg','{\"filename\":\"product-58.jpg\",\"url\":\"ecommerce\\/digital-product-files\\/product-58.jpg\",\"mime_type\":\"image\\/jpeg\",\"size\":9730,\"modified\":\"2025-08-02 09:15:46\",\"name\":\"product-58\",\"extension\":\"jpg\"}','2025-08-02 02:15:46','2025-08-02 02:15:46'),(186,178,'ecommerce/digital-product-files/product-73.jpg','{\"filename\":\"product-73.jpg\",\"url\":\"ecommerce\\/digital-product-files\\/product-73.jpg\",\"mime_type\":\"image\\/jpeg\",\"size\":9730,\"modified\":\"2025-08-02 09:15:46\",\"name\":\"product-73\",\"extension\":\"jpg\"}','2025-08-02 02:15:46','2025-08-02 02:15:46'),(187,178,'ecommerce/digital-product-files/product-53.jpg','{\"filename\":\"product-53.jpg\",\"url\":\"ecommerce\\/digital-product-files\\/product-53.jpg\",\"mime_type\":\"image\\/jpeg\",\"size\":9730,\"modified\":\"2025-08-02 09:15:46\",\"name\":\"product-53\",\"extension\":\"jpg\"}','2025-08-02 02:15:46','2025-08-02 02:15:46'),(188,178,'ecommerce/digital-product-files/product-91.jpg','{\"filename\":\"product-91.jpg\",\"url\":\"ecommerce\\/digital-product-files\\/product-91.jpg\",\"mime_type\":\"image\\/jpeg\",\"size\":9730,\"modified\":\"2025-08-02 09:15:46\",\"name\":\"product-91\",\"extension\":\"jpg\"}','2025-08-02 02:15:46','2025-08-02 02:15:46'),(189,178,'ecommerce/digital-product-files/product-89.jpg','{\"filename\":\"product-89.jpg\",\"url\":\"ecommerce\\/digital-product-files\\/product-89.jpg\",\"mime_type\":\"image\\/jpeg\",\"size\":9730,\"modified\":\"2025-08-02 09:15:46\",\"name\":\"product-89\",\"extension\":\"jpg\"}','2025-08-02 02:15:46','2025-08-02 02:15:46'),(190,178,'ecommerce/digital-product-files/product-77.jpg','{\"filename\":\"product-77.jpg\",\"url\":\"ecommerce\\/digital-product-files\\/product-77.jpg\",\"mime_type\":\"image\\/jpeg\",\"size\":9730,\"modified\":\"2025-08-02 09:15:46\",\"name\":\"product-77\",\"extension\":\"jpg\"}','2025-08-02 02:15:46','2025-08-02 02:15:46'),(191,178,'ecommerce/digital-product-files/product-8.jpg','{\"filename\":\"product-8.jpg\",\"url\":\"ecommerce\\/digital-product-files\\/product-8.jpg\",\"mime_type\":\"image\\/jpeg\",\"size\":9730,\"modified\":\"2025-08-02 09:15:46\",\"name\":\"product-8\",\"extension\":\"jpg\"}','2025-08-02 02:15:46','2025-08-02 02:15:46'),(192,178,'ecommerce/digital-product-files/product-94.jpg','{\"filename\":\"product-94.jpg\",\"url\":\"ecommerce\\/digital-product-files\\/product-94.jpg\",\"mime_type\":\"image\\/jpeg\",\"size\":9730,\"modified\":\"2025-08-02 09:15:46\",\"name\":\"product-94\",\"extension\":\"jpg\"}','2025-08-02 02:15:46','2025-08-02 02:15:46'),(193,179,'ecommerce/digital-product-files/product-58.jpg','{\"filename\":\"product-58.jpg\",\"url\":\"ecommerce\\/digital-product-files\\/product-58.jpg\",\"mime_type\":\"image\\/jpeg\",\"size\":9730,\"modified\":\"2025-08-02 09:15:46\",\"name\":\"product-58\",\"extension\":\"jpg\"}','2025-08-02 02:15:46','2025-08-02 02:15:46'),(194,179,'ecommerce/digital-product-files/product-73.jpg','{\"filename\":\"product-73.jpg\",\"url\":\"ecommerce\\/digital-product-files\\/product-73.jpg\",\"mime_type\":\"image\\/jpeg\",\"size\":9730,\"modified\":\"2025-08-02 09:15:46\",\"name\":\"product-73\",\"extension\":\"jpg\"}','2025-08-02 02:15:46','2025-08-02 02:15:46'),(195,179,'ecommerce/digital-product-files/product-53.jpg','{\"filename\":\"product-53.jpg\",\"url\":\"ecommerce\\/digital-product-files\\/product-53.jpg\",\"mime_type\":\"image\\/jpeg\",\"size\":9730,\"modified\":\"2025-08-02 09:15:46\",\"name\":\"product-53\",\"extension\":\"jpg\"}','2025-08-02 02:15:46','2025-08-02 02:15:46'),(196,179,'ecommerce/digital-product-files/product-91.jpg','{\"filename\":\"product-91.jpg\",\"url\":\"ecommerce\\/digital-product-files\\/product-91.jpg\",\"mime_type\":\"image\\/jpeg\",\"size\":9730,\"modified\":\"2025-08-02 09:15:46\",\"name\":\"product-91\",\"extension\":\"jpg\"}','2025-08-02 02:15:46','2025-08-02 02:15:46'),(197,179,'ecommerce/digital-product-files/product-89.jpg','{\"filename\":\"product-89.jpg\",\"url\":\"ecommerce\\/digital-product-files\\/product-89.jpg\",\"mime_type\":\"image\\/jpeg\",\"size\":9730,\"modified\":\"2025-08-02 09:15:46\",\"name\":\"product-89\",\"extension\":\"jpg\"}','2025-08-02 02:15:46','2025-08-02 02:15:46'),(198,179,'ecommerce/digital-product-files/product-77.jpg','{\"filename\":\"product-77.jpg\",\"url\":\"ecommerce\\/digital-product-files\\/product-77.jpg\",\"mime_type\":\"image\\/jpeg\",\"size\":9730,\"modified\":\"2025-08-02 09:15:46\",\"name\":\"product-77\",\"extension\":\"jpg\"}','2025-08-02 02:15:46','2025-08-02 02:15:46'),(199,179,'ecommerce/digital-product-files/product-8.jpg','{\"filename\":\"product-8.jpg\",\"url\":\"ecommerce\\/digital-product-files\\/product-8.jpg\",\"mime_type\":\"image\\/jpeg\",\"size\":9730,\"modified\":\"2025-08-02 09:15:46\",\"name\":\"product-8\",\"extension\":\"jpg\"}','2025-08-02 02:15:46','2025-08-02 02:15:46'),(200,179,'ecommerce/digital-product-files/product-94.jpg','{\"filename\":\"product-94.jpg\",\"url\":\"ecommerce\\/digital-product-files\\/product-94.jpg\",\"mime_type\":\"image\\/jpeg\",\"size\":9730,\"modified\":\"2025-08-02 09:15:46\",\"name\":\"product-94\",\"extension\":\"jpg\"}','2025-08-02 02:15:46','2025-08-02 02:15:46'),(201,180,'ecommerce/digital-product-files/product-58.jpg','{\"filename\":\"product-58.jpg\",\"url\":\"ecommerce\\/digital-product-files\\/product-58.jpg\",\"mime_type\":\"image\\/jpeg\",\"size\":9730,\"modified\":\"2025-08-02 09:15:46\",\"name\":\"product-58\",\"extension\":\"jpg\"}','2025-08-02 02:15:46','2025-08-02 02:15:46'),(202,180,'ecommerce/digital-product-files/product-73.jpg','{\"filename\":\"product-73.jpg\",\"url\":\"ecommerce\\/digital-product-files\\/product-73.jpg\",\"mime_type\":\"image\\/jpeg\",\"size\":9730,\"modified\":\"2025-08-02 09:15:46\",\"name\":\"product-73\",\"extension\":\"jpg\"}','2025-08-02 02:15:46','2025-08-02 02:15:46'),(203,180,'ecommerce/digital-product-files/product-53.jpg','{\"filename\":\"product-53.jpg\",\"url\":\"ecommerce\\/digital-product-files\\/product-53.jpg\",\"mime_type\":\"image\\/jpeg\",\"size\":9730,\"modified\":\"2025-08-02 09:15:46\",\"name\":\"product-53\",\"extension\":\"jpg\"}','2025-08-02 02:15:46','2025-08-02 02:15:46'),(204,180,'ecommerce/digital-product-files/product-91.jpg','{\"filename\":\"product-91.jpg\",\"url\":\"ecommerce\\/digital-product-files\\/product-91.jpg\",\"mime_type\":\"image\\/jpeg\",\"size\":9730,\"modified\":\"2025-08-02 09:15:46\",\"name\":\"product-91\",\"extension\":\"jpg\"}','2025-08-02 02:15:46','2025-08-02 02:15:46'),(205,180,'ecommerce/digital-product-files/product-89.jpg','{\"filename\":\"product-89.jpg\",\"url\":\"ecommerce\\/digital-product-files\\/product-89.jpg\",\"mime_type\":\"image\\/jpeg\",\"size\":9730,\"modified\":\"2025-08-02 09:15:46\",\"name\":\"product-89\",\"extension\":\"jpg\"}','2025-08-02 02:15:46','2025-08-02 02:15:46'),(206,180,'ecommerce/digital-product-files/product-77.jpg','{\"filename\":\"product-77.jpg\",\"url\":\"ecommerce\\/digital-product-files\\/product-77.jpg\",\"mime_type\":\"image\\/jpeg\",\"size\":9730,\"modified\":\"2025-08-02 09:15:46\",\"name\":\"product-77\",\"extension\":\"jpg\"}','2025-08-02 02:15:46','2025-08-02 02:15:46'),(207,180,'ecommerce/digital-product-files/product-8.jpg','{\"filename\":\"product-8.jpg\",\"url\":\"ecommerce\\/digital-product-files\\/product-8.jpg\",\"mime_type\":\"image\\/jpeg\",\"size\":9730,\"modified\":\"2025-08-02 09:15:46\",\"name\":\"product-8\",\"extension\":\"jpg\"}','2025-08-02 02:15:46','2025-08-02 02:15:46'),(208,180,'ecommerce/digital-product-files/product-94.jpg','{\"filename\":\"product-94.jpg\",\"url\":\"ecommerce\\/digital-product-files\\/product-94.jpg\",\"mime_type\":\"image\\/jpeg\",\"size\":9730,\"modified\":\"2025-08-02 09:15:46\",\"name\":\"product-94\",\"extension\":\"jpg\"}','2025-08-02 02:15:46','2025-08-02 02:15:46'),(209,189,'ecommerce/digital-product-files/product-17.jpg','{\"filename\":\"product-17.jpg\",\"url\":\"ecommerce\\/digital-product-files\\/product-17.jpg\",\"mime_type\":\"image\\/jpeg\",\"size\":9730,\"modified\":\"2025-08-02 09:15:46\",\"name\":\"product-17\",\"extension\":\"jpg\"}','2025-08-02 02:15:46','2025-08-02 02:15:46'),(210,189,'ecommerce/digital-product-files/product-28.jpg','{\"filename\":\"product-28.jpg\",\"url\":\"ecommerce\\/digital-product-files\\/product-28.jpg\",\"mime_type\":\"image\\/jpeg\",\"size\":9730,\"modified\":\"2025-08-02 09:15:46\",\"name\":\"product-28\",\"extension\":\"jpg\"}','2025-08-02 02:15:46','2025-08-02 02:15:46'),(211,189,'ecommerce/digital-product-files/product-19.jpg','{\"filename\":\"product-19.jpg\",\"url\":\"ecommerce\\/digital-product-files\\/product-19.jpg\",\"mime_type\":\"image\\/jpeg\",\"size\":9730,\"modified\":\"2025-08-02 09:15:46\",\"name\":\"product-19\",\"extension\":\"jpg\"}','2025-08-02 02:15:46','2025-08-02 02:15:46'),(212,189,'ecommerce/digital-product-files/product-23.jpg','{\"filename\":\"product-23.jpg\",\"url\":\"ecommerce\\/digital-product-files\\/product-23.jpg\",\"mime_type\":\"image\\/jpeg\",\"size\":9730,\"modified\":\"2025-08-02 09:15:46\",\"name\":\"product-23\",\"extension\":\"jpg\"}','2025-08-02 02:15:46','2025-08-02 02:15:46'),(213,189,'ecommerce/digital-product-files/product-48.jpg','{\"filename\":\"product-48.jpg\",\"url\":\"ecommerce\\/digital-product-files\\/product-48.jpg\",\"mime_type\":\"image\\/jpeg\",\"size\":9730,\"modified\":\"2025-08-02 09:15:46\",\"name\":\"product-48\",\"extension\":\"jpg\"}','2025-08-02 02:15:46','2025-08-02 02:15:46'),(214,189,'ecommerce/digital-product-files/product-82.jpg','{\"filename\":\"product-82.jpg\",\"url\":\"ecommerce\\/digital-product-files\\/product-82.jpg\",\"mime_type\":\"image\\/jpeg\",\"size\":9730,\"modified\":\"2025-08-02 09:15:46\",\"name\":\"product-82\",\"extension\":\"jpg\"}','2025-08-02 02:15:46','2025-08-02 02:15:46'),(215,189,'ecommerce/digital-product-files/product-44.jpg','{\"filename\":\"product-44.jpg\",\"url\":\"ecommerce\\/digital-product-files\\/product-44.jpg\",\"mime_type\":\"image\\/jpeg\",\"size\":9730,\"modified\":\"2025-08-02 09:15:46\",\"name\":\"product-44\",\"extension\":\"jpg\"}','2025-08-02 02:15:46','2025-08-02 02:15:46'),(216,189,'ecommerce/digital-product-files/product-1.jpg','{\"filename\":\"product-1.jpg\",\"url\":\"ecommerce\\/digital-product-files\\/product-1.jpg\",\"mime_type\":\"image\\/jpeg\",\"size\":9730,\"modified\":\"2025-08-02 09:15:46\",\"name\":\"product-1\",\"extension\":\"jpg\"}','2025-08-02 02:15:46','2025-08-02 02:15:46'),(217,189,'ecommerce/digital-product-files/product-6.jpg','{\"filename\":\"product-6.jpg\",\"url\":\"ecommerce\\/digital-product-files\\/product-6.jpg\",\"mime_type\":\"image\\/jpeg\",\"size\":9730,\"modified\":\"2025-08-02 09:15:46\",\"name\":\"product-6\",\"extension\":\"jpg\"}','2025-08-02 02:15:46','2025-08-02 02:15:46'),(218,189,'ecommerce/digital-product-files/product-2.jpg','{\"filename\":\"product-2.jpg\",\"url\":\"ecommerce\\/digital-product-files\\/product-2.jpg\",\"mime_type\":\"image\\/jpeg\",\"size\":9730,\"modified\":\"2025-08-02 09:15:46\",\"name\":\"product-2\",\"extension\":\"jpg\"}','2025-08-02 02:15:46','2025-08-02 02:15:46'),(219,189,'ecommerce/digital-product-files/product-77.jpg','{\"filename\":\"product-77.jpg\",\"url\":\"ecommerce\\/digital-product-files\\/product-77.jpg\",\"mime_type\":\"image\\/jpeg\",\"size\":9730,\"modified\":\"2025-08-02 09:15:46\",\"name\":\"product-77\",\"extension\":\"jpg\"}','2025-08-02 02:15:46','2025-08-02 02:15:46'),(220,189,'ecommerce/digital-product-files/product-49.jpg','{\"filename\":\"product-49.jpg\",\"url\":\"ecommerce\\/digital-product-files\\/product-49.jpg\",\"mime_type\":\"image\\/jpeg\",\"size\":9730,\"modified\":\"2025-08-02 09:15:46\",\"name\":\"product-49\",\"extension\":\"jpg\"}','2025-08-02 02:15:46','2025-08-02 02:15:46'),(221,198,'ecommerce/digital-product-files/product-27.jpg','{\"filename\":\"product-27.jpg\",\"url\":\"ecommerce\\/digital-product-files\\/product-27.jpg\",\"mime_type\":\"image\\/jpeg\",\"size\":9730,\"modified\":\"2025-08-02 09:15:46\",\"name\":\"product-27\",\"extension\":\"jpg\"}','2025-08-02 02:15:46','2025-08-02 02:15:46'),(222,198,'ecommerce/digital-product-files/product-83.jpg','{\"filename\":\"product-83.jpg\",\"url\":\"ecommerce\\/digital-product-files\\/product-83.jpg\",\"mime_type\":\"image\\/jpeg\",\"size\":9730,\"modified\":\"2025-08-02 09:15:46\",\"name\":\"product-83\",\"extension\":\"jpg\"}','2025-08-02 02:15:46','2025-08-02 02:15:46'),(223,198,'ecommerce/digital-product-files/product-52.jpg','{\"filename\":\"product-52.jpg\",\"url\":\"ecommerce\\/digital-product-files\\/product-52.jpg\",\"mime_type\":\"image\\/jpeg\",\"size\":9730,\"modified\":\"2025-08-02 09:15:46\",\"name\":\"product-52\",\"extension\":\"jpg\"}','2025-08-02 02:15:46','2025-08-02 02:15:46'),(224,198,'ecommerce/digital-product-files/product-14.jpg','{\"filename\":\"product-14.jpg\",\"url\":\"ecommerce\\/digital-product-files\\/product-14.jpg\",\"mime_type\":\"image\\/jpeg\",\"size\":9730,\"modified\":\"2025-08-02 09:15:46\",\"name\":\"product-14\",\"extension\":\"jpg\"}','2025-08-02 02:15:46','2025-08-02 02:15:46'),(225,198,'ecommerce/digital-product-files/product-78.jpg','{\"filename\":\"product-78.jpg\",\"url\":\"ecommerce\\/digital-product-files\\/product-78.jpg\",\"mime_type\":\"image\\/jpeg\",\"size\":9730,\"modified\":\"2025-08-02 09:15:46\",\"name\":\"product-78\",\"extension\":\"jpg\"}','2025-08-02 02:15:46','2025-08-02 02:15:46'),(226,198,'ecommerce/digital-product-files/product-23.jpg','{\"filename\":\"product-23.jpg\",\"url\":\"ecommerce\\/digital-product-files\\/product-23.jpg\",\"mime_type\":\"image\\/jpeg\",\"size\":9730,\"modified\":\"2025-08-02 09:15:46\",\"name\":\"product-23\",\"extension\":\"jpg\"}','2025-08-02 02:15:46','2025-08-02 02:15:46'),(227,198,'ecommerce/digital-product-files/product-34.jpg','{\"filename\":\"product-34.jpg\",\"url\":\"ecommerce\\/digital-product-files\\/product-34.jpg\",\"mime_type\":\"image\\/jpeg\",\"size\":9730,\"modified\":\"2025-08-02 09:15:46\",\"name\":\"product-34\",\"extension\":\"jpg\"}','2025-08-02 02:15:46','2025-08-02 02:15:46'),(228,198,'ecommerce/digital-product-files/product-29.jpg','{\"filename\":\"product-29.jpg\",\"url\":\"ecommerce\\/digital-product-files\\/product-29.jpg\",\"mime_type\":\"image\\/jpeg\",\"size\":9730,\"modified\":\"2025-08-02 09:15:46\",\"name\":\"product-29\",\"extension\":\"jpg\"}','2025-08-02 02:15:46','2025-08-02 02:15:46'),(229,199,'ecommerce/digital-product-files/product-27.jpg','{\"filename\":\"product-27.jpg\",\"url\":\"ecommerce\\/digital-product-files\\/product-27.jpg\",\"mime_type\":\"image\\/jpeg\",\"size\":9730,\"modified\":\"2025-08-02 09:15:46\",\"name\":\"product-27\",\"extension\":\"jpg\"}','2025-08-02 02:15:46','2025-08-02 02:15:46'),(230,199,'ecommerce/digital-product-files/product-83.jpg','{\"filename\":\"product-83.jpg\",\"url\":\"ecommerce\\/digital-product-files\\/product-83.jpg\",\"mime_type\":\"image\\/jpeg\",\"size\":9730,\"modified\":\"2025-08-02 09:15:46\",\"name\":\"product-83\",\"extension\":\"jpg\"}','2025-08-02 02:15:46','2025-08-02 02:15:46'),(231,199,'ecommerce/digital-product-files/product-52.jpg','{\"filename\":\"product-52.jpg\",\"url\":\"ecommerce\\/digital-product-files\\/product-52.jpg\",\"mime_type\":\"image\\/jpeg\",\"size\":9730,\"modified\":\"2025-08-02 09:15:46\",\"name\":\"product-52\",\"extension\":\"jpg\"}','2025-08-02 02:15:46','2025-08-02 02:15:46'),(232,199,'ecommerce/digital-product-files/product-14.jpg','{\"filename\":\"product-14.jpg\",\"url\":\"ecommerce\\/digital-product-files\\/product-14.jpg\",\"mime_type\":\"image\\/jpeg\",\"size\":9730,\"modified\":\"2025-08-02 09:15:46\",\"name\":\"product-14\",\"extension\":\"jpg\"}','2025-08-02 02:15:46','2025-08-02 02:15:46'),(233,199,'ecommerce/digital-product-files/product-78.jpg','{\"filename\":\"product-78.jpg\",\"url\":\"ecommerce\\/digital-product-files\\/product-78.jpg\",\"mime_type\":\"image\\/jpeg\",\"size\":9730,\"modified\":\"2025-08-02 09:15:46\",\"name\":\"product-78\",\"extension\":\"jpg\"}','2025-08-02 02:15:46','2025-08-02 02:15:46'),(234,199,'ecommerce/digital-product-files/product-23.jpg','{\"filename\":\"product-23.jpg\",\"url\":\"ecommerce\\/digital-product-files\\/product-23.jpg\",\"mime_type\":\"image\\/jpeg\",\"size\":9730,\"modified\":\"2025-08-02 09:15:46\",\"name\":\"product-23\",\"extension\":\"jpg\"}','2025-08-02 02:15:46','2025-08-02 02:15:46'),(235,199,'ecommerce/digital-product-files/product-34.jpg','{\"filename\":\"product-34.jpg\",\"url\":\"ecommerce\\/digital-product-files\\/product-34.jpg\",\"mime_type\":\"image\\/jpeg\",\"size\":9730,\"modified\":\"2025-08-02 09:15:46\",\"name\":\"product-34\",\"extension\":\"jpg\"}','2025-08-02 02:15:46','2025-08-02 02:15:46'),(236,199,'ecommerce/digital-product-files/product-29.jpg','{\"filename\":\"product-29.jpg\",\"url\":\"ecommerce\\/digital-product-files\\/product-29.jpg\",\"mime_type\":\"image\\/jpeg\",\"size\":9730,\"modified\":\"2025-08-02 09:15:46\",\"name\":\"product-29\",\"extension\":\"jpg\"}','2025-08-02 02:15:46','2025-08-02 02:15:46'),(237,206,'ecommerce/digital-product-files/product-24.jpg','{\"filename\":\"product-24.jpg\",\"url\":\"ecommerce\\/digital-product-files\\/product-24.jpg\",\"mime_type\":\"image\\/jpeg\",\"size\":9730,\"modified\":\"2025-08-02 09:15:46\",\"name\":\"product-24\",\"extension\":\"jpg\"}','2025-08-02 02:15:46','2025-08-02 02:15:46'),(238,206,'ecommerce/digital-product-files/product-81.jpg','{\"filename\":\"product-81.jpg\",\"url\":\"ecommerce\\/digital-product-files\\/product-81.jpg\",\"mime_type\":\"image\\/jpeg\",\"size\":9730,\"modified\":\"2025-08-02 09:15:46\",\"name\":\"product-81\",\"extension\":\"jpg\"}','2025-08-02 02:15:46','2025-08-02 02:15:46'),(239,206,'ecommerce/digital-product-files/product-77.jpg','{\"filename\":\"product-77.jpg\",\"url\":\"ecommerce\\/digital-product-files\\/product-77.jpg\",\"mime_type\":\"image\\/jpeg\",\"size\":9730,\"modified\":\"2025-08-02 09:15:46\",\"name\":\"product-77\",\"extension\":\"jpg\"}','2025-08-02 02:15:46','2025-08-02 02:15:46'),(240,206,'ecommerce/digital-product-files/product-92.jpg','{\"filename\":\"product-92.jpg\",\"url\":\"ecommerce\\/digital-product-files\\/product-92.jpg\",\"mime_type\":\"image\\/jpeg\",\"size\":9730,\"modified\":\"2025-08-02 09:15:46\",\"name\":\"product-92\",\"extension\":\"jpg\"}','2025-08-02 02:15:46','2025-08-02 02:15:46'),(241,206,'ecommerce/digital-product-files/product-68.jpg','{\"filename\":\"product-68.jpg\",\"url\":\"ecommerce\\/digital-product-files\\/product-68.jpg\",\"mime_type\":\"image\\/jpeg\",\"size\":9730,\"modified\":\"2025-08-02 09:15:46\",\"name\":\"product-68\",\"extension\":\"jpg\"}','2025-08-02 02:15:46','2025-08-02 02:15:46'),(242,206,'ecommerce/digital-product-files/product-80.jpg','{\"filename\":\"product-80.jpg\",\"url\":\"ecommerce\\/digital-product-files\\/product-80.jpg\",\"mime_type\":\"image\\/jpeg\",\"size\":9730,\"modified\":\"2025-08-02 09:15:46\",\"name\":\"product-80\",\"extension\":\"jpg\"}','2025-08-02 02:15:46','2025-08-02 02:15:46'),(243,206,'ecommerce/digital-product-files/product-3.jpg','{\"filename\":\"product-3.jpg\",\"url\":\"ecommerce\\/digital-product-files\\/product-3.jpg\",\"mime_type\":\"image\\/jpeg\",\"size\":9730,\"modified\":\"2025-08-02 09:15:46\",\"name\":\"product-3\",\"extension\":\"jpg\"}','2025-08-02 02:15:46','2025-08-02 02:15:46'),(244,206,'ecommerce/digital-product-files/product-55.jpg','{\"filename\":\"product-55.jpg\",\"url\":\"ecommerce\\/digital-product-files\\/product-55.jpg\",\"mime_type\":\"image\\/jpeg\",\"size\":9730,\"modified\":\"2025-08-02 09:15:46\",\"name\":\"product-55\",\"extension\":\"jpg\"}','2025-08-02 02:15:46','2025-08-02 02:15:46'),(245,206,'ecommerce/digital-product-files/product-27.jpg','{\"filename\":\"product-27.jpg\",\"url\":\"ecommerce\\/digital-product-files\\/product-27.jpg\",\"mime_type\":\"image\\/jpeg\",\"size\":9730,\"modified\":\"2025-08-02 09:15:46\",\"name\":\"product-27\",\"extension\":\"jpg\"}','2025-08-02 02:15:46','2025-08-02 02:15:46'),(246,206,'ecommerce/digital-product-files/product-36.jpg','{\"filename\":\"product-36.jpg\",\"url\":\"ecommerce\\/digital-product-files\\/product-36.jpg\",\"mime_type\":\"image\\/jpeg\",\"size\":9730,\"modified\":\"2025-08-02 09:15:46\",\"name\":\"product-36\",\"extension\":\"jpg\"}','2025-08-02 02:15:46','2025-08-02 02:15:46'),(247,206,'ecommerce/digital-product-files/product-70.jpg','{\"filename\":\"product-70.jpg\",\"url\":\"ecommerce\\/digital-product-files\\/product-70.jpg\",\"mime_type\":\"image\\/jpeg\",\"size\":9730,\"modified\":\"2025-08-02 09:15:46\",\"name\":\"product-70\",\"extension\":\"jpg\"}','2025-08-02 02:15:46','2025-08-02 02:15:46'),(248,206,'ecommerce/digital-product-files/product-75.jpg','{\"filename\":\"product-75.jpg\",\"url\":\"ecommerce\\/digital-product-files\\/product-75.jpg\",\"mime_type\":\"image\\/jpeg\",\"size\":9730,\"modified\":\"2025-08-02 09:15:46\",\"name\":\"product-75\",\"extension\":\"jpg\"}','2025-08-02 02:15:46','2025-08-02 02:15:46'),(249,207,'ecommerce/digital-product-files/product-24.jpg','{\"filename\":\"product-24.jpg\",\"url\":\"ecommerce\\/digital-product-files\\/product-24.jpg\",\"mime_type\":\"image\\/jpeg\",\"size\":9730,\"modified\":\"2025-08-02 09:15:46\",\"name\":\"product-24\",\"extension\":\"jpg\"}','2025-08-02 02:15:46','2025-08-02 02:15:46'),(250,207,'ecommerce/digital-product-files/product-81.jpg','{\"filename\":\"product-81.jpg\",\"url\":\"ecommerce\\/digital-product-files\\/product-81.jpg\",\"mime_type\":\"image\\/jpeg\",\"size\":9730,\"modified\":\"2025-08-02 09:15:46\",\"name\":\"product-81\",\"extension\":\"jpg\"}','2025-08-02 02:15:46','2025-08-02 02:15:46'),(251,207,'ecommerce/digital-product-files/product-77.jpg','{\"filename\":\"product-77.jpg\",\"url\":\"ecommerce\\/digital-product-files\\/product-77.jpg\",\"mime_type\":\"image\\/jpeg\",\"size\":9730,\"modified\":\"2025-08-02 09:15:46\",\"name\":\"product-77\",\"extension\":\"jpg\"}','2025-08-02 02:15:46','2025-08-02 02:15:46'),(252,207,'ecommerce/digital-product-files/product-92.jpg','{\"filename\":\"product-92.jpg\",\"url\":\"ecommerce\\/digital-product-files\\/product-92.jpg\",\"mime_type\":\"image\\/jpeg\",\"size\":9730,\"modified\":\"2025-08-02 09:15:46\",\"name\":\"product-92\",\"extension\":\"jpg\"}','2025-08-02 02:15:46','2025-08-02 02:15:46'),(253,207,'ecommerce/digital-product-files/product-68.jpg','{\"filename\":\"product-68.jpg\",\"url\":\"ecommerce\\/digital-product-files\\/product-68.jpg\",\"mime_type\":\"image\\/jpeg\",\"size\":9730,\"modified\":\"2025-08-02 09:15:46\",\"name\":\"product-68\",\"extension\":\"jpg\"}','2025-08-02 02:15:46','2025-08-02 02:15:46'),(254,207,'ecommerce/digital-product-files/product-80.jpg','{\"filename\":\"product-80.jpg\",\"url\":\"ecommerce\\/digital-product-files\\/product-80.jpg\",\"mime_type\":\"image\\/jpeg\",\"size\":9730,\"modified\":\"2025-08-02 09:15:46\",\"name\":\"product-80\",\"extension\":\"jpg\"}','2025-08-02 02:15:46','2025-08-02 02:15:46'),(255,207,'ecommerce/digital-product-files/product-3.jpg','{\"filename\":\"product-3.jpg\",\"url\":\"ecommerce\\/digital-product-files\\/product-3.jpg\",\"mime_type\":\"image\\/jpeg\",\"size\":9730,\"modified\":\"2025-08-02 09:15:46\",\"name\":\"product-3\",\"extension\":\"jpg\"}','2025-08-02 02:15:46','2025-08-02 02:15:46'),(256,207,'ecommerce/digital-product-files/product-55.jpg','{\"filename\":\"product-55.jpg\",\"url\":\"ecommerce\\/digital-product-files\\/product-55.jpg\",\"mime_type\":\"image\\/jpeg\",\"size\":9730,\"modified\":\"2025-08-02 09:15:46\",\"name\":\"product-55\",\"extension\":\"jpg\"}','2025-08-02 02:15:46','2025-08-02 02:15:46'),(257,207,'ecommerce/digital-product-files/product-27.jpg','{\"filename\":\"product-27.jpg\",\"url\":\"ecommerce\\/digital-product-files\\/product-27.jpg\",\"mime_type\":\"image\\/jpeg\",\"size\":9730,\"modified\":\"2025-08-02 09:15:46\",\"name\":\"product-27\",\"extension\":\"jpg\"}','2025-08-02 02:15:46','2025-08-02 02:15:46'),(258,207,'ecommerce/digital-product-files/product-36.jpg','{\"filename\":\"product-36.jpg\",\"url\":\"ecommerce\\/digital-product-files\\/product-36.jpg\",\"mime_type\":\"image\\/jpeg\",\"size\":9730,\"modified\":\"2025-08-02 09:15:46\",\"name\":\"product-36\",\"extension\":\"jpg\"}','2025-08-02 02:15:46','2025-08-02 02:15:46'),(259,207,'ecommerce/digital-product-files/product-70.jpg','{\"filename\":\"product-70.jpg\",\"url\":\"ecommerce\\/digital-product-files\\/product-70.jpg\",\"mime_type\":\"image\\/jpeg\",\"size\":9730,\"modified\":\"2025-08-02 09:15:46\",\"name\":\"product-70\",\"extension\":\"jpg\"}','2025-08-02 02:15:46','2025-08-02 02:15:46'),(260,207,'ecommerce/digital-product-files/product-75.jpg','{\"filename\":\"product-75.jpg\",\"url\":\"ecommerce\\/digital-product-files\\/product-75.jpg\",\"mime_type\":\"image\\/jpeg\",\"size\":9730,\"modified\":\"2025-08-02 09:15:46\",\"name\":\"product-75\",\"extension\":\"jpg\"}','2025-08-02 02:15:46','2025-08-02 02:15:46'),(261,220,'ecommerce/digital-product-files/product-57.jpg','{\"filename\":\"product-57.jpg\",\"url\":\"ecommerce\\/digital-product-files\\/product-57.jpg\",\"mime_type\":\"image\\/jpeg\",\"size\":9730,\"modified\":\"2025-08-02 09:15:46\",\"name\":\"product-57\",\"extension\":\"jpg\"}','2025-08-02 02:15:46','2025-08-02 02:15:46'),(262,220,'ecommerce/digital-product-files/product-51.jpg','{\"filename\":\"product-51.jpg\",\"url\":\"ecommerce\\/digital-product-files\\/product-51.jpg\",\"mime_type\":\"image\\/jpeg\",\"size\":9730,\"modified\":\"2025-08-02 09:15:46\",\"name\":\"product-51\",\"extension\":\"jpg\"}','2025-08-02 02:15:46','2025-08-02 02:15:46'),(263,220,'ecommerce/digital-product-files/product-10.jpg','{\"filename\":\"product-10.jpg\",\"url\":\"ecommerce\\/digital-product-files\\/product-10.jpg\",\"mime_type\":\"image\\/jpeg\",\"size\":9730,\"modified\":\"2025-08-02 09:15:46\",\"name\":\"product-10\",\"extension\":\"jpg\"}','2025-08-02 02:15:46','2025-08-02 02:15:46'),(264,220,'ecommerce/digital-product-files/product-83.jpg','{\"filename\":\"product-83.jpg\",\"url\":\"ecommerce\\/digital-product-files\\/product-83.jpg\",\"mime_type\":\"image\\/jpeg\",\"size\":9730,\"modified\":\"2025-08-02 09:15:46\",\"name\":\"product-83\",\"extension\":\"jpg\"}','2025-08-02 02:15:46','2025-08-02 02:15:46'),(265,220,'ecommerce/digital-product-files/product-9.jpg','{\"filename\":\"product-9.jpg\",\"url\":\"ecommerce\\/digital-product-files\\/product-9.jpg\",\"mime_type\":\"image\\/jpeg\",\"size\":9730,\"modified\":\"2025-08-02 09:15:46\",\"name\":\"product-9\",\"extension\":\"jpg\"}','2025-08-02 02:15:46','2025-08-02 02:15:46'),(266,220,'ecommerce/digital-product-files/product-20.jpg','{\"filename\":\"product-20.jpg\",\"url\":\"ecommerce\\/digital-product-files\\/product-20.jpg\",\"mime_type\":\"image\\/jpeg\",\"size\":9730,\"modified\":\"2025-08-02 09:15:46\",\"name\":\"product-20\",\"extension\":\"jpg\"}','2025-08-02 02:15:46','2025-08-02 02:15:46'),(267,221,'ecommerce/digital-product-files/product-57.jpg','{\"filename\":\"product-57.jpg\",\"url\":\"ecommerce\\/digital-product-files\\/product-57.jpg\",\"mime_type\":\"image\\/jpeg\",\"size\":9730,\"modified\":\"2025-08-02 09:15:46\",\"name\":\"product-57\",\"extension\":\"jpg\"}','2025-08-02 02:15:46','2025-08-02 02:15:46'),(268,221,'ecommerce/digital-product-files/product-51.jpg','{\"filename\":\"product-51.jpg\",\"url\":\"ecommerce\\/digital-product-files\\/product-51.jpg\",\"mime_type\":\"image\\/jpeg\",\"size\":9730,\"modified\":\"2025-08-02 09:15:46\",\"name\":\"product-51\",\"extension\":\"jpg\"}','2025-08-02 02:15:46','2025-08-02 02:15:46'),(269,221,'ecommerce/digital-product-files/product-10.jpg','{\"filename\":\"product-10.jpg\",\"url\":\"ecommerce\\/digital-product-files\\/product-10.jpg\",\"mime_type\":\"image\\/jpeg\",\"size\":9730,\"modified\":\"2025-08-02 09:15:46\",\"name\":\"product-10\",\"extension\":\"jpg\"}','2025-08-02 02:15:46','2025-08-02 02:15:46'),(270,221,'ecommerce/digital-product-files/product-83.jpg','{\"filename\":\"product-83.jpg\",\"url\":\"ecommerce\\/digital-product-files\\/product-83.jpg\",\"mime_type\":\"image\\/jpeg\",\"size\":9730,\"modified\":\"2025-08-02 09:15:46\",\"name\":\"product-83\",\"extension\":\"jpg\"}','2025-08-02 02:15:46','2025-08-02 02:15:46'),(271,221,'ecommerce/digital-product-files/product-9.jpg','{\"filename\":\"product-9.jpg\",\"url\":\"ecommerce\\/digital-product-files\\/product-9.jpg\",\"mime_type\":\"image\\/jpeg\",\"size\":9730,\"modified\":\"2025-08-02 09:15:46\",\"name\":\"product-9\",\"extension\":\"jpg\"}','2025-08-02 02:15:46','2025-08-02 02:15:46'),(272,221,'ecommerce/digital-product-files/product-20.jpg','{\"filename\":\"product-20.jpg\",\"url\":\"ecommerce\\/digital-product-files\\/product-20.jpg\",\"mime_type\":\"image\\/jpeg\",\"size\":9730,\"modified\":\"2025-08-02 09:15:46\",\"name\":\"product-20\",\"extension\":\"jpg\"}','2025-08-02 02:15:46','2025-08-02 02:15:46'),(273,222,'ecommerce/digital-product-files/product-57.jpg','{\"filename\":\"product-57.jpg\",\"url\":\"ecommerce\\/digital-product-files\\/product-57.jpg\",\"mime_type\":\"image\\/jpeg\",\"size\":9730,\"modified\":\"2025-08-02 09:15:46\",\"name\":\"product-57\",\"extension\":\"jpg\"}','2025-08-02 02:15:46','2025-08-02 02:15:46'),(274,222,'ecommerce/digital-product-files/product-51.jpg','{\"filename\":\"product-51.jpg\",\"url\":\"ecommerce\\/digital-product-files\\/product-51.jpg\",\"mime_type\":\"image\\/jpeg\",\"size\":9730,\"modified\":\"2025-08-02 09:15:46\",\"name\":\"product-51\",\"extension\":\"jpg\"}','2025-08-02 02:15:46','2025-08-02 02:15:46'),(275,222,'ecommerce/digital-product-files/product-10.jpg','{\"filename\":\"product-10.jpg\",\"url\":\"ecommerce\\/digital-product-files\\/product-10.jpg\",\"mime_type\":\"image\\/jpeg\",\"size\":9730,\"modified\":\"2025-08-02 09:15:46\",\"name\":\"product-10\",\"extension\":\"jpg\"}','2025-08-02 02:15:46','2025-08-02 02:15:46'),(276,222,'ecommerce/digital-product-files/product-83.jpg','{\"filename\":\"product-83.jpg\",\"url\":\"ecommerce\\/digital-product-files\\/product-83.jpg\",\"mime_type\":\"image\\/jpeg\",\"size\":9730,\"modified\":\"2025-08-02 09:15:46\",\"name\":\"product-83\",\"extension\":\"jpg\"}','2025-08-02 02:15:46','2025-08-02 02:15:46'),(277,222,'ecommerce/digital-product-files/product-9.jpg','{\"filename\":\"product-9.jpg\",\"url\":\"ecommerce\\/digital-product-files\\/product-9.jpg\",\"mime_type\":\"image\\/jpeg\",\"size\":9730,\"modified\":\"2025-08-02 09:15:46\",\"name\":\"product-9\",\"extension\":\"jpg\"}','2025-08-02 02:15:46','2025-08-02 02:15:46'),(278,222,'ecommerce/digital-product-files/product-20.jpg','{\"filename\":\"product-20.jpg\",\"url\":\"ecommerce\\/digital-product-files\\/product-20.jpg\",\"mime_type\":\"image\\/jpeg\",\"size\":9730,\"modified\":\"2025-08-02 09:15:46\",\"name\":\"product-20\",\"extension\":\"jpg\"}','2025-08-02 02:15:46','2025-08-02 02:15:46'),(279,232,'ecommerce/digital-product-files/product-59.jpg','{\"filename\":\"product-59.jpg\",\"url\":\"ecommerce\\/digital-product-files\\/product-59.jpg\",\"mime_type\":\"image\\/jpeg\",\"size\":9730,\"modified\":\"2025-08-02 09:15:46\",\"name\":\"product-59\",\"extension\":\"jpg\"}','2025-08-02 02:15:46','2025-08-02 02:15:46'),(280,232,'ecommerce/digital-product-files/product-46.jpg','{\"filename\":\"product-46.jpg\",\"url\":\"ecommerce\\/digital-product-files\\/product-46.jpg\",\"mime_type\":\"image\\/jpeg\",\"size\":9730,\"modified\":\"2025-08-02 09:15:46\",\"name\":\"product-46\",\"extension\":\"jpg\"}','2025-08-02 02:15:46','2025-08-02 02:15:46'),(281,232,'ecommerce/digital-product-files/product-40.jpg','{\"filename\":\"product-40.jpg\",\"url\":\"ecommerce\\/digital-product-files\\/product-40.jpg\",\"mime_type\":\"image\\/jpeg\",\"size\":9730,\"modified\":\"2025-08-02 09:15:46\",\"name\":\"product-40\",\"extension\":\"jpg\"}','2025-08-02 02:15:46','2025-08-02 02:15:46'),(282,232,'ecommerce/digital-product-files/product-42.jpg','{\"filename\":\"product-42.jpg\",\"url\":\"ecommerce\\/digital-product-files\\/product-42.jpg\",\"mime_type\":\"image\\/jpeg\",\"size\":9730,\"modified\":\"2025-08-02 09:15:46\",\"name\":\"product-42\",\"extension\":\"jpg\"}','2025-08-02 02:15:46','2025-08-02 02:15:46'),(283,232,'ecommerce/digital-product-files/product-65.jpg','{\"filename\":\"product-65.jpg\",\"url\":\"ecommerce\\/digital-product-files\\/product-65.jpg\",\"mime_type\":\"image\\/jpeg\",\"size\":9730,\"modified\":\"2025-08-02 09:15:46\",\"name\":\"product-65\",\"extension\":\"jpg\"}','2025-08-02 02:15:46','2025-08-02 02:15:46'),(284,232,'ecommerce/digital-product-files/product-27.jpg','{\"filename\":\"product-27.jpg\",\"url\":\"ecommerce\\/digital-product-files\\/product-27.jpg\",\"mime_type\":\"image\\/jpeg\",\"size\":9730,\"modified\":\"2025-08-02 09:15:46\",\"name\":\"product-27\",\"extension\":\"jpg\"}','2025-08-02 02:15:46','2025-08-02 02:15:46'),(285,232,'ecommerce/digital-product-files/product-84.jpg','{\"filename\":\"product-84.jpg\",\"url\":\"ecommerce\\/digital-product-files\\/product-84.jpg\",\"mime_type\":\"image\\/jpeg\",\"size\":9730,\"modified\":\"2025-08-02 09:15:46\",\"name\":\"product-84\",\"extension\":\"jpg\"}','2025-08-02 02:15:46','2025-08-02 02:15:46'),(286,232,'ecommerce/digital-product-files/product-34.jpg','{\"filename\":\"product-34.jpg\",\"url\":\"ecommerce\\/digital-product-files\\/product-34.jpg\",\"mime_type\":\"image\\/jpeg\",\"size\":9730,\"modified\":\"2025-08-02 09:15:46\",\"name\":\"product-34\",\"extension\":\"jpg\"}','2025-08-02 02:15:46','2025-08-02 02:15:46'),(287,241,'ecommerce/digital-product-files/product-22.jpg','{\"filename\":\"product-22.jpg\",\"url\":\"ecommerce\\/digital-product-files\\/product-22.jpg\",\"mime_type\":\"image\\/jpeg\",\"size\":9730,\"modified\":\"2025-08-02 09:15:46\",\"name\":\"product-22\",\"extension\":\"jpg\"}','2025-08-02 02:15:46','2025-08-02 02:15:46'),(288,241,'ecommerce/digital-product-files/product-2.jpg','{\"filename\":\"product-2.jpg\",\"url\":\"ecommerce\\/digital-product-files\\/product-2.jpg\",\"mime_type\":\"image\\/jpeg\",\"size\":9730,\"modified\":\"2025-08-02 09:15:46\",\"name\":\"product-2\",\"extension\":\"jpg\"}','2025-08-02 02:15:46','2025-08-02 02:15:46'),(289,241,'ecommerce/digital-product-files/product-23.jpg','{\"filename\":\"product-23.jpg\",\"url\":\"ecommerce\\/digital-product-files\\/product-23.jpg\",\"mime_type\":\"image\\/jpeg\",\"size\":9730,\"modified\":\"2025-08-02 09:15:46\",\"name\":\"product-23\",\"extension\":\"jpg\"}','2025-08-02 02:15:46','2025-08-02 02:15:46'),(290,241,'ecommerce/digital-product-files/product-30.jpg','{\"filename\":\"product-30.jpg\",\"url\":\"ecommerce\\/digital-product-files\\/product-30.jpg\",\"mime_type\":\"image\\/jpeg\",\"size\":9730,\"modified\":\"2025-08-02 09:15:46\",\"name\":\"product-30\",\"extension\":\"jpg\"}','2025-08-02 02:15:46','2025-08-02 02:15:46'),(291,241,'ecommerce/digital-product-files/product-5.jpg','{\"filename\":\"product-5.jpg\",\"url\":\"ecommerce\\/digital-product-files\\/product-5.jpg\",\"mime_type\":\"image\\/jpeg\",\"size\":9730,\"modified\":\"2025-08-02 09:15:46\",\"name\":\"product-5\",\"extension\":\"jpg\"}','2025-08-02 02:15:46','2025-08-02 02:15:46'),(292,241,'ecommerce/digital-product-files/product-53.jpg','{\"filename\":\"product-53.jpg\",\"url\":\"ecommerce\\/digital-product-files\\/product-53.jpg\",\"mime_type\":\"image\\/jpeg\",\"size\":9730,\"modified\":\"2025-08-02 09:15:46\",\"name\":\"product-53\",\"extension\":\"jpg\"}','2025-08-02 02:15:46','2025-08-02 02:15:46'),(293,241,'ecommerce/digital-product-files/product-52.jpg','{\"filename\":\"product-52.jpg\",\"url\":\"ecommerce\\/digital-product-files\\/product-52.jpg\",\"mime_type\":\"image\\/jpeg\",\"size\":9730,\"modified\":\"2025-08-02 09:15:46\",\"name\":\"product-52\",\"extension\":\"jpg\"}','2025-08-02 02:15:46','2025-08-02 02:15:46'),(294,241,'ecommerce/digital-product-files/product-93.jpg','{\"filename\":\"product-93.jpg\",\"url\":\"ecommerce\\/digital-product-files\\/product-93.jpg\",\"mime_type\":\"image\\/jpeg\",\"size\":9730,\"modified\":\"2025-08-02 09:15:46\",\"name\":\"product-93\",\"extension\":\"jpg\"}','2025-08-02 02:15:46','2025-08-02 02:15:46'),(295,241,'ecommerce/digital-product-files/product-86.jpg','{\"filename\":\"product-86.jpg\",\"url\":\"ecommerce\\/digital-product-files\\/product-86.jpg\",\"mime_type\":\"image\\/jpeg\",\"size\":9730,\"modified\":\"2025-08-02 09:15:46\",\"name\":\"product-86\",\"extension\":\"jpg\"}','2025-08-02 02:15:46','2025-08-02 02:15:46'),(296,241,'ecommerce/digital-product-files/product-37.jpg','{\"filename\":\"product-37.jpg\",\"url\":\"ecommerce\\/digital-product-files\\/product-37.jpg\",\"mime_type\":\"image\\/jpeg\",\"size\":9730,\"modified\":\"2025-08-02 09:15:46\",\"name\":\"product-37\",\"extension\":\"jpg\"}','2025-08-02 02:15:46','2025-08-02 02:15:46'),(297,241,'ecommerce/digital-product-files/product-16.jpg','{\"filename\":\"product-16.jpg\",\"url\":\"ecommerce\\/digital-product-files\\/product-16.jpg\",\"mime_type\":\"image\\/jpeg\",\"size\":9730,\"modified\":\"2025-08-02 09:15:46\",\"name\":\"product-16\",\"extension\":\"jpg\"}','2025-08-02 02:15:46','2025-08-02 02:15:46'),(298,242,'ecommerce/digital-product-files/product-22.jpg','{\"filename\":\"product-22.jpg\",\"url\":\"ecommerce\\/digital-product-files\\/product-22.jpg\",\"mime_type\":\"image\\/jpeg\",\"size\":9730,\"modified\":\"2025-08-02 09:15:46\",\"name\":\"product-22\",\"extension\":\"jpg\"}','2025-08-02 02:15:46','2025-08-02 02:15:46'),(299,242,'ecommerce/digital-product-files/product-2.jpg','{\"filename\":\"product-2.jpg\",\"url\":\"ecommerce\\/digital-product-files\\/product-2.jpg\",\"mime_type\":\"image\\/jpeg\",\"size\":9730,\"modified\":\"2025-08-02 09:15:46\",\"name\":\"product-2\",\"extension\":\"jpg\"}','2025-08-02 02:15:46','2025-08-02 02:15:46'),(300,242,'ecommerce/digital-product-files/product-23.jpg','{\"filename\":\"product-23.jpg\",\"url\":\"ecommerce\\/digital-product-files\\/product-23.jpg\",\"mime_type\":\"image\\/jpeg\",\"size\":9730,\"modified\":\"2025-08-02 09:15:46\",\"name\":\"product-23\",\"extension\":\"jpg\"}','2025-08-02 02:15:46','2025-08-02 02:15:46'),(301,242,'ecommerce/digital-product-files/product-30.jpg','{\"filename\":\"product-30.jpg\",\"url\":\"ecommerce\\/digital-product-files\\/product-30.jpg\",\"mime_type\":\"image\\/jpeg\",\"size\":9730,\"modified\":\"2025-08-02 09:15:46\",\"name\":\"product-30\",\"extension\":\"jpg\"}','2025-08-02 02:15:46','2025-08-02 02:15:46'),(302,242,'ecommerce/digital-product-files/product-5.jpg','{\"filename\":\"product-5.jpg\",\"url\":\"ecommerce\\/digital-product-files\\/product-5.jpg\",\"mime_type\":\"image\\/jpeg\",\"size\":9730,\"modified\":\"2025-08-02 09:15:46\",\"name\":\"product-5\",\"extension\":\"jpg\"}','2025-08-02 02:15:46','2025-08-02 02:15:46'),(303,242,'ecommerce/digital-product-files/product-53.jpg','{\"filename\":\"product-53.jpg\",\"url\":\"ecommerce\\/digital-product-files\\/product-53.jpg\",\"mime_type\":\"image\\/jpeg\",\"size\":9730,\"modified\":\"2025-08-02 09:15:46\",\"name\":\"product-53\",\"extension\":\"jpg\"}','2025-08-02 02:15:46','2025-08-02 02:15:46'),(304,242,'ecommerce/digital-product-files/product-52.jpg','{\"filename\":\"product-52.jpg\",\"url\":\"ecommerce\\/digital-product-files\\/product-52.jpg\",\"mime_type\":\"image\\/jpeg\",\"size\":9730,\"modified\":\"2025-08-02 09:15:46\",\"name\":\"product-52\",\"extension\":\"jpg\"}','2025-08-02 02:15:46','2025-08-02 02:15:46'),(305,242,'ecommerce/digital-product-files/product-93.jpg','{\"filename\":\"product-93.jpg\",\"url\":\"ecommerce\\/digital-product-files\\/product-93.jpg\",\"mime_type\":\"image\\/jpeg\",\"size\":9730,\"modified\":\"2025-08-02 09:15:46\",\"name\":\"product-93\",\"extension\":\"jpg\"}','2025-08-02 02:15:46','2025-08-02 02:15:46'),(306,242,'ecommerce/digital-product-files/product-86.jpg','{\"filename\":\"product-86.jpg\",\"url\":\"ecommerce\\/digital-product-files\\/product-86.jpg\",\"mime_type\":\"image\\/jpeg\",\"size\":9730,\"modified\":\"2025-08-02 09:15:46\",\"name\":\"product-86\",\"extension\":\"jpg\"}','2025-08-02 02:15:46','2025-08-02 02:15:46'),(307,242,'ecommerce/digital-product-files/product-37.jpg','{\"filename\":\"product-37.jpg\",\"url\":\"ecommerce\\/digital-product-files\\/product-37.jpg\",\"mime_type\":\"image\\/jpeg\",\"size\":9730,\"modified\":\"2025-08-02 09:15:46\",\"name\":\"product-37\",\"extension\":\"jpg\"}','2025-08-02 02:15:46','2025-08-02 02:15:46'),(308,242,'ecommerce/digital-product-files/product-16.jpg','{\"filename\":\"product-16.jpg\",\"url\":\"ecommerce\\/digital-product-files\\/product-16.jpg\",\"mime_type\":\"image\\/jpeg\",\"size\":9730,\"modified\":\"2025-08-02 09:15:47\",\"name\":\"product-16\",\"extension\":\"jpg\"}','2025-08-02 02:15:47','2025-08-02 02:15:47'),(309,243,'ecommerce/digital-product-files/product-22.jpg','{\"filename\":\"product-22.jpg\",\"url\":\"ecommerce\\/digital-product-files\\/product-22.jpg\",\"mime_type\":\"image\\/jpeg\",\"size\":9730,\"modified\":\"2025-08-02 09:15:47\",\"name\":\"product-22\",\"extension\":\"jpg\"}','2025-08-02 02:15:47','2025-08-02 02:15:47'),(310,243,'ecommerce/digital-product-files/product-2.jpg','{\"filename\":\"product-2.jpg\",\"url\":\"ecommerce\\/digital-product-files\\/product-2.jpg\",\"mime_type\":\"image\\/jpeg\",\"size\":9730,\"modified\":\"2025-08-02 09:15:47\",\"name\":\"product-2\",\"extension\":\"jpg\"}','2025-08-02 02:15:47','2025-08-02 02:15:47'),(311,243,'ecommerce/digital-product-files/product-23.jpg','{\"filename\":\"product-23.jpg\",\"url\":\"ecommerce\\/digital-product-files\\/product-23.jpg\",\"mime_type\":\"image\\/jpeg\",\"size\":9730,\"modified\":\"2025-08-02 09:15:47\",\"name\":\"product-23\",\"extension\":\"jpg\"}','2025-08-02 02:15:47','2025-08-02 02:15:47'),(312,243,'ecommerce/digital-product-files/product-30.jpg','{\"filename\":\"product-30.jpg\",\"url\":\"ecommerce\\/digital-product-files\\/product-30.jpg\",\"mime_type\":\"image\\/jpeg\",\"size\":9730,\"modified\":\"2025-08-02 09:15:47\",\"name\":\"product-30\",\"extension\":\"jpg\"}','2025-08-02 02:15:47','2025-08-02 02:15:47'),(313,243,'ecommerce/digital-product-files/product-5.jpg','{\"filename\":\"product-5.jpg\",\"url\":\"ecommerce\\/digital-product-files\\/product-5.jpg\",\"mime_type\":\"image\\/jpeg\",\"size\":9730,\"modified\":\"2025-08-02 09:15:47\",\"name\":\"product-5\",\"extension\":\"jpg\"}','2025-08-02 02:15:47','2025-08-02 02:15:47'),(314,243,'ecommerce/digital-product-files/product-53.jpg','{\"filename\":\"product-53.jpg\",\"url\":\"ecommerce\\/digital-product-files\\/product-53.jpg\",\"mime_type\":\"image\\/jpeg\",\"size\":9730,\"modified\":\"2025-08-02 09:15:47\",\"name\":\"product-53\",\"extension\":\"jpg\"}','2025-08-02 02:15:47','2025-08-02 02:15:47'),(315,243,'ecommerce/digital-product-files/product-52.jpg','{\"filename\":\"product-52.jpg\",\"url\":\"ecommerce\\/digital-product-files\\/product-52.jpg\",\"mime_type\":\"image\\/jpeg\",\"size\":9730,\"modified\":\"2025-08-02 09:15:47\",\"name\":\"product-52\",\"extension\":\"jpg\"}','2025-08-02 02:15:47','2025-08-02 02:15:47'),(316,243,'ecommerce/digital-product-files/product-93.jpg','{\"filename\":\"product-93.jpg\",\"url\":\"ecommerce\\/digital-product-files\\/product-93.jpg\",\"mime_type\":\"image\\/jpeg\",\"size\":9730,\"modified\":\"2025-08-02 09:15:47\",\"name\":\"product-93\",\"extension\":\"jpg\"}','2025-08-02 02:15:47','2025-08-02 02:15:47'),(317,243,'ecommerce/digital-product-files/product-86.jpg','{\"filename\":\"product-86.jpg\",\"url\":\"ecommerce\\/digital-product-files\\/product-86.jpg\",\"mime_type\":\"image\\/jpeg\",\"size\":9730,\"modified\":\"2025-08-02 09:15:47\",\"name\":\"product-86\",\"extension\":\"jpg\"}','2025-08-02 02:15:47','2025-08-02 02:15:47'),(318,243,'ecommerce/digital-product-files/product-37.jpg','{\"filename\":\"product-37.jpg\",\"url\":\"ecommerce\\/digital-product-files\\/product-37.jpg\",\"mime_type\":\"image\\/jpeg\",\"size\":9730,\"modified\":\"2025-08-02 09:15:47\",\"name\":\"product-37\",\"extension\":\"jpg\"}','2025-08-02 02:15:47','2025-08-02 02:15:47'),(319,243,'ecommerce/digital-product-files/product-16.jpg','{\"filename\":\"product-16.jpg\",\"url\":\"ecommerce\\/digital-product-files\\/product-16.jpg\",\"mime_type\":\"image\\/jpeg\",\"size\":9730,\"modified\":\"2025-08-02 09:15:47\",\"name\":\"product-16\",\"extension\":\"jpg\"}','2025-08-02 02:15:47','2025-08-02 02:15:47'),(320,252,'ecommerce/digital-product-files/product-58.jpg','{\"filename\":\"product-58.jpg\",\"url\":\"ecommerce\\/digital-product-files\\/product-58.jpg\",\"mime_type\":\"image\\/jpeg\",\"size\":9730,\"modified\":\"2025-08-02 09:15:47\",\"name\":\"product-58\",\"extension\":\"jpg\"}','2025-08-02 02:15:47','2025-08-02 02:15:47'),(321,252,'ecommerce/digital-product-files/product-10.jpg','{\"filename\":\"product-10.jpg\",\"url\":\"ecommerce\\/digital-product-files\\/product-10.jpg\",\"mime_type\":\"image\\/jpeg\",\"size\":9730,\"modified\":\"2025-08-02 09:15:47\",\"name\":\"product-10\",\"extension\":\"jpg\"}','2025-08-02 02:15:47','2025-08-02 02:15:47'),(322,252,'ecommerce/digital-product-files/product-92.jpg','{\"filename\":\"product-92.jpg\",\"url\":\"ecommerce\\/digital-product-files\\/product-92.jpg\",\"mime_type\":\"image\\/jpeg\",\"size\":9730,\"modified\":\"2025-08-02 09:15:47\",\"name\":\"product-92\",\"extension\":\"jpg\"}','2025-08-02 02:15:47','2025-08-02 02:15:47'),(323,252,'ecommerce/digital-product-files/product-54.jpg','{\"filename\":\"product-54.jpg\",\"url\":\"ecommerce\\/digital-product-files\\/product-54.jpg\",\"mime_type\":\"image\\/jpeg\",\"size\":9730,\"modified\":\"2025-08-02 09:15:47\",\"name\":\"product-54\",\"extension\":\"jpg\"}','2025-08-02 02:15:47','2025-08-02 02:15:47'),(324,252,'ecommerce/digital-product-files/product-77.jpg','{\"filename\":\"product-77.jpg\",\"url\":\"ecommerce\\/digital-product-files\\/product-77.jpg\",\"mime_type\":\"image\\/jpeg\",\"size\":9730,\"modified\":\"2025-08-02 09:15:47\",\"name\":\"product-77\",\"extension\":\"jpg\"}','2025-08-02 02:15:47','2025-08-02 02:15:47'),(325,252,'ecommerce/digital-product-files/product-57.jpg','{\"filename\":\"product-57.jpg\",\"url\":\"ecommerce\\/digital-product-files\\/product-57.jpg\",\"mime_type\":\"image\\/jpeg\",\"size\":9730,\"modified\":\"2025-08-02 09:15:47\",\"name\":\"product-57\",\"extension\":\"jpg\"}','2025-08-02 02:15:47','2025-08-02 02:15:47'),(326,252,'ecommerce/digital-product-files/product-35.jpg','{\"filename\":\"product-35.jpg\",\"url\":\"ecommerce\\/digital-product-files\\/product-35.jpg\",\"mime_type\":\"image\\/jpeg\",\"size\":9730,\"modified\":\"2025-08-02 09:15:47\",\"name\":\"product-35\",\"extension\":\"jpg\"}','2025-08-02 02:15:47','2025-08-02 02:15:47'),(327,252,'ecommerce/digital-product-files/product-5.jpg','{\"filename\":\"product-5.jpg\",\"url\":\"ecommerce\\/digital-product-files\\/product-5.jpg\",\"mime_type\":\"image\\/jpeg\",\"size\":9730,\"modified\":\"2025-08-02 09:15:47\",\"name\":\"product-5\",\"extension\":\"jpg\"}','2025-08-02 02:15:47','2025-08-02 02:15:47'),(328,252,'ecommerce/digital-product-files/product-93.jpg','{\"filename\":\"product-93.jpg\",\"url\":\"ecommerce\\/digital-product-files\\/product-93.jpg\",\"mime_type\":\"image\\/jpeg\",\"size\":9730,\"modified\":\"2025-08-02 09:15:47\",\"name\":\"product-93\",\"extension\":\"jpg\"}','2025-08-02 02:15:47','2025-08-02 02:15:47'),(329,253,'ecommerce/digital-product-files/product-58.jpg','{\"filename\":\"product-58.jpg\",\"url\":\"ecommerce\\/digital-product-files\\/product-58.jpg\",\"mime_type\":\"image\\/jpeg\",\"size\":9730,\"modified\":\"2025-08-02 09:15:47\",\"name\":\"product-58\",\"extension\":\"jpg\"}','2025-08-02 02:15:47','2025-08-02 02:15:47'),(330,253,'ecommerce/digital-product-files/product-10.jpg','{\"filename\":\"product-10.jpg\",\"url\":\"ecommerce\\/digital-product-files\\/product-10.jpg\",\"mime_type\":\"image\\/jpeg\",\"size\":9730,\"modified\":\"2025-08-02 09:15:47\",\"name\":\"product-10\",\"extension\":\"jpg\"}','2025-08-02 02:15:47','2025-08-02 02:15:47'),(331,253,'ecommerce/digital-product-files/product-92.jpg','{\"filename\":\"product-92.jpg\",\"url\":\"ecommerce\\/digital-product-files\\/product-92.jpg\",\"mime_type\":\"image\\/jpeg\",\"size\":9730,\"modified\":\"2025-08-02 09:15:47\",\"name\":\"product-92\",\"extension\":\"jpg\"}','2025-08-02 02:15:47','2025-08-02 02:15:47'),(332,253,'ecommerce/digital-product-files/product-54.jpg','{\"filename\":\"product-54.jpg\",\"url\":\"ecommerce\\/digital-product-files\\/product-54.jpg\",\"mime_type\":\"image\\/jpeg\",\"size\":9730,\"modified\":\"2025-08-02 09:15:47\",\"name\":\"product-54\",\"extension\":\"jpg\"}','2025-08-02 02:15:47','2025-08-02 02:15:47'),(333,253,'ecommerce/digital-product-files/product-77.jpg','{\"filename\":\"product-77.jpg\",\"url\":\"ecommerce\\/digital-product-files\\/product-77.jpg\",\"mime_type\":\"image\\/jpeg\",\"size\":9730,\"modified\":\"2025-08-02 09:15:47\",\"name\":\"product-77\",\"extension\":\"jpg\"}','2025-08-02 02:15:47','2025-08-02 02:15:47'),(334,253,'ecommerce/digital-product-files/product-57.jpg','{\"filename\":\"product-57.jpg\",\"url\":\"ecommerce\\/digital-product-files\\/product-57.jpg\",\"mime_type\":\"image\\/jpeg\",\"size\":9730,\"modified\":\"2025-08-02 09:15:47\",\"name\":\"product-57\",\"extension\":\"jpg\"}','2025-08-02 02:15:47','2025-08-02 02:15:47'),(335,253,'ecommerce/digital-product-files/product-35.jpg','{\"filename\":\"product-35.jpg\",\"url\":\"ecommerce\\/digital-product-files\\/product-35.jpg\",\"mime_type\":\"image\\/jpeg\",\"size\":9730,\"modified\":\"2025-08-02 09:15:47\",\"name\":\"product-35\",\"extension\":\"jpg\"}','2025-08-02 02:15:47','2025-08-02 02:15:47'),(336,253,'ecommerce/digital-product-files/product-5.jpg','{\"filename\":\"product-5.jpg\",\"url\":\"ecommerce\\/digital-product-files\\/product-5.jpg\",\"mime_type\":\"image\\/jpeg\",\"size\":9730,\"modified\":\"2025-08-02 09:15:47\",\"name\":\"product-5\",\"extension\":\"jpg\"}','2025-08-02 02:15:47','2025-08-02 02:15:47'),(337,253,'ecommerce/digital-product-files/product-93.jpg','{\"filename\":\"product-93.jpg\",\"url\":\"ecommerce\\/digital-product-files\\/product-93.jpg\",\"mime_type\":\"image\\/jpeg\",\"size\":9730,\"modified\":\"2025-08-02 09:15:47\",\"name\":\"product-93\",\"extension\":\"jpg\"}','2025-08-02 02:15:47','2025-08-02 02:15:47'),(338,254,'ecommerce/digital-product-files/product-58.jpg','{\"filename\":\"product-58.jpg\",\"url\":\"ecommerce\\/digital-product-files\\/product-58.jpg\",\"mime_type\":\"image\\/jpeg\",\"size\":9730,\"modified\":\"2025-08-02 09:15:47\",\"name\":\"product-58\",\"extension\":\"jpg\"}','2025-08-02 02:15:47','2025-08-02 02:15:47'),(339,254,'ecommerce/digital-product-files/product-10.jpg','{\"filename\":\"product-10.jpg\",\"url\":\"ecommerce\\/digital-product-files\\/product-10.jpg\",\"mime_type\":\"image\\/jpeg\",\"size\":9730,\"modified\":\"2025-08-02 09:15:47\",\"name\":\"product-10\",\"extension\":\"jpg\"}','2025-08-02 02:15:47','2025-08-02 02:15:47'),(340,254,'ecommerce/digital-product-files/product-92.jpg','{\"filename\":\"product-92.jpg\",\"url\":\"ecommerce\\/digital-product-files\\/product-92.jpg\",\"mime_type\":\"image\\/jpeg\",\"size\":9730,\"modified\":\"2025-08-02 09:15:47\",\"name\":\"product-92\",\"extension\":\"jpg\"}','2025-08-02 02:15:47','2025-08-02 02:15:47'),(341,254,'ecommerce/digital-product-files/product-54.jpg','{\"filename\":\"product-54.jpg\",\"url\":\"ecommerce\\/digital-product-files\\/product-54.jpg\",\"mime_type\":\"image\\/jpeg\",\"size\":9730,\"modified\":\"2025-08-02 09:15:47\",\"name\":\"product-54\",\"extension\":\"jpg\"}','2025-08-02 02:15:47','2025-08-02 02:15:47'),(342,254,'ecommerce/digital-product-files/product-77.jpg','{\"filename\":\"product-77.jpg\",\"url\":\"ecommerce\\/digital-product-files\\/product-77.jpg\",\"mime_type\":\"image\\/jpeg\",\"size\":9730,\"modified\":\"2025-08-02 09:15:47\",\"name\":\"product-77\",\"extension\":\"jpg\"}','2025-08-02 02:15:47','2025-08-02 02:15:47'),(343,254,'ecommerce/digital-product-files/product-57.jpg','{\"filename\":\"product-57.jpg\",\"url\":\"ecommerce\\/digital-product-files\\/product-57.jpg\",\"mime_type\":\"image\\/jpeg\",\"size\":9730,\"modified\":\"2025-08-02 09:15:47\",\"name\":\"product-57\",\"extension\":\"jpg\"}','2025-08-02 02:15:47','2025-08-02 02:15:47'),(344,254,'ecommerce/digital-product-files/product-35.jpg','{\"filename\":\"product-35.jpg\",\"url\":\"ecommerce\\/digital-product-files\\/product-35.jpg\",\"mime_type\":\"image\\/jpeg\",\"size\":9730,\"modified\":\"2025-08-02 09:15:47\",\"name\":\"product-35\",\"extension\":\"jpg\"}','2025-08-02 02:15:47','2025-08-02 02:15:47'),(345,254,'ecommerce/digital-product-files/product-5.jpg','{\"filename\":\"product-5.jpg\",\"url\":\"ecommerce\\/digital-product-files\\/product-5.jpg\",\"mime_type\":\"image\\/jpeg\",\"size\":9730,\"modified\":\"2025-08-02 09:15:47\",\"name\":\"product-5\",\"extension\":\"jpg\"}','2025-08-02 02:15:47','2025-08-02 02:15:47'),(346,254,'ecommerce/digital-product-files/product-93.jpg','{\"filename\":\"product-93.jpg\",\"url\":\"ecommerce\\/digital-product-files\\/product-93.jpg\",\"mime_type\":\"image\\/jpeg\",\"size\":9730,\"modified\":\"2025-08-02 09:15:47\",\"name\":\"product-93\",\"extension\":\"jpg\"}','2025-08-02 02:15:47','2025-08-02 02:15:47'),(347,261,'ecommerce/digital-product-files/product-72.jpg','{\"filename\":\"product-72.jpg\",\"url\":\"ecommerce\\/digital-product-files\\/product-72.jpg\",\"mime_type\":\"image\\/jpeg\",\"size\":9730,\"modified\":\"2025-08-02 09:15:47\",\"name\":\"product-72\",\"extension\":\"jpg\"}','2025-08-02 02:15:47','2025-08-02 02:15:47'),(348,261,'ecommerce/digital-product-files/product-12.jpg','{\"filename\":\"product-12.jpg\",\"url\":\"ecommerce\\/digital-product-files\\/product-12.jpg\",\"mime_type\":\"image\\/jpeg\",\"size\":9730,\"modified\":\"2025-08-02 09:15:47\",\"name\":\"product-12\",\"extension\":\"jpg\"}','2025-08-02 02:15:47','2025-08-02 02:15:47'),(349,261,'ecommerce/digital-product-files/product-26.jpg','{\"filename\":\"product-26.jpg\",\"url\":\"ecommerce\\/digital-product-files\\/product-26.jpg\",\"mime_type\":\"image\\/jpeg\",\"size\":9730,\"modified\":\"2025-08-02 09:15:47\",\"name\":\"product-26\",\"extension\":\"jpg\"}','2025-08-02 02:15:47','2025-08-02 02:15:47'),(350,261,'ecommerce/digital-product-files/product-17.jpg','{\"filename\":\"product-17.jpg\",\"url\":\"ecommerce\\/digital-product-files\\/product-17.jpg\",\"mime_type\":\"image\\/jpeg\",\"size\":9730,\"modified\":\"2025-08-02 09:15:47\",\"name\":\"product-17\",\"extension\":\"jpg\"}','2025-08-02 02:15:47','2025-08-02 02:15:47'),(351,261,'ecommerce/digital-product-files/product-92.jpg','{\"filename\":\"product-92.jpg\",\"url\":\"ecommerce\\/digital-product-files\\/product-92.jpg\",\"mime_type\":\"image\\/jpeg\",\"size\":9730,\"modified\":\"2025-08-02 09:15:47\",\"name\":\"product-92\",\"extension\":\"jpg\"}','2025-08-02 02:15:47','2025-08-02 02:15:47'),(352,261,'ecommerce/digital-product-files/product-20.jpg','{\"filename\":\"product-20.jpg\",\"url\":\"ecommerce\\/digital-product-files\\/product-20.jpg\",\"mime_type\":\"image\\/jpeg\",\"size\":9730,\"modified\":\"2025-08-02 09:15:47\",\"name\":\"product-20\",\"extension\":\"jpg\"}','2025-08-02 02:15:47','2025-08-02 02:15:47'),(353,261,'ecommerce/digital-product-files/product-23.jpg','{\"filename\":\"product-23.jpg\",\"url\":\"ecommerce\\/digital-product-files\\/product-23.jpg\",\"mime_type\":\"image\\/jpeg\",\"size\":9730,\"modified\":\"2025-08-02 09:15:47\",\"name\":\"product-23\",\"extension\":\"jpg\"}','2025-08-02 02:15:47','2025-08-02 02:15:47'),(354,261,'ecommerce/digital-product-files/product-13.jpg','{\"filename\":\"product-13.jpg\",\"url\":\"ecommerce\\/digital-product-files\\/product-13.jpg\",\"mime_type\":\"image\\/jpeg\",\"size\":9730,\"modified\":\"2025-08-02 09:15:47\",\"name\":\"product-13\",\"extension\":\"jpg\"}','2025-08-02 02:15:47','2025-08-02 02:15:47'),(355,261,'ecommerce/digital-product-files/product-41.jpg','{\"filename\":\"product-41.jpg\",\"url\":\"ecommerce\\/digital-product-files\\/product-41.jpg\",\"mime_type\":\"image\\/jpeg\",\"size\":9730,\"modified\":\"2025-08-02 09:15:47\",\"name\":\"product-41\",\"extension\":\"jpg\"}','2025-08-02 02:15:47','2025-08-02 02:15:47'),(356,261,'ecommerce/digital-product-files/product-54.jpg','{\"filename\":\"product-54.jpg\",\"url\":\"ecommerce\\/digital-product-files\\/product-54.jpg\",\"mime_type\":\"image\\/jpeg\",\"size\":9730,\"modified\":\"2025-08-02 09:15:47\",\"name\":\"product-54\",\"extension\":\"jpg\"}','2025-08-02 02:15:47','2025-08-02 02:15:47'),(357,261,'ecommerce/digital-product-files/product-51.jpg','{\"filename\":\"product-51.jpg\",\"url\":\"ecommerce\\/digital-product-files\\/product-51.jpg\",\"mime_type\":\"image\\/jpeg\",\"size\":9730,\"modified\":\"2025-08-02 09:15:47\",\"name\":\"product-51\",\"extension\":\"jpg\"}','2025-08-02 02:15:47','2025-08-02 02:15:47'),(358,262,'ecommerce/digital-product-files/product-72.jpg','{\"filename\":\"product-72.jpg\",\"url\":\"ecommerce\\/digital-product-files\\/product-72.jpg\",\"mime_type\":\"image\\/jpeg\",\"size\":9730,\"modified\":\"2025-08-02 09:15:47\",\"name\":\"product-72\",\"extension\":\"jpg\"}','2025-08-02 02:15:47','2025-08-02 02:15:47'),(359,262,'ecommerce/digital-product-files/product-12.jpg','{\"filename\":\"product-12.jpg\",\"url\":\"ecommerce\\/digital-product-files\\/product-12.jpg\",\"mime_type\":\"image\\/jpeg\",\"size\":9730,\"modified\":\"2025-08-02 09:15:47\",\"name\":\"product-12\",\"extension\":\"jpg\"}','2025-08-02 02:15:47','2025-08-02 02:15:47'),(360,262,'ecommerce/digital-product-files/product-26.jpg','{\"filename\":\"product-26.jpg\",\"url\":\"ecommerce\\/digital-product-files\\/product-26.jpg\",\"mime_type\":\"image\\/jpeg\",\"size\":9730,\"modified\":\"2025-08-02 09:15:47\",\"name\":\"product-26\",\"extension\":\"jpg\"}','2025-08-02 02:15:47','2025-08-02 02:15:47'),(361,262,'ecommerce/digital-product-files/product-17.jpg','{\"filename\":\"product-17.jpg\",\"url\":\"ecommerce\\/digital-product-files\\/product-17.jpg\",\"mime_type\":\"image\\/jpeg\",\"size\":9730,\"modified\":\"2025-08-02 09:15:47\",\"name\":\"product-17\",\"extension\":\"jpg\"}','2025-08-02 02:15:47','2025-08-02 02:15:47'),(362,262,'ecommerce/digital-product-files/product-92.jpg','{\"filename\":\"product-92.jpg\",\"url\":\"ecommerce\\/digital-product-files\\/product-92.jpg\",\"mime_type\":\"image\\/jpeg\",\"size\":9730,\"modified\":\"2025-08-02 09:15:47\",\"name\":\"product-92\",\"extension\":\"jpg\"}','2025-08-02 02:15:47','2025-08-02 02:15:47'),(363,262,'ecommerce/digital-product-files/product-20.jpg','{\"filename\":\"product-20.jpg\",\"url\":\"ecommerce\\/digital-product-files\\/product-20.jpg\",\"mime_type\":\"image\\/jpeg\",\"size\":9730,\"modified\":\"2025-08-02 09:15:47\",\"name\":\"product-20\",\"extension\":\"jpg\"}','2025-08-02 02:15:47','2025-08-02 02:15:47'),(364,262,'ecommerce/digital-product-files/product-23.jpg','{\"filename\":\"product-23.jpg\",\"url\":\"ecommerce\\/digital-product-files\\/product-23.jpg\",\"mime_type\":\"image\\/jpeg\",\"size\":9730,\"modified\":\"2025-08-02 09:15:47\",\"name\":\"product-23\",\"extension\":\"jpg\"}','2025-08-02 02:15:47','2025-08-02 02:15:47'),(365,262,'ecommerce/digital-product-files/product-13.jpg','{\"filename\":\"product-13.jpg\",\"url\":\"ecommerce\\/digital-product-files\\/product-13.jpg\",\"mime_type\":\"image\\/jpeg\",\"size\":9730,\"modified\":\"2025-08-02 09:15:47\",\"name\":\"product-13\",\"extension\":\"jpg\"}','2025-08-02 02:15:47','2025-08-02 02:15:47'),(366,262,'ecommerce/digital-product-files/product-41.jpg','{\"filename\":\"product-41.jpg\",\"url\":\"ecommerce\\/digital-product-files\\/product-41.jpg\",\"mime_type\":\"image\\/jpeg\",\"size\":9730,\"modified\":\"2025-08-02 09:15:47\",\"name\":\"product-41\",\"extension\":\"jpg\"}','2025-08-02 02:15:47','2025-08-02 02:15:47'),(367,262,'ecommerce/digital-product-files/product-54.jpg','{\"filename\":\"product-54.jpg\",\"url\":\"ecommerce\\/digital-product-files\\/product-54.jpg\",\"mime_type\":\"image\\/jpeg\",\"size\":9730,\"modified\":\"2025-08-02 09:15:47\",\"name\":\"product-54\",\"extension\":\"jpg\"}','2025-08-02 02:15:47','2025-08-02 02:15:47'),(368,262,'ecommerce/digital-product-files/product-51.jpg','{\"filename\":\"product-51.jpg\",\"url\":\"ecommerce\\/digital-product-files\\/product-51.jpg\",\"mime_type\":\"image\\/jpeg\",\"size\":9730,\"modified\":\"2025-08-02 09:15:47\",\"name\":\"product-51\",\"extension\":\"jpg\"}','2025-08-02 02:15:47','2025-08-02 02:15:47'),(369,263,'ecommerce/digital-product-files/product-72.jpg','{\"filename\":\"product-72.jpg\",\"url\":\"ecommerce\\/digital-product-files\\/product-72.jpg\",\"mime_type\":\"image\\/jpeg\",\"size\":9730,\"modified\":\"2025-08-02 09:15:47\",\"name\":\"product-72\",\"extension\":\"jpg\"}','2025-08-02 02:15:47','2025-08-02 02:15:47'),(370,263,'ecommerce/digital-product-files/product-12.jpg','{\"filename\":\"product-12.jpg\",\"url\":\"ecommerce\\/digital-product-files\\/product-12.jpg\",\"mime_type\":\"image\\/jpeg\",\"size\":9730,\"modified\":\"2025-08-02 09:15:47\",\"name\":\"product-12\",\"extension\":\"jpg\"}','2025-08-02 02:15:47','2025-08-02 02:15:47'),(371,263,'ecommerce/digital-product-files/product-26.jpg','{\"filename\":\"product-26.jpg\",\"url\":\"ecommerce\\/digital-product-files\\/product-26.jpg\",\"mime_type\":\"image\\/jpeg\",\"size\":9730,\"modified\":\"2025-08-02 09:15:47\",\"name\":\"product-26\",\"extension\":\"jpg\"}','2025-08-02 02:15:47','2025-08-02 02:15:47'),(372,263,'ecommerce/digital-product-files/product-17.jpg','{\"filename\":\"product-17.jpg\",\"url\":\"ecommerce\\/digital-product-files\\/product-17.jpg\",\"mime_type\":\"image\\/jpeg\",\"size\":9730,\"modified\":\"2025-08-02 09:15:47\",\"name\":\"product-17\",\"extension\":\"jpg\"}','2025-08-02 02:15:47','2025-08-02 02:15:47'),(373,263,'ecommerce/digital-product-files/product-92.jpg','{\"filename\":\"product-92.jpg\",\"url\":\"ecommerce\\/digital-product-files\\/product-92.jpg\",\"mime_type\":\"image\\/jpeg\",\"size\":9730,\"modified\":\"2025-08-02 09:15:47\",\"name\":\"product-92\",\"extension\":\"jpg\"}','2025-08-02 02:15:47','2025-08-02 02:15:47'),(374,263,'ecommerce/digital-product-files/product-20.jpg','{\"filename\":\"product-20.jpg\",\"url\":\"ecommerce\\/digital-product-files\\/product-20.jpg\",\"mime_type\":\"image\\/jpeg\",\"size\":9730,\"modified\":\"2025-08-02 09:15:47\",\"name\":\"product-20\",\"extension\":\"jpg\"}','2025-08-02 02:15:47','2025-08-02 02:15:47'),(375,263,'ecommerce/digital-product-files/product-23.jpg','{\"filename\":\"product-23.jpg\",\"url\":\"ecommerce\\/digital-product-files\\/product-23.jpg\",\"mime_type\":\"image\\/jpeg\",\"size\":9730,\"modified\":\"2025-08-02 09:15:47\",\"name\":\"product-23\",\"extension\":\"jpg\"}','2025-08-02 02:15:47','2025-08-02 02:15:47'),(376,263,'ecommerce/digital-product-files/product-13.jpg','{\"filename\":\"product-13.jpg\",\"url\":\"ecommerce\\/digital-product-files\\/product-13.jpg\",\"mime_type\":\"image\\/jpeg\",\"size\":9730,\"modified\":\"2025-08-02 09:15:47\",\"name\":\"product-13\",\"extension\":\"jpg\"}','2025-08-02 02:15:47','2025-08-02 02:15:47'),(377,263,'ecommerce/digital-product-files/product-41.jpg','{\"filename\":\"product-41.jpg\",\"url\":\"ecommerce\\/digital-product-files\\/product-41.jpg\",\"mime_type\":\"image\\/jpeg\",\"size\":9730,\"modified\":\"2025-08-02 09:15:47\",\"name\":\"product-41\",\"extension\":\"jpg\"}','2025-08-02 02:15:47','2025-08-02 02:15:47'),(378,263,'ecommerce/digital-product-files/product-54.jpg','{\"filename\":\"product-54.jpg\",\"url\":\"ecommerce\\/digital-product-files\\/product-54.jpg\",\"mime_type\":\"image\\/jpeg\",\"size\":9730,\"modified\":\"2025-08-02 09:15:47\",\"name\":\"product-54\",\"extension\":\"jpg\"}','2025-08-02 02:15:47','2025-08-02 02:15:47'),(379,263,'ecommerce/digital-product-files/product-51.jpg','{\"filename\":\"product-51.jpg\",\"url\":\"ecommerce\\/digital-product-files\\/product-51.jpg\",\"mime_type\":\"image\\/jpeg\",\"size\":9730,\"modified\":\"2025-08-02 09:15:47\",\"name\":\"product-51\",\"extension\":\"jpg\"}','2025-08-02 02:15:47','2025-08-02 02:15:47');

--
-- Table structure for table `ec_product_label_products`
--

CREATE TABLE `ec_product_label_products` (
  `product_label_id` bigint unsigned NOT NULL,
  `product_id` bigint unsigned NOT NULL,
  PRIMARY KEY (`product_label_id`,`product_id`),
  KEY `ec_product_label_products_product_label_id_index` (`product_label_id`),
  KEY `ec_product_label_products_product_id_index` (`product_id`)
) ENGINE=InnoDB DEFAULT CHARSET=utf8mb4 COLLATE=utf8mb4_unicode_ci;

--
-- Dumping data for table `ec_product_label_products`
--

INSERT INTO `ec_product_label_products` VALUES (1,35),(2,7),(2,14),(2,28),(2,42),(2,49),(2,56),(2,70),(3,21),(3,63);

--
-- Table structure for table `ec_product_labels`
--

CREATE TABLE `ec_product_labels` (
  `id` bigint unsigned NOT NULL AUTO_INCREMENT,
  `name` varchar(191) COLLATE utf8mb4_unicode_ci NOT NULL,
  `color` varchar(120) COLLATE utf8mb4_unicode_ci DEFAULT NULL,
  `status` varchar(60) COLLATE utf8mb4_unicode_ci NOT NULL DEFAULT 'published',
  `created_at` timestamp NULL DEFAULT NULL,
  `updated_at` timestamp NULL DEFAULT NULL,
  `text_color` varchar(120) COLLATE utf8mb4_unicode_ci DEFAULT NULL,
  PRIMARY KEY (`id`)
) ENGINE=InnoDB AUTO_INCREMENT=4 DEFAULT CHARSET=utf8mb4 COLLATE=utf8mb4_unicode_ci;

--
-- Dumping data for table `ec_product_labels`
--

INSERT INTO `ec_product_labels` VALUES (1,'Hot','#d71e2d','published','2025-08-02 02:15:33','2025-08-02 02:15:33',NULL),(2,'New','#02856e','published','2025-08-02 02:15:33','2025-08-02 02:15:33',NULL),(3,'Sale','#fe9931','published','2025-08-02 02:15:33','2025-08-02 02:15:33',NULL);

--
-- Table structure for table `ec_product_labels_translations`
--

CREATE TABLE `ec_product_labels_translations` (
  `lang_code` varchar(191) COLLATE utf8mb4_unicode_ci NOT NULL,
  `ec_product_labels_id` bigint unsigned NOT NULL,
  `name` varchar(191) COLLATE utf8mb4_unicode_ci DEFAULT NULL,
  `description` varchar(400) COLLATE utf8mb4_unicode_ci DEFAULT NULL,
  PRIMARY KEY (`lang_code`,`ec_product_labels_id`)
) ENGINE=InnoDB DEFAULT CHARSET=utf8mb4 COLLATE=utf8mb4_unicode_ci;

--
-- Dumping data for table `ec_product_labels_translations`
--


--
-- Table structure for table `ec_product_license_codes`
--

CREATE TABLE `ec_product_license_codes` (
  `id` bigint unsigned NOT NULL AUTO_INCREMENT,
  `product_id` bigint unsigned NOT NULL,
  `license_code` text COLLATE utf8mb4_unicode_ci NOT NULL,
  `status` varchar(60) COLLATE utf8mb4_unicode_ci NOT NULL DEFAULT 'available',
  `assigned_order_product_id` bigint unsigned DEFAULT NULL,
  `assigned_at` timestamp NULL DEFAULT NULL,
  `created_at` timestamp NULL DEFAULT NULL,
  `updated_at` timestamp NULL DEFAULT NULL,
  PRIMARY KEY (`id`),
  KEY `ec_product_license_codes_product_id_status_index` (`product_id`,`status`)
) ENGINE=InnoDB DEFAULT CHARSET=utf8mb4 COLLATE=utf8mb4_unicode_ci;

--
-- Dumping data for table `ec_product_license_codes`
--


--
-- Table structure for table `ec_product_related_relations`
--

CREATE TABLE `ec_product_related_relations` (
  `from_product_id` bigint unsigned NOT NULL,
  `to_product_id` bigint unsigned NOT NULL,
  PRIMARY KEY (`from_product_id`,`to_product_id`),
  KEY `ec_product_related_relations_from_product_id_index` (`from_product_id`),
  KEY `ec_product_related_relations_to_product_id_index` (`to_product_id`)
) ENGINE=InnoDB DEFAULT CHARSET=utf8mb4 COLLATE=utf8mb4_unicode_ci;

--
-- Dumping data for table `ec_product_related_relations`
--


--
-- Table structure for table `ec_product_specification_attribute`
--

CREATE TABLE `ec_product_specification_attribute` (
  `product_id` bigint unsigned NOT NULL,
  `attribute_id` bigint unsigned NOT NULL,
  `value` text COLLATE utf8mb4_unicode_ci,
  `hidden` tinyint(1) NOT NULL DEFAULT '0',
  `order` tinyint NOT NULL DEFAULT '0',
  PRIMARY KEY (`product_id`,`attribute_id`)
) ENGINE=InnoDB DEFAULT CHARSET=utf8mb4 COLLATE=utf8mb4_unicode_ci;

--
-- Dumping data for table `ec_product_specification_attribute`
--

INSERT INTO `ec_product_specification_attribute` VALUES (1,1,'64.61 cm',0,0),(1,2,'67.57 cm',0,0),(1,3,'74.67 cm',0,0),(1,4,'4.28 cm',0,0),(1,5,'24.53 cm',0,0),(2,6,'57.54 cm',0,0),(2,7,'58.25 cm',0,0),(2,8,'1920x1080',0,0),(3,1,'74.55 cm',0,0),(3,2,'59.93 cm',0,0),(3,3,'66.04 cm',0,0),(3,4,'11.97 cm',0,0),(3,5,'25.59 cm',0,0),(4,6,'9.59 cm',0,0),(4,7,'37.54 cm',0,0),(4,8,'3840x2160',0,0),(5,6,'45.59 cm',0,0),(5,7,'27.23 cm',0,0),(5,8,'2560x1440',0,0),(6,1,'91.87 cm',0,0),(6,2,'67.22 cm',0,0),(6,3,'2.73 cm',0,0),(6,4,'6.61 cm',0,0),(6,5,'15.88 cm',0,0),(7,1,'88.22 cm',0,0),(7,2,'75.28 cm',0,0),(7,3,'59.02 cm',0,0),(7,4,'69.23 cm',0,0),(7,5,'89.69 cm',0,0),(8,6,'8.46 cm',0,0),(8,7,'21.29 cm',0,0),(8,8,'1920x1080',0,0),(9,6,'52.98 cm',0,0),(9,7,'60.22 cm',0,0),(9,8,'2560x1440',0,0),(10,1,'22.45 cm',0,0),(10,2,'74.83 cm',0,0),(10,3,'64.41 cm',0,0),(10,4,'82.78 cm',0,0),(10,5,'4.19 cm',0,0),(11,1,'79.95 cm',0,0),(11,2,'79.5 cm',0,0),(11,3,'71.48 cm',0,0),(11,4,'73.51 cm',0,0),(11,5,'96.78 cm',0,0),(12,1,'7.67 cm',0,0),(12,2,'50.41 cm',0,0),(12,3,'32.8 cm',0,0),(12,4,'82.54 cm',0,0),(12,5,'78.31 cm',0,0),(13,1,'17.44 cm',0,0),(13,2,'39.38 cm',0,0),(13,3,'35.87 cm',0,0),(13,4,'8.09 cm',0,0),(13,5,'26.72 cm',0,0),(14,6,'90.7 cm',0,0),(14,7,'68.58 cm',0,0),(14,8,'1920x1080',0,0),(15,1,'74.02 cm',0,0),(15,2,'65.33 cm',0,0),(15,3,'96 cm',0,0),(15,4,'13.44 cm',0,0),(15,5,'55.45 cm',0,0),(16,1,'38.05 cm',0,0),(16,2,'54.27 cm',0,0),(16,3,'38.23 cm',0,0),(16,4,'68.56 cm',0,0),(16,5,'37.57 cm',0,0),(17,1,'84.4 cm',0,0),(17,2,'35.49 cm',0,0),(17,3,'63.41 cm',0,0),(17,4,'63.93 cm',0,0),(17,5,'73.11 cm',0,0),(18,1,'24.96 cm',0,0),(18,2,'86.8 cm',0,0),(18,3,'79.33 cm',0,0),(18,4,'28.04 cm',0,0),(18,5,'6.17 cm',0,0),(19,1,'69.73 cm',0,0),(19,2,'44.69 cm',0,0),(19,3,'56.03 cm',0,0),(19,4,'37.45 cm',0,0),(19,5,'70.97 cm',0,0),(20,1,'57.75 cm',0,0),(20,2,'86.36 cm',0,0),(20,3,'46.57 cm',0,0),(20,4,'98.48 cm',0,0),(20,5,'5.25 cm',0,0),(21,6,'50.06 cm',0,0),(21,7,'22.18 cm',0,0),(21,8,'1920x1080',0,0),(22,6,'91.69 cm',0,0),(22,7,'4.35 cm',0,0),(22,8,'3840x2160',0,0),(23,6,'84.65 cm',0,0),(23,7,'45.73 cm',0,0),(23,8,'3840x2160',0,0),(24,1,'68.19 cm',0,0),(24,2,'91.37 cm',0,0),(24,3,'94.04 cm',0,0),(24,4,'57.73 cm',0,0),(24,5,'43.13 cm',0,0),(25,1,'11.94 cm',0,0),(25,2,'26.71 cm',0,0),(25,3,'42.83 cm',0,0),(25,4,'63.81 cm',0,0),(25,5,'30.27 cm',0,0),(26,1,'97.1 cm',0,0),(26,2,'91.82 cm',0,0),(26,3,'85.92 cm',0,0),(26,4,'10.81 cm',0,0),(26,5,'36.77 cm',0,0),(27,6,'31.62 cm',0,0),(27,7,'48.56 cm',0,0),(27,8,'2560x1440',0,0),(28,6,'61 cm',0,0),(28,7,'98.6 cm',0,0),(28,8,'3840x2160',0,0),(29,1,'42.09 cm',0,0),(29,2,'30.57 cm',0,0),(29,3,'18.63 cm',0,0),(29,4,'24.25 cm',0,0),(29,5,'83.85 cm',0,0),(30,6,'72.26 cm',0,0),(30,7,'5.76 cm',0,0),(30,8,'2560x1440',0,0),(31,1,'28.5 cm',0,0),(31,2,'66.01 cm',0,0),(31,3,'30.39 cm',0,0),(31,4,'94.27 cm',0,0),(31,5,'45.11 cm',0,0),(32,6,'4.83 cm',0,0),(32,7,'68.45 cm',0,0),(32,8,'1920x1080',0,0),(33,1,'40.68 cm',0,0),(33,2,'92.58 cm',0,0),(33,3,'4.11 cm',0,0),(33,4,'30.86 cm',0,0),(33,5,'79.57 cm',0,0),(34,1,'84.34 cm',0,0),(34,2,'4.83 cm',0,0),(34,3,'77.79 cm',0,0),(34,4,'56.27 cm',0,0),(34,5,'96.46 cm',0,0),(35,1,'47.42 cm',0,0),(35,2,'41.93 cm',0,0),(35,3,'21.83 cm',0,0),(35,4,'90.59 cm',0,0),(35,5,'98.31 cm',0,0),(36,6,'35.11 cm',0,0),(36,7,'37.98 cm',0,0),(36,8,'1920x1080',0,0),(37,6,'4.73 cm',0,0),(37,7,'50.32 cm',0,0),(37,8,'2560x1440',0,0),(38,1,'62.3 cm',0,0),(38,2,'98.8 cm',0,0),(38,3,'14.41 cm',0,0),(38,4,'83.74 cm',0,0),(38,5,'74.29 cm',0,0),(39,6,'17.6 cm',0,0),(39,7,'45.83 cm',0,0),(39,8,'1920x1080',0,0),(40,6,'19.84 cm',0,0),(40,7,'64.98 cm',0,0),(40,8,'2560x1440',0,0),(41,6,'48.76 cm',0,0),(41,7,'11.55 cm',0,0),(41,8,'3840x2160',0,0),(42,1,'97.93 cm',0,0),(42,2,'3.61 cm',0,0),(42,3,'19.68 cm',0,0),(42,4,'7.34 cm',0,0),(42,5,'86.63 cm',0,0),(43,6,'22.04 cm',0,0),(43,7,'51.9 cm',0,0),(43,8,'3840x2160',0,0),(44,1,'30.42 cm',0,0),(44,2,'91.82 cm',0,0),(44,3,'95.63 cm',0,0),(44,4,'35.02 cm',0,0),(44,5,'44.46 cm',0,0),(45,6,'6.51 cm',0,0),(45,7,'53.94 cm',0,0),(45,8,'3840x2160',0,0),(46,1,'63.08 cm',0,0),(46,2,'29.28 cm',0,0),(46,3,'10.62 cm',0,0),(46,4,'19.8 cm',0,0),(46,5,'89.37 cm',0,0),(47,6,'17.35 cm',0,0),(47,7,'51.47 cm',0,0),(47,8,'3840x2160',0,0),(48,6,'79.12 cm',0,0),(48,7,'12.4 cm',0,0),(48,8,'3840x2160',0,0),(49,1,'22.38 cm',0,0),(49,2,'33.21 cm',0,0),(49,3,'50.66 cm',0,0),(49,4,'27.29 cm',0,0),(49,5,'42.96 cm',0,0),(50,6,'70.56 cm',0,0),(50,7,'61.84 cm',0,0),(50,8,'2560x1440',0,0),(51,1,'33.31 cm',0,0),(51,2,'45.16 cm',0,0),(51,3,'25.36 cm',0,0),(51,4,'50.44 cm',0,0),(51,5,'89.76 cm',0,0),(52,1,'65.34 cm',0,0),(52,2,'67.17 cm',0,0),(52,3,'26.67 cm',0,0),(52,4,'25.55 cm',0,0),(52,5,'98.5 cm',0,0),(53,1,'63.86 cm',0,0),(53,2,'73.41 cm',0,0),(53,3,'20.35 cm',0,0),(53,4,'56.34 cm',0,0),(53,5,'36.52 cm',0,0),(54,6,'76.88 cm',0,0),(54,7,'88.68 cm',0,0),(54,8,'3840x2160',0,0),(55,1,'66.46 cm',0,0),(55,2,'83.3 cm',0,0),(55,3,'3.31 cm',0,0),(55,4,'6.14 cm',0,0),(55,5,'71.75 cm',0,0),(56,6,'68.4 cm',0,0),(56,7,'36.29 cm',0,0),(56,8,'2560x1440',0,0),(57,6,'27.29 cm',0,0),(57,7,'58.83 cm',0,0),(57,8,'3840x2160',0,0),(58,6,'76.93 cm',0,0),(58,7,'1.14 cm',0,0),(58,8,'2560x1440',0,0),(59,1,'36.86 cm',0,0),(59,2,'80.63 cm',0,0),(59,3,'84.11 cm',0,0),(59,4,'90.77 cm',0,0),(59,5,'63.16 cm',0,0),(60,1,'17.58 cm',0,0),(60,2,'62.91 cm',0,0),(60,3,'25.84 cm',0,0),(60,4,'53.73 cm',0,0),(60,5,'84.95 cm',0,0),(61,6,'6.01 cm',0,0),(61,7,'61.07 cm',0,0),(61,8,'1920x1080',0,0),(62,6,'18.32 cm',0,0),(62,7,'12.62 cm',0,0),(62,8,'3840x2160',0,0),(63,6,'40.05 cm',0,0),(63,7,'38.78 cm',0,0),(63,8,'1920x1080',0,0),(64,6,'57.09 cm',0,0),(64,7,'87.69 cm',0,0),(64,8,'2560x1440',0,0),(65,1,'8.69 cm',0,0),(65,2,'72.96 cm',0,0),(65,3,'54.32 cm',0,0),(65,4,'68.18 cm',0,0),(65,5,'89.99 cm',0,0),(66,1,'8.79 cm',0,0),(66,2,'35.94 cm',0,0),(66,3,'46.02 cm',0,0),(66,4,'81.45 cm',0,0),(66,5,'33.63 cm',0,0),(67,6,'22.35 cm',0,0),(67,7,'43.15 cm',0,0),(67,8,'1920x1080',0,0),(68,1,'84.36 cm',0,0),(68,2,'8.78 cm',0,0),(68,3,'60.06 cm',0,0),(68,4,'60.97 cm',0,0),(68,5,'12.68 cm',0,0),(69,1,'68.86 cm',0,0),(69,2,'26.5 cm',0,0),(69,3,'94.76 cm',0,0),(69,4,'14.48 cm',0,0),(69,5,'10.18 cm',0,0),(70,6,'24.7 cm',0,0),(70,7,'85.05 cm',0,0),(70,8,'3840x2160',0,0),(71,1,'61.87 cm',0,0),(71,2,'63.22 cm',0,0),(71,3,'54.27 cm',0,0),(71,4,'86.39 cm',0,0),(71,5,'54.91 cm',0,0),(72,1,'60.42 cm',0,0),(72,2,'51.38 cm',0,0),(72,3,'36.55 cm',0,0),(72,4,'53.93 cm',0,0),(72,5,'18.86 cm',0,0),(73,1,'34.48 cm',0,0),(73,2,'93.04 cm',0,0),(73,3,'32.34 cm',0,0),(73,4,'79.42 cm',0,0),(73,5,'49.41 cm',0,0),(74,6,'5.02 cm',0,0),(74,7,'45.52 cm',0,0),(74,8,'2560x1440',0,0),(75,1,'22.85 cm',0,0),(75,2,'22.52 cm',0,0),(75,3,'5.77 cm',0,0),(75,4,'42.25 cm',0,0),(75,5,'87.61 cm',0,0);

--
-- Table structure for table `ec_product_tag_product`
--

CREATE TABLE `ec_product_tag_product` (
  `product_id` bigint unsigned NOT NULL,
  `tag_id` bigint unsigned NOT NULL,
  PRIMARY KEY (`product_id`,`tag_id`),
  KEY `ec_product_tag_product_product_id_index` (`product_id`),
  KEY `ec_product_tag_product_tag_id_index` (`tag_id`)
) ENGINE=InnoDB DEFAULT CHARSET=utf8mb4 COLLATE=utf8mb4_unicode_ci;

--
-- Dumping data for table `ec_product_tag_product`
--

INSERT INTO `ec_product_tag_product` VALUES (1,4),(1,5),(2,1),(2,2),(2,6),(3,3),(3,4),(4,1),(4,4),(4,5),(5,2),(5,6),(6,3),(6,6),(7,1),(7,4),(8,1),(8,6),(9,2),(9,3),(9,6),(10,2),(10,5),(10,6),(11,1),(11,3),(11,4),(12,1),(12,6),(13,1),(13,4),(13,6),(14,1),(14,2),(14,6),(15,1),(15,2),(15,5),(16,1),(16,2),(16,4),(17,2),(17,3),(18,1),(18,2),(18,3),(19,3),(19,4),(19,6),(20,4),(20,5),(20,6),(21,2),(21,4),(21,5),(22,2),(22,5),(22,6),(23,4),(23,6),(24,1),(24,4),(24,6),(25,1),(25,2),(25,6),(26,3),(27,5),(27,6),(28,2),(28,3),(29,1),(29,3),(29,4),(30,1),(30,4),(31,1),(31,4),(32,5),(32,6),(33,2),(33,4),(33,5),(34,3),(34,6),(35,1),(35,2),(35,5),(36,2),(36,3),(36,5),(37,2),(37,4),(37,6),(38,1),(38,5),(38,6),(39,3),(39,4),(39,5),(40,1),(40,2),(40,5),(41,4),(41,5),(42,3),(42,5),(43,2),(43,4),(44,4),(44,5),(45,1),(45,3),(45,6),(46,1),(46,3),(46,4),(47,2),(47,3),(47,6),(48,2),(48,4),(48,5),(49,2),(49,3),(50,2),(50,3),(50,6),(51,2),(51,4),(51,5),(52,1),(52,2),(52,4),(53,2),(53,4),(53,5),(54,6),(55,3),(55,4),(55,6),(56,1),(56,3),(57,1),(57,4),(58,2),(58,6),(59,2),(59,3),(60,2),(60,6),(61,2),(61,5),(62,1),(62,4),(63,2),(63,4),(63,5),(64,2),(64,3),(64,6),(65,2),(65,5),(65,6),(66,3),(66,5),(67,1),(67,4),(68,2),(68,3),(68,4),(69,3),(69,6),(70,2),(70,3),(70,6),(71,1),(71,3),(72,1),(72,3),(72,4),(73,1),(73,2),(73,4),(74,5),(74,6),(75,4),(75,5),(75,6);

--
-- Table structure for table `ec_product_tags`
--

CREATE TABLE `ec_product_tags` (
  `id` bigint unsigned NOT NULL AUTO_INCREMENT,
  `name` varchar(120) COLLATE utf8mb4_unicode_ci NOT NULL,
  `description` varchar(400) COLLATE utf8mb4_unicode_ci DEFAULT NULL,
  `status` varchar(60) COLLATE utf8mb4_unicode_ci NOT NULL DEFAULT 'published',
  `created_at` timestamp NULL DEFAULT NULL,
  `updated_at` timestamp NULL DEFAULT NULL,
  PRIMARY KEY (`id`)
) ENGINE=InnoDB AUTO_INCREMENT=7 DEFAULT CHARSET=utf8mb4 COLLATE=utf8mb4_unicode_ci;

--
-- Dumping data for table `ec_product_tags`
--

INSERT INTO `ec_product_tags` VALUES (1,'Electronic',NULL,'published','2025-08-02 02:15:33','2025-08-02 02:15:33'),(2,'Mobile',NULL,'published','2025-08-02 02:15:33','2025-08-02 02:15:33'),(3,'Iphone',NULL,'published','2025-08-02 02:15:33','2025-08-02 02:15:33'),(4,'Printer',NULL,'published','2025-08-02 02:15:33','2025-08-02 02:15:33'),(5,'Office',NULL,'published','2025-08-02 02:15:33','2025-08-02 02:15:33'),(6,'IT',NULL,'published','2025-08-02 02:15:33','2025-08-02 02:15:33');

--
-- Table structure for table `ec_product_tags_translations`
--

CREATE TABLE `ec_product_tags_translations` (
  `lang_code` varchar(191) COLLATE utf8mb4_unicode_ci NOT NULL,
  `ec_product_tags_id` bigint unsigned NOT NULL,
  `name` varchar(191) COLLATE utf8mb4_unicode_ci DEFAULT NULL,
  PRIMARY KEY (`lang_code`,`ec_product_tags_id`)
) ENGINE=InnoDB DEFAULT CHARSET=utf8mb4 COLLATE=utf8mb4_unicode_ci;

--
-- Dumping data for table `ec_product_tags_translations`
--


--
-- Table structure for table `ec_product_up_sale_relations`
--

CREATE TABLE `ec_product_up_sale_relations` (
  `from_product_id` bigint unsigned NOT NULL,
  `to_product_id` bigint unsigned NOT NULL,
  PRIMARY KEY (`from_product_id`,`to_product_id`),
  KEY `ec_product_up_sale_relations_from_product_id_index` (`from_product_id`),
  KEY `ec_product_up_sale_relations_to_product_id_index` (`to_product_id`)
) ENGINE=InnoDB DEFAULT CHARSET=utf8mb4 COLLATE=utf8mb4_unicode_ci;

--
-- Dumping data for table `ec_product_up_sale_relations`
--


--
-- Table structure for table `ec_product_variation_items`
--

CREATE TABLE `ec_product_variation_items` (
  `id` bigint unsigned NOT NULL AUTO_INCREMENT,
  `attribute_id` bigint unsigned NOT NULL,
  `variation_id` bigint unsigned NOT NULL,
  PRIMARY KEY (`id`),
  UNIQUE KEY `ec_product_variation_items_attribute_id_variation_id_unique` (`attribute_id`,`variation_id`),
  KEY `attribute_variation_index` (`attribute_id`,`variation_id`),
  KEY `idx_variation_id` (`variation_id`),
  KEY `idx_variation_attribute_covering` (`variation_id`,`attribute_id`)
) ENGINE=InnoDB AUTO_INCREMENT=389 DEFAULT CHARSET=utf8mb4 COLLATE=utf8mb4_unicode_ci;

--
-- Dumping data for table `ec_product_variation_items`
--

INSERT INTO `ec_product_variation_items` VALUES (3,1,2),(15,1,8),(37,1,19),(81,1,41),(91,1,46),(93,1,47),(97,1,49),(101,1,51),(105,1,53),(129,1,65),(141,1,71),(147,1,74),(177,1,89),(181,1,91),(187,1,94),(193,1,97),(201,1,101),(209,1,105),(225,1,113),(227,1,114),(231,1,116),(241,1,121),(259,1,130),(261,1,131),(265,1,133),(273,1,137),(281,1,141),(283,1,142),(285,1,143),(293,1,147),(295,1,148),(297,1,149),(303,1,152),(317,1,159),(323,1,162),(359,1,180),(369,1,185),(1,2,1),(23,2,12),(43,2,22),(59,2,30),(73,2,37),(77,2,39),(113,2,57),(117,2,59),(121,2,61),(131,2,66),(145,2,73),(167,2,84),(173,2,87),(175,2,88),(199,2,100),(205,2,103),(233,2,117),(247,2,124),(249,2,125),(279,2,140),(289,2,145),(291,2,146),(311,2,156),(347,2,174),(349,2,175),(355,2,178),(5,3,3),(17,3,9),(19,3,10),(25,3,13),(27,3,14),(31,3,16),(35,3,18),(51,3,26),(55,3,28),(57,3,29),(67,3,34),(69,3,35),(79,3,40),(83,3,42),(95,3,48),(99,3,50),(107,3,54),(137,3,69),(139,3,70),(149,3,75),(151,3,76),(155,3,78),(159,3,80),(163,3,82),(179,3,90),(185,3,93),(197,3,99),(211,3,106),(245,3,123),(255,3,128),(267,3,134),(271,3,136),(301,3,151),(307,3,154),(315,3,158),(325,3,163),(357,3,179),(363,3,182),(367,3,184),(375,3,188),(381,3,191),(387,3,194),(11,4,6),(21,4,11),(29,4,15),(33,4,17),(39,4,20),(53,4,27),(63,4,32),(65,4,33),(71,4,36),(75,4,38),(103,4,52),(111,4,56),(123,4,62),(125,4,63),(127,4,64),(135,4,68),(143,4,72),(153,4,77),(157,4,79),(183,4,92),(189,4,95),(207,4,104),(213,4,107),(217,4,109),(219,4,110),(221,4,111),(235,4,118),(253,4,127),(263,4,132),(269,4,135),(287,4,144),(299,4,150),(305,4,153),(309,4,155),(313,4,157),(319,4,160),(331,4,166),(335,4,168),(337,4,169),(341,4,171),(345,4,173),(365,4,183),(371,4,186),(377,4,189),(383,4,192),(7,5,4),(9,5,5),(13,5,7),(41,5,21),(45,5,23),(47,5,24),(49,5,25),(61,5,31),(85,5,43),(87,5,44),(89,5,45),(109,5,55),(115,5,58),(119,5,60),(133,5,67),(161,5,81),(165,5,83),(169,5,85),(171,5,86),(191,5,96),(195,5,98),(203,5,102),(215,5,108),(223,5,112),(229,5,115),(237,5,119),(239,5,120),(243,5,122),(251,5,126),(257,5,129),(275,5,138),(277,5,139),(321,5,161),(327,5,164),(329,5,165),(333,5,167),(339,5,170),(343,5,172),(351,5,176),(353,5,177),(361,5,181),(373,5,187),(379,5,190),(385,5,193),(6,6,3),(16,6,8),(34,6,17),(44,6,22),(54,6,27),(68,6,34),(76,6,38),(88,6,44),(92,6,46),(94,6,47),(96,6,48),(108,6,54),(116,6,58),(122,6,61),(128,6,64),(134,6,67),(138,6,69),(156,6,78),(158,6,79),(166,6,83),(180,6,90),(206,6,103),(212,6,106),(226,6,113),(234,6,117),(240,6,120),(244,6,122),(252,6,126),(284,6,142),(292,6,146),(316,6,158),(334,6,167),(342,6,171),(356,6,178),(358,6,179),(382,6,191),(386,6,193),(12,7,6),(20,7,10),(26,7,13),(48,7,24),(50,7,25),(56,7,28),(62,7,31),(64,7,32),(66,7,33),(82,7,41),(90,7,45),(110,7,55),(130,7,65),(152,7,76),(174,7,87),(202,7,101),(210,7,105),(214,7,107),(236,7,118),(250,7,125),(260,7,130),(264,7,132),(282,7,141),(302,7,151),(346,7,173),(354,7,177),(360,7,180),(378,7,189),(4,8,2),(46,8,23),(78,8,39),(98,8,49),(100,8,50),(136,8,68),(140,8,70),(142,8,71),(154,8,77),(164,8,82),(172,8,86),(176,8,88),(184,8,92),(196,8,98),(200,8,100),(216,8,108),(218,8,109),(220,8,110),(230,8,115),(232,8,116),(248,8,124),(258,8,129),(270,8,135),(274,8,137),(276,8,138),(280,8,140),(294,8,147),(296,8,148),(298,8,149),(306,8,153),(308,8,154),(310,8,155),(314,8,157),(318,8,159),(320,8,160),(336,8,168),(348,8,174),(364,8,182),(366,8,183),(380,8,190),(2,9,1),(10,9,5),(14,9,7),(18,9,9),(24,9,12),(36,9,18),(42,9,21),(58,9,29),(60,9,30),(74,9,37),(80,9,40),(84,9,42),(86,9,43),(104,9,52),(106,9,53),(120,9,60),(126,9,63),(132,9,66),(146,9,73),(168,9,84),(170,9,85),(178,9,89),(186,9,93),(188,9,94),(190,9,95),(194,9,97),(204,9,102),(208,9,104),(222,9,111),(224,9,112),(228,9,114),(238,9,119),(262,9,131),(272,9,136),(286,9,143),(312,9,156),(328,9,164),(332,9,166),(338,9,169),(340,9,170),(368,9,184),(370,9,185),(372,9,186),(384,9,192),(388,9,194),(8,10,4),(22,10,11),(28,10,14),(30,10,15),(32,10,16),(38,10,19),(40,10,20),(52,10,26),(70,10,35),(72,10,36),(102,10,51),(112,10,56),(114,10,57),(118,10,59),(124,10,62),(144,10,72),(148,10,74),(150,10,75),(160,10,80),(162,10,81),(182,10,91),(192,10,96),(198,10,99),(242,10,121),(246,10,123),(254,10,127),(256,10,128),(266,10,133),(268,10,134),(278,10,139),(288,10,144),(290,10,145),(300,10,150),(304,10,152),(322,10,161),(324,10,162),(326,10,163),(330,10,165),(344,10,172),(350,10,175),(352,10,176),(362,10,181),(374,10,187),(376,10,188);

--
-- Table structure for table `ec_product_variations`
--

CREATE TABLE `ec_product_variations` (
  `id` bigint unsigned NOT NULL AUTO_INCREMENT,
  `product_id` bigint unsigned DEFAULT NULL,
  `configurable_product_id` bigint unsigned NOT NULL,
  `is_default` tinyint NOT NULL DEFAULT '0',
  PRIMARY KEY (`id`),
  UNIQUE KEY `ec_product_variations_product_id_configurable_product_id_unique` (`product_id`,`configurable_product_id`),
  KEY `configurable_product_index` (`product_id`,`configurable_product_id`),
  KEY `idx_configurable_product_id` (`configurable_product_id`)
) ENGINE=InnoDB AUTO_INCREMENT=195 DEFAULT CHARSET=utf8mb4 COLLATE=utf8mb4_unicode_ci;

--
-- Dumping data for table `ec_product_variations`
--

INSERT INTO `ec_product_variations` VALUES (1,76,1,1),(2,77,2,1),(3,78,2,0),(4,79,3,1),(5,80,3,0),(6,81,4,1),(7,82,5,1),(8,83,5,0),(9,84,6,1),(10,85,6,0),(11,86,6,0),(12,87,6,0),(13,88,6,0),(14,89,7,1),(15,90,7,0),(16,91,8,1),(17,92,8,0),(18,93,8,0),(19,94,9,1),(20,95,10,1),(21,96,10,0),(22,97,11,1),(23,98,11,0),(24,99,12,1),(25,100,12,0),(26,101,13,1),(27,102,14,1),(28,103,14,0),(29,104,14,0),(30,105,15,1),(31,106,15,0),(32,107,15,0),(33,108,16,1),(34,109,17,1),(35,110,17,0),(36,111,18,1),(37,112,18,0),(38,113,18,0),(39,114,18,0),(40,115,19,1),(41,116,19,0),(42,117,19,0),(43,118,19,0),(44,119,20,1),(45,120,20,0),(46,121,21,1),(47,122,21,0),(48,123,21,0),(49,124,21,0),(50,125,22,1),(51,126,22,0),(52,127,22,0),(53,128,23,1),(54,129,23,0),(55,130,23,0),(56,131,24,1),(57,132,25,1),(58,133,25,0),(59,134,25,0),(60,135,25,0),(61,136,26,1),(62,137,27,1),(63,138,27,0),(64,139,27,0),(65,140,27,0),(66,141,28,1),(67,142,28,0),(68,143,28,0),(69,144,28,0),(70,145,29,1),(71,146,30,1),(72,147,30,0),(73,148,30,0),(74,149,31,1),(75,150,31,0),(76,151,32,1),(77,152,32,0),(78,153,32,0),(79,154,33,1),(80,155,33,0),(81,156,33,0),(82,157,33,0),(83,158,34,1),(84,159,35,1),(85,160,35,0),(86,161,35,0),(87,162,36,1),(88,163,36,0),(89,164,37,1),(90,165,37,0),(91,166,37,0),(92,167,37,0),(93,168,38,1),(94,169,38,0),(95,170,39,1),(96,171,39,0),(97,172,39,0),(98,173,39,0),(99,174,40,1),(100,175,40,0),(101,176,41,1),(102,177,41,0),(103,178,41,0),(104,179,41,0),(105,180,41,0),(106,181,42,1),(107,182,42,0),(108,183,42,0),(109,184,42,0),(110,185,43,1),(111,186,44,1),(112,187,44,0),(113,188,44,0),(114,189,45,1),(115,190,46,1),(116,191,46,0),(117,192,46,0),(118,193,47,1),(119,194,47,0),(120,195,47,0),(121,196,47,0),(122,197,48,1),(123,198,49,1),(124,199,49,0),(125,200,50,1),(126,201,50,0),(127,202,50,0),(128,203,51,1),(129,204,51,0),(130,205,52,1),(131,206,53,1),(132,207,53,0),(133,208,54,1),(134,209,54,0),(135,210,54,0),(136,211,54,0),(137,212,54,0),(138,213,55,1),(139,214,55,0),(140,215,55,0),(141,216,56,1),(142,217,56,0),(143,218,56,0),(144,219,56,0),(145,220,57,1),(146,221,57,0),(147,222,57,0),(148,223,58,1),(149,224,58,0),(150,225,58,0),(151,226,58,0),(152,227,59,1),(153,228,60,1),(154,229,60,0),(155,230,60,0),(156,231,60,0),(157,232,61,1),(158,233,62,1),(159,234,62,0),(160,235,62,0),(161,236,63,1),(162,237,63,0),(163,238,64,1),(164,239,64,0),(165,240,64,0),(166,241,65,1),(167,242,65,0),(168,243,65,0),(169,244,66,1),(170,245,66,0),(171,246,67,1),(172,247,67,0),(173,248,67,0),(174,249,68,1),(175,250,68,0),(176,251,68,0),(177,252,69,1),(178,253,69,0),(179,254,69,0),(180,255,70,1),(181,256,70,0),(182,257,70,0),(183,258,71,1),(184,259,71,0),(185,260,72,1),(186,261,73,1),(187,262,73,0),(188,263,73,0),(189,264,74,1),(190,265,74,0),(191,266,74,0),(192,267,75,1),(193,268,75,0),(194,269,75,0);

--
-- Table structure for table `ec_product_views`
--

CREATE TABLE `ec_product_views` (
  `id` bigint unsigned NOT NULL AUTO_INCREMENT,
  `product_id` bigint unsigned NOT NULL,
  `views` int NOT NULL DEFAULT '1',
  `date` date NOT NULL DEFAULT '2025-08-02',
  PRIMARY KEY (`id`),
  UNIQUE KEY `ec_product_views_product_id_date_unique` (`product_id`,`date`),
  KEY `ec_product_views_product_id_index` (`product_id`)
) ENGINE=InnoDB DEFAULT CHARSET=utf8mb4 COLLATE=utf8mb4_unicode_ci;

--
-- Dumping data for table `ec_product_views`
--


--
-- Table structure for table `ec_product_with_attribute_set`
--

CREATE TABLE `ec_product_with_attribute_set` (
  `attribute_set_id` bigint unsigned NOT NULL,
  `product_id` bigint unsigned NOT NULL,
  `order` tinyint unsigned NOT NULL DEFAULT '0',
  PRIMARY KEY (`product_id`,`attribute_set_id`)
) ENGINE=InnoDB DEFAULT CHARSET=utf8mb4 COLLATE=utf8mb4_unicode_ci;

--
-- Dumping data for table `ec_product_with_attribute_set`
--

INSERT INTO `ec_product_with_attribute_set` VALUES (1,1,0),(2,1,0),(1,2,0),(2,2,0),(1,3,0),(2,3,0),(1,4,0),(2,4,0),(1,5,0),(2,5,0),(1,6,0),(2,6,0),(1,7,0),(2,7,0),(1,8,0),(2,8,0),(1,9,0),(2,9,0),(1,10,0),(2,10,0),(1,11,0),(2,11,0),(1,12,0),(2,12,0),(1,13,0),(2,13,0),(1,14,0),(2,14,0),(1,15,0),(2,15,0),(1,16,0),(2,16,0),(1,17,0),(2,17,0),(1,18,0),(2,18,0),(1,19,0),(2,19,0),(1,20,0),(2,20,0),(1,21,0),(2,21,0),(1,22,0),(2,22,0),(1,23,0),(2,23,0),(1,24,0),(2,24,0),(1,25,0),(2,25,0),(1,26,0),(2,26,0),(1,27,0),(2,27,0),(1,28,0),(2,28,0),(1,29,0),(2,29,0),(1,30,0),(2,30,0),(1,31,0),(2,31,0),(1,32,0),(2,32,0),(1,33,0),(2,33,0),(1,34,0),(2,34,0),(1,35,0),(2,35,0),(1,36,0),(2,36,0),(1,37,0),(2,37,0),(1,38,0),(2,38,0),(1,39,0),(2,39,0),(1,40,0),(2,40,0),(1,41,0),(2,41,0),(1,42,0),(2,42,0),(1,43,0),(2,43,0),(1,44,0),(2,44,0),(1,45,0),(2,45,0),(1,46,0),(2,46,0),(1,47,0),(2,47,0),(1,48,0),(2,48,0),(1,49,0),(2,49,0),(1,50,0),(2,50,0),(1,51,0),(2,51,0),(1,52,0),(2,52,0),(1,53,0),(2,53,0),(1,54,0),(2,54,0),(1,55,0),(2,55,0),(1,56,0),(2,56,0),(1,57,0),(2,57,0),(1,58,0),(2,58,0),(1,59,0),(2,59,0),(1,60,0),(2,60,0),(1,61,0),(2,61,0),(1,62,0),(2,62,0),(1,63,0),(2,63,0),(1,64,0),(2,64,0),(1,65,0),(2,65,0),(1,66,0),(2,66,0),(1,67,0),(2,67,0),(1,68,0),(2,68,0),(1,69,0),(2,69,0),(1,70,0),(2,70,0),(1,71,0),(2,71,0),(1,72,0),(2,72,0),(1,73,0),(2,73,0),(1,74,0),(2,74,0),(1,75,0),(2,75,0);

--
-- Table structure for table `ec_products`
--

CREATE TABLE `ec_products` (
  `id` bigint unsigned NOT NULL AUTO_INCREMENT,
  `name` varchar(191) COLLATE utf8mb4_unicode_ci NOT NULL,
  `description` text COLLATE utf8mb4_unicode_ci,
  `content` longtext COLLATE utf8mb4_unicode_ci,
  `status` varchar(60) COLLATE utf8mb4_unicode_ci NOT NULL DEFAULT 'published',
  `images` text COLLATE utf8mb4_unicode_ci,
  `video_media` text COLLATE utf8mb4_unicode_ci,
  `sku` varchar(191) COLLATE utf8mb4_unicode_ci DEFAULT NULL,
  `order` int unsigned NOT NULL DEFAULT '0',
  `quantity` int unsigned DEFAULT NULL,
  `allow_checkout_when_out_of_stock` tinyint unsigned NOT NULL DEFAULT '0',
  `with_storehouse_management` tinyint unsigned NOT NULL DEFAULT '0',
  `stock_status` varchar(191) COLLATE utf8mb4_unicode_ci DEFAULT 'in_stock',
  `is_featured` tinyint unsigned NOT NULL DEFAULT '0',
  `brand_id` bigint unsigned DEFAULT NULL,
  `is_variation` tinyint NOT NULL DEFAULT '0',
  `sale_type` tinyint NOT NULL DEFAULT '0',
  `price` double unsigned DEFAULT NULL,
  `sale_price` double unsigned DEFAULT NULL,
  `start_date` timestamp NULL DEFAULT NULL,
  `end_date` timestamp NULL DEFAULT NULL,
  `length` double DEFAULT NULL,
  `wide` double DEFAULT NULL,
  `height` double DEFAULT NULL,
  `weight` double DEFAULT NULL,
  `tax_id` bigint unsigned DEFAULT NULL,
  `views` bigint NOT NULL DEFAULT '0',
  `created_at` timestamp NULL DEFAULT NULL,
  `updated_at` timestamp NULL DEFAULT NULL,
  `created_by_id` bigint unsigned DEFAULT '0',
  `created_by_type` varchar(191) COLLATE utf8mb4_unicode_ci NOT NULL DEFAULT 'Botble\\ACL\\Models\\User',
  `image` varchar(191) COLLATE utf8mb4_unicode_ci DEFAULT NULL,
  `product_type` varchar(60) COLLATE utf8mb4_unicode_ci DEFAULT 'physical',
  `barcode` varchar(150) COLLATE utf8mb4_unicode_ci DEFAULT NULL,
  `cost_per_item` double DEFAULT NULL,
  `generate_license_code` tinyint(1) NOT NULL DEFAULT '0',
  `license_code_type` enum('auto_generate','pick_from_list') COLLATE utf8mb4_unicode_ci NOT NULL DEFAULT 'auto_generate',
  `minimum_order_quantity` int unsigned DEFAULT '0',
  `maximum_order_quantity` int unsigned DEFAULT '0',
  `notify_attachment_updated` tinyint(1) NOT NULL DEFAULT '0',
  `specification_table_id` bigint unsigned DEFAULT NULL,
  PRIMARY KEY (`id`),
  KEY `ec_products_brand_id_status_is_variation_created_at_index` (`brand_id`,`status`,`is_variation`,`created_at`),
  KEY `sale_type_index` (`sale_type`),
  KEY `start_date_index` (`start_date`),
  KEY `end_date_index` (`end_date`),
  KEY `sale_price_index` (`sale_price`),
  KEY `is_variation_index` (`is_variation`),
  KEY `ec_products_sku_index` (`sku`),
  KEY `idx_variation_name_id` (`is_variation`,`name`,`id`)
) ENGINE=InnoDB AUTO_INCREMENT=270 DEFAULT CHARSET=utf8mb4 COLLATE=utf8mb4_unicode_ci;

--
-- Dumping data for table `ec_products`
--

INSERT INTO `ec_products` VALUES (1,'Miko Wooden Bluetooth Speaker','<p>Short Hooded Coat features a straight body, large pockets with button flaps, ventilation air holes, and a string detail along the hemline.</p>','<p>Short Hooded Coat features a straight body, large pockets with button flaps, ventilation air holes, and a string detail along the hemline. The style is completed with a drawstring hood, featuring Rains’ signature built-in cap. Made from waterproof, matte PU, this lightweight unisex rain jacket is an ode to nostalgia through its classic silhouette and utilitarian design details.</p>\n                                <p>- Casual unisex fit</p>\n\n                                <p>- 64% polyester, 36% polyurethane</p>\n\n                                <p>- Water column pressure: 4000 mm</p>\n\n                                <p>- Model is 187cm tall and wearing a size S / M</p>\n\n                                <p>- Unisex fit</p>\n\n                                <p>- Drawstring hood with built-in cap</p>\n\n                                <p>- Front placket with snap buttons</p>\n\n                                <p>- Ventilation under armpit</p>\n\n                                <p>- Adjustable cuffs</p>\n\n                                <p>- Double welted front pockets</p>\n\n                                <p>- Adjustable elastic string at hempen</p>\n\n                                <p>- Ultrasonically welded seams</p>\n\n                                <p>This is a unisex item, please check our clothing &amp; footwear sizing guide for specific Rains jacket sizing information. RAINS comes from the rainy nation of Denmark at the edge of the European continent, close to the ocean and with prevailing westerly winds; all factors that contribute to an average of 121 rain days each year. Arising from these rainy weather conditions comes the attitude that a quick rain shower may be beautiful, as well as moody- but first and foremost requires the right outfit. Rains focus on the whole experience of going outside on rainy days, issuing an invitation to explore even in the most mercurial weather.</p>','published','[\"products\\/product-46.jpg\",\"products\\/product-44.jpg\",\"products\\/product-72.jpg\",\"products\\/product-84.jpg\",\"products\\/product-2.jpg\",\"products\\/product-48.jpg\",\"products\\/product-9.jpg\",\"products\\/product-58.jpg\"]',NULL,'NC-137-A0',0,16,0,1,'in_stock',1,1,0,0,388,NULL,NULL,NULL,12,11,14,630,NULL,24539,'2025-08-02 02:15:43','2025-08-02 02:15:47',0,'Botble\\ACL\\Models\\User',NULL,'digital',NULL,NULL,0,'auto_generate',0,0,0,1),(2,'Gorgeous Wooden Gloves','<p>Short Hooded Coat features a straight body, large pockets with button flaps, ventilation air holes, and a string detail along the hemline.</p>','<p>Short Hooded Coat features a straight body, large pockets with button flaps, ventilation air holes, and a string detail along the hemline. The style is completed with a drawstring hood, featuring Rains’ signature built-in cap. Made from waterproof, matte PU, this lightweight unisex rain jacket is an ode to nostalgia through its classic silhouette and utilitarian design details.</p>\n                                <p>- Casual unisex fit</p>\n\n                                <p>- 64% polyester, 36% polyurethane</p>\n\n                                <p>- Water column pressure: 4000 mm</p>\n\n                                <p>- Model is 187cm tall and wearing a size S / M</p>\n\n                                <p>- Unisex fit</p>\n\n                                <p>- Drawstring hood with built-in cap</p>\n\n                                <p>- Front placket with snap buttons</p>\n\n                                <p>- Ventilation under armpit</p>\n\n                                <p>- Adjustable cuffs</p>\n\n                                <p>- Double welted front pockets</p>\n\n                                <p>- Adjustable elastic string at hempen</p>\n\n                                <p>- Ultrasonically welded seams</p>\n\n                                <p>This is a unisex item, please check our clothing &amp; footwear sizing guide for specific Rains jacket sizing information. RAINS comes from the rainy nation of Denmark at the edge of the European continent, close to the ocean and with prevailing westerly winds; all factors that contribute to an average of 121 rain days each year. Arising from these rainy weather conditions comes the attitude that a quick rain shower may be beautiful, as well as moody- but first and foremost requires the right outfit. Rains focus on the whole experience of going outside on rainy days, issuing an invitation to explore even in the most mercurial weather.</p>','published','[\"products\\/product-74.jpg\",\"products\\/product-75.jpg\",\"products\\/product-11.jpg\",\"products\\/product-83.jpg\",\"products\\/product-50.jpg\"]',NULL,'NC-156-A0',0,15,0,1,'in_stock',0,7,0,0,292,NULL,NULL,NULL,13,10,15,648,NULL,85665,'2025-08-02 02:15:43','2025-08-02 02:15:47',0,'Botble\\ACL\\Models\\User',NULL,'physical',NULL,NULL,0,'auto_generate',0,0,0,2),(3,'Pinkol Enormous Granite Bottle','<p>Short Hooded Coat features a straight body, large pockets with button flaps, ventilation air holes, and a string detail along the hemline.</p>','<p>Short Hooded Coat features a straight body, large pockets with button flaps, ventilation air holes, and a string detail along the hemline. The style is completed with a drawstring hood, featuring Rains’ signature built-in cap. Made from waterproof, matte PU, this lightweight unisex rain jacket is an ode to nostalgia through its classic silhouette and utilitarian design details.</p>\n                                <p>- Casual unisex fit</p>\n\n                                <p>- 64% polyester, 36% polyurethane</p>\n\n                                <p>- Water column pressure: 4000 mm</p>\n\n                                <p>- Model is 187cm tall and wearing a size S / M</p>\n\n                                <p>- Unisex fit</p>\n\n                                <p>- Drawstring hood with built-in cap</p>\n\n                                <p>- Front placket with snap buttons</p>\n\n                                <p>- Ventilation under armpit</p>\n\n                                <p>- Adjustable cuffs</p>\n\n                                <p>- Double welted front pockets</p>\n\n                                <p>- Adjustable elastic string at hempen</p>\n\n                                <p>- Ultrasonically welded seams</p>\n\n                                <p>This is a unisex item, please check our clothing &amp; footwear sizing guide for specific Rains jacket sizing information. RAINS comes from the rainy nation of Denmark at the edge of the European continent, close to the ocean and with prevailing westerly winds; all factors that contribute to an average of 121 rain days each year. Arising from these rainy weather conditions comes the attitude that a quick rain shower may be beautiful, as well as moody- but first and foremost requires the right outfit. Rains focus on the whole experience of going outside on rainy days, issuing an invitation to explore even in the most mercurial weather.</p>','published','[\"products\\/product-94.jpg\",\"products\\/product-25.jpg\",\"products\\/product-51.jpg\",\"products\\/product-71.jpg\",\"products\\/product-74.jpg\",\"products\\/product-80.jpg\",\"products\\/product-63.jpg\",\"products\\/product-4.jpg\",\"products\\/product-9.jpg\"]',NULL,'NC-121-A0',0,10,0,1,'in_stock',0,5,0,0,211,NULL,NULL,NULL,19,11,19,693,NULL,80257,'2025-08-02 02:15:43','2025-08-02 02:15:47',0,'Botble\\ACL\\Models\\User',NULL,'physical',NULL,NULL,0,'auto_generate',0,0,0,1),(4,'Gorgeous Aluminum Table','<p>Short Hooded Coat features a straight body, large pockets with button flaps, ventilation air holes, and a string detail along the hemline.</p>','<p>Short Hooded Coat features a straight body, large pockets with button flaps, ventilation air holes, and a string detail along the hemline. The style is completed with a drawstring hood, featuring Rains’ signature built-in cap. Made from waterproof, matte PU, this lightweight unisex rain jacket is an ode to nostalgia through its classic silhouette and utilitarian design details.</p>\n                                <p>- Casual unisex fit</p>\n\n                                <p>- 64% polyester, 36% polyurethane</p>\n\n                                <p>- Water column pressure: 4000 mm</p>\n\n                                <p>- Model is 187cm tall and wearing a size S / M</p>\n\n                                <p>- Unisex fit</p>\n\n                                <p>- Drawstring hood with built-in cap</p>\n\n                                <p>- Front placket with snap buttons</p>\n\n                                <p>- Ventilation under armpit</p>\n\n                                <p>- Adjustable cuffs</p>\n\n                                <p>- Double welted front pockets</p>\n\n                                <p>- Adjustable elastic string at hempen</p>\n\n                                <p>- Ultrasonically welded seams</p>\n\n                                <p>This is a unisex item, please check our clothing &amp; footwear sizing guide for specific Rains jacket sizing information. RAINS comes from the rainy nation of Denmark at the edge of the European continent, close to the ocean and with prevailing westerly winds; all factors that contribute to an average of 121 rain days each year. Arising from these rainy weather conditions comes the attitude that a quick rain shower may be beautiful, as well as moody- but first and foremost requires the right outfit. Rains focus on the whole experience of going outside on rainy days, issuing an invitation to explore even in the most mercurial weather.</p>','published','[\"products\\/product-64.jpg\",\"products\\/product-5.jpg\",\"products\\/product-94.jpg\",\"products\\/product-19.jpg\",\"products\\/product-42.jpg\",\"products\\/product-89.jpg\",\"products\\/product-85.jpg\",\"products\\/product-81.jpg\",\"products\\/product-36.jpg\",\"products\\/product-24.jpg\",\"products\\/product-7.jpg\"]',NULL,'NC-125-A0',0,16,0,1,'in_stock',0,2,0,0,386,270.2,NULL,NULL,20,13,17,562,NULL,181872,'2025-08-02 02:15:43','2025-08-02 02:15:47',0,'Botble\\ACL\\Models\\User',NULL,'physical',NULL,NULL,0,'auto_generate',0,0,0,2),(5,'Evo Lightweight Granite Shirt','<p>Short Hooded Coat features a straight body, large pockets with button flaps, ventilation air holes, and a string detail along the hemline.</p>','<p>Short Hooded Coat features a straight body, large pockets with button flaps, ventilation air holes, and a string detail along the hemline. The style is completed with a drawstring hood, featuring Rains’ signature built-in cap. Made from waterproof, matte PU, this lightweight unisex rain jacket is an ode to nostalgia through its classic silhouette and utilitarian design details.</p>\n                                <p>- Casual unisex fit</p>\n\n                                <p>- 64% polyester, 36% polyurethane</p>\n\n                                <p>- Water column pressure: 4000 mm</p>\n\n                                <p>- Model is 187cm tall and wearing a size S / M</p>\n\n                                <p>- Unisex fit</p>\n\n                                <p>- Drawstring hood with built-in cap</p>\n\n                                <p>- Front placket with snap buttons</p>\n\n                                <p>- Ventilation under armpit</p>\n\n                                <p>- Adjustable cuffs</p>\n\n                                <p>- Double welted front pockets</p>\n\n                                <p>- Adjustable elastic string at hempen</p>\n\n                                <p>- Ultrasonically welded seams</p>\n\n                                <p>This is a unisex item, please check our clothing &amp; footwear sizing guide for specific Rains jacket sizing information. RAINS comes from the rainy nation of Denmark at the edge of the European continent, close to the ocean and with prevailing westerly winds; all factors that contribute to an average of 121 rain days each year. Arising from these rainy weather conditions comes the attitude that a quick rain shower may be beautiful, as well as moody- but first and foremost requires the right outfit. Rains focus on the whole experience of going outside on rainy days, issuing an invitation to explore even in the most mercurial weather.</p>','published','[\"products\\/product-21.jpg\",\"products\\/product-48.jpg\",\"products\\/product-79.jpg\",\"products\\/product-43.jpg\",\"products\\/product-34.jpg\",\"products\\/product-65.jpg\",\"products\\/product-82.jpg\"]',NULL,'NC-145-A0',0,10,0,1,'in_stock',0,4,0,0,385,NULL,NULL,NULL,14,12,17,600,NULL,111077,'2025-08-02 02:15:43','2025-08-02 02:15:47',0,'Botble\\ACL\\Models\\User',NULL,'digital',NULL,NULL,0,'auto_generate',0,0,0,2),(6,'CLCo. Incredible Paper Car','<p>Short Hooded Coat features a straight body, large pockets with button flaps, ventilation air holes, and a string detail along the hemline.</p>','<p>Short Hooded Coat features a straight body, large pockets with button flaps, ventilation air holes, and a string detail along the hemline. The style is completed with a drawstring hood, featuring Rains’ signature built-in cap. Made from waterproof, matte PU, this lightweight unisex rain jacket is an ode to nostalgia through its classic silhouette and utilitarian design details.</p>\n                                <p>- Casual unisex fit</p>\n\n                                <p>- 64% polyester, 36% polyurethane</p>\n\n                                <p>- Water column pressure: 4000 mm</p>\n\n                                <p>- Model is 187cm tall and wearing a size S / M</p>\n\n                                <p>- Unisex fit</p>\n\n                                <p>- Drawstring hood with built-in cap</p>\n\n                                <p>- Front placket with snap buttons</p>\n\n                                <p>- Ventilation under armpit</p>\n\n                                <p>- Adjustable cuffs</p>\n\n                                <p>- Double welted front pockets</p>\n\n                                <p>- Adjustable elastic string at hempen</p>\n\n                                <p>- Ultrasonically welded seams</p>\n\n                                <p>This is a unisex item, please check our clothing &amp; footwear sizing guide for specific Rains jacket sizing information. RAINS comes from the rainy nation of Denmark at the edge of the European continent, close to the ocean and with prevailing westerly winds; all factors that contribute to an average of 121 rain days each year. Arising from these rainy weather conditions comes the attitude that a quick rain shower may be beautiful, as well as moody- but first and foremost requires the right outfit. Rains focus on the whole experience of going outside on rainy days, issuing an invitation to explore even in the most mercurial weather.</p>','published','[\"products\\/product-75.jpg\",\"products\\/product-67.jpg\",\"products\\/product-20.jpg\",\"products\\/product-47.jpg\",\"products\\/product-58.jpg\",\"products\\/product-39.jpg\",\"products\\/product-41.jpg\",\"products\\/product-6.jpg\",\"products\\/product-63.jpg\",\"products\\/product-55.jpg\"]',NULL,'NC-189-A0',0,11,0,1,'in_stock',0,7,0,0,423,NULL,NULL,NULL,10,17,17,617,NULL,109608,'2025-08-02 02:15:43','2025-08-02 02:15:47',0,'Botble\\ACL\\Models\\User',NULL,'physical',NULL,NULL,0,'auto_generate',0,0,0,1),(7,'Progash Durable Granite Hat','<p>Short Hooded Coat features a straight body, large pockets with button flaps, ventilation air holes, and a string detail along the hemline.</p>','<p>Short Hooded Coat features a straight body, large pockets with button flaps, ventilation air holes, and a string detail along the hemline. The style is completed with a drawstring hood, featuring Rains’ signature built-in cap. Made from waterproof, matte PU, this lightweight unisex rain jacket is an ode to nostalgia through its classic silhouette and utilitarian design details.</p>\n                                <p>- Casual unisex fit</p>\n\n                                <p>- 64% polyester, 36% polyurethane</p>\n\n                                <p>- Water column pressure: 4000 mm</p>\n\n                                <p>- Model is 187cm tall and wearing a size S / M</p>\n\n                                <p>- Unisex fit</p>\n\n                                <p>- Drawstring hood with built-in cap</p>\n\n                                <p>- Front placket with snap buttons</p>\n\n                                <p>- Ventilation under armpit</p>\n\n                                <p>- Adjustable cuffs</p>\n\n                                <p>- Double welted front pockets</p>\n\n                                <p>- Adjustable elastic string at hempen</p>\n\n                                <p>- Ultrasonically welded seams</p>\n\n                                <p>This is a unisex item, please check our clothing &amp; footwear sizing guide for specific Rains jacket sizing information. RAINS comes from the rainy nation of Denmark at the edge of the European continent, close to the ocean and with prevailing westerly winds; all factors that contribute to an average of 121 rain days each year. Arising from these rainy weather conditions comes the attitude that a quick rain shower may be beautiful, as well as moody- but first and foremost requires the right outfit. Rains focus on the whole experience of going outside on rainy days, issuing an invitation to explore even in the most mercurial weather.</p>','published','[\"products\\/product-10.jpg\",\"products\\/product-8.jpg\",\"products\\/product-34.jpg\",\"products\\/product-14.jpg\",\"products\\/product-63.jpg\",\"products\\/product-23.jpg\"]',NULL,'NC-129-A0',0,18,0,1,'in_stock',0,4,0,0,413,NULL,NULL,NULL,11,19,11,668,NULL,112053,'2025-08-02 02:15:43','2025-08-02 02:15:47',0,'Botble\\ACL\\Models\\User',NULL,'physical',NULL,NULL,0,'auto_generate',0,0,0,1),(8,'Purab Enormous Miranda Bottle','<p>Short Hooded Coat features a straight body, large pockets with button flaps, ventilation air holes, and a string detail along the hemline.</p>','<p>Short Hooded Coat features a straight body, large pockets with button flaps, ventilation air holes, and a string detail along the hemline. The style is completed with a drawstring hood, featuring Rains’ signature built-in cap. Made from waterproof, matte PU, this lightweight unisex rain jacket is an ode to nostalgia through its classic silhouette and utilitarian design details.</p>\n                                <p>- Casual unisex fit</p>\n\n                                <p>- 64% polyester, 36% polyurethane</p>\n\n                                <p>- Water column pressure: 4000 mm</p>\n\n                                <p>- Model is 187cm tall and wearing a size S / M</p>\n\n                                <p>- Unisex fit</p>\n\n                                <p>- Drawstring hood with built-in cap</p>\n\n                                <p>- Front placket with snap buttons</p>\n\n                                <p>- Ventilation under armpit</p>\n\n                                <p>- Adjustable cuffs</p>\n\n                                <p>- Double welted front pockets</p>\n\n                                <p>- Adjustable elastic string at hempen</p>\n\n                                <p>- Ultrasonically welded seams</p>\n\n                                <p>This is a unisex item, please check our clothing &amp; footwear sizing guide for specific Rains jacket sizing information. RAINS comes from the rainy nation of Denmark at the edge of the European continent, close to the ocean and with prevailing westerly winds; all factors that contribute to an average of 121 rain days each year. Arising from these rainy weather conditions comes the attitude that a quick rain shower may be beautiful, as well as moody- but first and foremost requires the right outfit. Rains focus on the whole experience of going outside on rainy days, issuing an invitation to explore even in the most mercurial weather.</p>','published','[\"products\\/product-13.jpg\",\"products\\/product-44.jpg\",\"products\\/product-39.jpg\",\"products\\/product-45.jpg\",\"products\\/product-27.jpg\",\"products\\/product-5.jpg\",\"products\\/product-48.jpg\",\"products\\/product-47.jpg\",\"products\\/product-66.jpg\",\"products\\/product-68.jpg\"]',NULL,'NC-154-A0',0,10,0,1,'in_stock',1,7,0,0,226,164.98,NULL,NULL,18,13,12,648,NULL,126392,'2025-08-02 02:15:43','2025-08-02 02:15:47',0,'Botble\\ACL\\Models\\User',NULL,'physical',NULL,NULL,0,'auto_generate',0,0,0,2),(9,'Miklonda Co. Crafted Candles','<p>Short Hooded Coat features a straight body, large pockets with button flaps, ventilation air holes, and a string detail along the hemline.</p>','<p>Short Hooded Coat features a straight body, large pockets with button flaps, ventilation air holes, and a string detail along the hemline. The style is completed with a drawstring hood, featuring Rains’ signature built-in cap. Made from waterproof, matte PU, this lightweight unisex rain jacket is an ode to nostalgia through its classic silhouette and utilitarian design details.</p>\n                                <p>- Casual unisex fit</p>\n\n                                <p>- 64% polyester, 36% polyurethane</p>\n\n                                <p>- Water column pressure: 4000 mm</p>\n\n                                <p>- Model is 187cm tall and wearing a size S / M</p>\n\n                                <p>- Unisex fit</p>\n\n                                <p>- Drawstring hood with built-in cap</p>\n\n                                <p>- Front placket with snap buttons</p>\n\n                                <p>- Ventilation under armpit</p>\n\n                                <p>- Adjustable cuffs</p>\n\n                                <p>- Double welted front pockets</p>\n\n                                <p>- Adjustable elastic string at hempen</p>\n\n                                <p>- Ultrasonically welded seams</p>\n\n                                <p>This is a unisex item, please check our clothing &amp; footwear sizing guide for specific Rains jacket sizing information. RAINS comes from the rainy nation of Denmark at the edge of the European continent, close to the ocean and with prevailing westerly winds; all factors that contribute to an average of 121 rain days each year. Arising from these rainy weather conditions comes the attitude that a quick rain shower may be beautiful, as well as moody- but first and foremost requires the right outfit. Rains focus on the whole experience of going outside on rainy days, issuing an invitation to explore even in the most mercurial weather.</p>','published','[\"products\\/product-34.jpg\",\"products\\/product-66.jpg\",\"products\\/product-64.jpg\",\"products\\/product-53.jpg\",\"products\\/product-94.jpg\",\"products\\/product-39.jpg\"]',NULL,'NC-130-A0',0,19,0,1,'in_stock',1,6,0,0,270,NULL,NULL,NULL,18,12,14,518,NULL,51313,'2025-08-02 02:15:44','2025-08-02 02:15:47',0,'Botble\\ACL\\Models\\User',NULL,'digital',NULL,NULL,0,'auto_generate',0,0,0,2),(10,'Pinkol Enormous Granite Bottle','<p>Short Hooded Coat features a straight body, large pockets with button flaps, ventilation air holes, and a string detail along the hemline.</p>','<p>Short Hooded Coat features a straight body, large pockets with button flaps, ventilation air holes, and a string detail along the hemline. The style is completed with a drawstring hood, featuring Rains’ signature built-in cap. Made from waterproof, matte PU, this lightweight unisex rain jacket is an ode to nostalgia through its classic silhouette and utilitarian design details.</p>\n                                <p>- Casual unisex fit</p>\n\n                                <p>- 64% polyester, 36% polyurethane</p>\n\n                                <p>- Water column pressure: 4000 mm</p>\n\n                                <p>- Model is 187cm tall and wearing a size S / M</p>\n\n                                <p>- Unisex fit</p>\n\n                                <p>- Drawstring hood with built-in cap</p>\n\n                                <p>- Front placket with snap buttons</p>\n\n                                <p>- Ventilation under armpit</p>\n\n                                <p>- Adjustable cuffs</p>\n\n                                <p>- Double welted front pockets</p>\n\n                                <p>- Adjustable elastic string at hempen</p>\n\n                                <p>- Ultrasonically welded seams</p>\n\n                                <p>This is a unisex item, please check our clothing &amp; footwear sizing guide for specific Rains jacket sizing information. RAINS comes from the rainy nation of Denmark at the edge of the European continent, close to the ocean and with prevailing westerly winds; all factors that contribute to an average of 121 rain days each year. Arising from these rainy weather conditions comes the attitude that a quick rain shower may be beautiful, as well as moody- but first and foremost requires the right outfit. Rains focus on the whole experience of going outside on rainy days, issuing an invitation to explore even in the most mercurial weather.</p>','published','[\"products\\/product-3.jpg\",\"products\\/product-33.jpg\",\"products\\/product-14.jpg\",\"products\\/product-50.jpg\",\"products\\/product-72.jpg\",\"products\\/product-88.jpg\",\"products\\/product-84.jpg\",\"products\\/product-92.jpg\"]',NULL,'NC-120-A0',0,11,0,1,'in_stock',0,4,0,0,498,NULL,NULL,NULL,11,14,12,735,NULL,36900,'2025-08-02 02:15:44','2025-08-02 02:15:47',0,'Botble\\ACL\\Models\\User',NULL,'physical',NULL,NULL,0,'auto_generate',0,0,0,1),(11,'Dual Camera 20MP','<p>Short Hooded Coat features a straight body, large pockets with button flaps, ventilation air holes, and a string detail along the hemline.</p>','<p>Short Hooded Coat features a straight body, large pockets with button flaps, ventilation air holes, and a string detail along the hemline. The style is completed with a drawstring hood, featuring Rains’ signature built-in cap. Made from waterproof, matte PU, this lightweight unisex rain jacket is an ode to nostalgia through its classic silhouette and utilitarian design details.</p>\n                                <p>- Casual unisex fit</p>\n\n                                <p>- 64% polyester, 36% polyurethane</p>\n\n                                <p>- Water column pressure: 4000 mm</p>\n\n                                <p>- Model is 187cm tall and wearing a size S / M</p>\n\n                                <p>- Unisex fit</p>\n\n                                <p>- Drawstring hood with built-in cap</p>\n\n                                <p>- Front placket with snap buttons</p>\n\n                                <p>- Ventilation under armpit</p>\n\n                                <p>- Adjustable cuffs</p>\n\n                                <p>- Double welted front pockets</p>\n\n                                <p>- Adjustable elastic string at hempen</p>\n\n                                <p>- Ultrasonically welded seams</p>\n\n                                <p>This is a unisex item, please check our clothing &amp; footwear sizing guide for specific Rains jacket sizing information. RAINS comes from the rainy nation of Denmark at the edge of the European continent, close to the ocean and with prevailing westerly winds; all factors that contribute to an average of 121 rain days each year. Arising from these rainy weather conditions comes the attitude that a quick rain shower may be beautiful, as well as moody- but first and foremost requires the right outfit. Rains focus on the whole experience of going outside on rainy days, issuing an invitation to explore even in the most mercurial weather.</p>','published','[\"products\\/product-85.jpg\",\"products\\/product-32.jpg\",\"products\\/product-65.jpg\",\"products\\/product-84.jpg\",\"products\\/product-17.jpg\",\"products\\/product-94.jpg\",\"products\\/product-55.jpg\",\"products\\/product-89.jpg\",\"products\\/product-28.jpg\",\"products\\/product-63.jpg\",\"products\\/product-78.jpg\"]',NULL,'NC-184-A0',0,19,0,1,'in_stock',1,5,0,0,310,NULL,NULL,NULL,12,11,10,706,NULL,62512,'2025-08-02 02:15:44','2025-08-02 02:15:47',0,'Botble\\ACL\\Models\\User',NULL,'physical',NULL,NULL,0,'auto_generate',0,0,0,1),(12,'Smart Watches','<p>Short Hooded Coat features a straight body, large pockets with button flaps, ventilation air holes, and a string detail along the hemline.</p>','<p>Short Hooded Coat features a straight body, large pockets with button flaps, ventilation air holes, and a string detail along the hemline. The style is completed with a drawstring hood, featuring Rains’ signature built-in cap. Made from waterproof, matte PU, this lightweight unisex rain jacket is an ode to nostalgia through its classic silhouette and utilitarian design details.</p>\n                                <p>- Casual unisex fit</p>\n\n                                <p>- 64% polyester, 36% polyurethane</p>\n\n                                <p>- Water column pressure: 4000 mm</p>\n\n                                <p>- Model is 187cm tall and wearing a size S / M</p>\n\n                                <p>- Unisex fit</p>\n\n                                <p>- Drawstring hood with built-in cap</p>\n\n                                <p>- Front placket with snap buttons</p>\n\n                                <p>- Ventilation under armpit</p>\n\n                                <p>- Adjustable cuffs</p>\n\n                                <p>- Double welted front pockets</p>\n\n                                <p>- Adjustable elastic string at hempen</p>\n\n                                <p>- Ultrasonically welded seams</p>\n\n                                <p>This is a unisex item, please check our clothing &amp; footwear sizing guide for specific Rains jacket sizing information. RAINS comes from the rainy nation of Denmark at the edge of the European continent, close to the ocean and with prevailing westerly winds; all factors that contribute to an average of 121 rain days each year. Arising from these rainy weather conditions comes the attitude that a quick rain shower may be beautiful, as well as moody- but first and foremost requires the right outfit. Rains focus on the whole experience of going outside on rainy days, issuing an invitation to explore even in the most mercurial weather.</p>','published','[\"products\\/product-1.jpg\",\"products\\/product-42.jpg\",\"products\\/product-77.jpg\",\"products\\/product-59.jpg\",\"products\\/product-64.jpg\",\"products\\/product-58.jpg\",\"products\\/product-13.jpg\",\"products\\/product-66.jpg\",\"products\\/product-75.jpg\",\"products\\/product-8.jpg\"]',NULL,'NC-132-A0',0,17,0,1,'in_stock',1,3,0,0,400,280,NULL,NULL,17,16,16,864,NULL,41134,'2025-08-02 02:15:44','2025-08-02 02:15:47',0,'Botble\\ACL\\Models\\User',NULL,'physical',NULL,NULL,0,'auto_generate',0,0,0,1),(13,'Beat Headphone','<p>Short Hooded Coat features a straight body, large pockets with button flaps, ventilation air holes, and a string detail along the hemline.</p>','<p>Short Hooded Coat features a straight body, large pockets with button flaps, ventilation air holes, and a string detail along the hemline. The style is completed with a drawstring hood, featuring Rains’ signature built-in cap. Made from waterproof, matte PU, this lightweight unisex rain jacket is an ode to nostalgia through its classic silhouette and utilitarian design details.</p>\n                                <p>- Casual unisex fit</p>\n\n                                <p>- 64% polyester, 36% polyurethane</p>\n\n                                <p>- Water column pressure: 4000 mm</p>\n\n                                <p>- Model is 187cm tall and wearing a size S / M</p>\n\n                                <p>- Unisex fit</p>\n\n                                <p>- Drawstring hood with built-in cap</p>\n\n                                <p>- Front placket with snap buttons</p>\n\n                                <p>- Ventilation under armpit</p>\n\n                                <p>- Adjustable cuffs</p>\n\n                                <p>- Double welted front pockets</p>\n\n                                <p>- Adjustable elastic string at hempen</p>\n\n                                <p>- Ultrasonically welded seams</p>\n\n                                <p>This is a unisex item, please check our clothing &amp; footwear sizing guide for specific Rains jacket sizing information. RAINS comes from the rainy nation of Denmark at the edge of the European continent, close to the ocean and with prevailing westerly winds; all factors that contribute to an average of 121 rain days each year. Arising from these rainy weather conditions comes the attitude that a quick rain shower may be beautiful, as well as moody- but first and foremost requires the right outfit. Rains focus on the whole experience of going outside on rainy days, issuing an invitation to explore even in the most mercurial weather.</p>','published','[\"products\\/product-71.jpg\",\"products\\/product-70.jpg\",\"products\\/product-88.jpg\",\"products\\/product-56.jpg\",\"products\\/product-83.jpg\"]',NULL,'NC-194-A0',0,20,0,1,'in_stock',0,3,0,0,292,NULL,NULL,NULL,20,17,10,503,NULL,100677,'2025-08-02 02:15:44','2025-08-02 02:15:47',0,'Botble\\ACL\\Models\\User',NULL,'digital',NULL,NULL,0,'auto_generate',0,0,0,1),(14,'Red &amp; Black Headphone','<p>Short Hooded Coat features a straight body, large pockets with button flaps, ventilation air holes, and a string detail along the hemline.</p>','<p>Short Hooded Coat features a straight body, large pockets with button flaps, ventilation air holes, and a string detail along the hemline. The style is completed with a drawstring hood, featuring Rains’ signature built-in cap. Made from waterproof, matte PU, this lightweight unisex rain jacket is an ode to nostalgia through its classic silhouette and utilitarian design details.</p>\n                                <p>- Casual unisex fit</p>\n\n                                <p>- 64% polyester, 36% polyurethane</p>\n\n                                <p>- Water column pressure: 4000 mm</p>\n\n                                <p>- Model is 187cm tall and wearing a size S / M</p>\n\n                                <p>- Unisex fit</p>\n\n                                <p>- Drawstring hood with built-in cap</p>\n\n                                <p>- Front placket with snap buttons</p>\n\n                                <p>- Ventilation under armpit</p>\n\n                                <p>- Adjustable cuffs</p>\n\n                                <p>- Double welted front pockets</p>\n\n                                <p>- Adjustable elastic string at hempen</p>\n\n                                <p>- Ultrasonically welded seams</p>\n\n                                <p>This is a unisex item, please check our clothing &amp; footwear sizing guide for specific Rains jacket sizing information. RAINS comes from the rainy nation of Denmark at the edge of the European continent, close to the ocean and with prevailing westerly winds; all factors that contribute to an average of 121 rain days each year. Arising from these rainy weather conditions comes the attitude that a quick rain shower may be beautiful, as well as moody- but first and foremost requires the right outfit. Rains focus on the whole experience of going outside on rainy days, issuing an invitation to explore even in the most mercurial weather.</p>','published','[\"products\\/product-88.jpg\",\"products\\/product-54.jpg\",\"products\\/product-39.jpg\",\"products\\/product-6.jpg\",\"products\\/product-82.jpg\",\"products\\/product-34.jpg\",\"products\\/product-66.jpg\",\"products\\/product-49.jpg\",\"products\\/product-42.jpg\",\"products\\/product-33.jpg\"]',NULL,'NC-192-A0',0,18,0,1,'in_stock',1,3,0,0,367,NULL,NULL,NULL,20,18,18,847,NULL,10315,'2025-08-02 02:15:44','2025-08-02 02:15:47',0,'Botble\\ACL\\Models\\User',NULL,'physical',NULL,NULL,0,'auto_generate',0,0,0,2),(15,'Smart Watch External','<p>Short Hooded Coat features a straight body, large pockets with button flaps, ventilation air holes, and a string detail along the hemline.</p>','<p>Short Hooded Coat features a straight body, large pockets with button flaps, ventilation air holes, and a string detail along the hemline. The style is completed with a drawstring hood, featuring Rains’ signature built-in cap. Made from waterproof, matte PU, this lightweight unisex rain jacket is an ode to nostalgia through its classic silhouette and utilitarian design details.</p>\n                                <p>- Casual unisex fit</p>\n\n                                <p>- 64% polyester, 36% polyurethane</p>\n\n                                <p>- Water column pressure: 4000 mm</p>\n\n                                <p>- Model is 187cm tall and wearing a size S / M</p>\n\n                                <p>- Unisex fit</p>\n\n                                <p>- Drawstring hood with built-in cap</p>\n\n                                <p>- Front placket with snap buttons</p>\n\n                                <p>- Ventilation under armpit</p>\n\n                                <p>- Adjustable cuffs</p>\n\n                                <p>- Double welted front pockets</p>\n\n                                <p>- Adjustable elastic string at hempen</p>\n\n                                <p>- Ultrasonically welded seams</p>\n\n                                <p>This is a unisex item, please check our clothing &amp; footwear sizing guide for specific Rains jacket sizing information. RAINS comes from the rainy nation of Denmark at the edge of the European continent, close to the ocean and with prevailing westerly winds; all factors that contribute to an average of 121 rain days each year. Arising from these rainy weather conditions comes the attitude that a quick rain shower may be beautiful, as well as moody- but first and foremost requires the right outfit. Rains focus on the whole experience of going outside on rainy days, issuing an invitation to explore even in the most mercurial weather.</p>','published','[\"products\\/product-68.jpg\",\"products\\/product-53.jpg\",\"products\\/product-87.jpg\",\"products\\/product-13.jpg\",\"products\\/product-93.jpg\",\"products\\/product-47.jpg\",\"products\\/product-89.jpg\",\"products\\/product-25.jpg\",\"products\\/product-12.jpg\"]',NULL,'NC-170-A0',0,11,0,1,'in_stock',0,7,0,0,389,NULL,NULL,NULL,18,15,17,512,NULL,109139,'2025-08-02 02:15:44','2025-08-02 02:15:47',0,'Botble\\ACL\\Models\\User',NULL,'physical',NULL,NULL,0,'auto_generate',0,0,0,1),(16,'Nikon HD camera','<p>Short Hooded Coat features a straight body, large pockets with button flaps, ventilation air holes, and a string detail along the hemline.</p>','<p>Short Hooded Coat features a straight body, large pockets with button flaps, ventilation air holes, and a string detail along the hemline. The style is completed with a drawstring hood, featuring Rains’ signature built-in cap. Made from waterproof, matte PU, this lightweight unisex rain jacket is an ode to nostalgia through its classic silhouette and utilitarian design details.</p>\n                                <p>- Casual unisex fit</p>\n\n                                <p>- 64% polyester, 36% polyurethane</p>\n\n                                <p>- Water column pressure: 4000 mm</p>\n\n                                <p>- Model is 187cm tall and wearing a size S / M</p>\n\n                                <p>- Unisex fit</p>\n\n                                <p>- Drawstring hood with built-in cap</p>\n\n                                <p>- Front placket with snap buttons</p>\n\n                                <p>- Ventilation under armpit</p>\n\n                                <p>- Adjustable cuffs</p>\n\n                                <p>- Double welted front pockets</p>\n\n                                <p>- Adjustable elastic string at hempen</p>\n\n                                <p>- Ultrasonically welded seams</p>\n\n                                <p>This is a unisex item, please check our clothing &amp; footwear sizing guide for specific Rains jacket sizing information. RAINS comes from the rainy nation of Denmark at the edge of the European continent, close to the ocean and with prevailing westerly winds; all factors that contribute to an average of 121 rain days each year. Arising from these rainy weather conditions comes the attitude that a quick rain shower may be beautiful, as well as moody- but first and foremost requires the right outfit. Rains focus on the whole experience of going outside on rainy days, issuing an invitation to explore even in the most mercurial weather.</p>','published','[\"products\\/product-25.jpg\",\"products\\/product-81.jpg\",\"products\\/product-45.jpg\",\"products\\/product-38.jpg\",\"products\\/product-84.jpg\"]',NULL,'NC-109-A0',0,12,0,1,'in_stock',0,1,0,0,400,352,NULL,NULL,20,16,12,528,NULL,75898,'2025-08-02 02:15:44','2025-08-02 02:15:47',0,'Botble\\ACL\\Models\\User',NULL,'physical',NULL,NULL,0,'auto_generate',0,0,0,1),(17,'Audio Equipment','<p>Short Hooded Coat features a straight body, large pockets with button flaps, ventilation air holes, and a string detail along the hemline.</p>','<p>Short Hooded Coat features a straight body, large pockets with button flaps, ventilation air holes, and a string detail along the hemline. The style is completed with a drawstring hood, featuring Rains’ signature built-in cap. Made from waterproof, matte PU, this lightweight unisex rain jacket is an ode to nostalgia through its classic silhouette and utilitarian design details.</p>\n                                <p>- Casual unisex fit</p>\n\n                                <p>- 64% polyester, 36% polyurethane</p>\n\n                                <p>- Water column pressure: 4000 mm</p>\n\n                                <p>- Model is 187cm tall and wearing a size S / M</p>\n\n                                <p>- Unisex fit</p>\n\n                                <p>- Drawstring hood with built-in cap</p>\n\n                                <p>- Front placket with snap buttons</p>\n\n                                <p>- Ventilation under armpit</p>\n\n                                <p>- Adjustable cuffs</p>\n\n                                <p>- Double welted front pockets</p>\n\n                                <p>- Adjustable elastic string at hempen</p>\n\n                                <p>- Ultrasonically welded seams</p>\n\n                                <p>This is a unisex item, please check our clothing &amp; footwear sizing guide for specific Rains jacket sizing information. RAINS comes from the rainy nation of Denmark at the edge of the European continent, close to the ocean and with prevailing westerly winds; all factors that contribute to an average of 121 rain days each year. Arising from these rainy weather conditions comes the attitude that a quick rain shower may be beautiful, as well as moody- but first and foremost requires the right outfit. Rains focus on the whole experience of going outside on rainy days, issuing an invitation to explore even in the most mercurial weather.</p>','published','[\"products\\/product-53.jpg\",\"products\\/product-54.jpg\",\"products\\/product-52.jpg\",\"products\\/product-17.jpg\",\"products\\/product-73.jpg\"]',NULL,'NC-176-A0',0,10,0,1,'in_stock',1,6,0,0,382,NULL,NULL,NULL,13,18,18,615,NULL,93731,'2025-08-02 02:15:44','2025-08-02 02:15:47',0,'Botble\\ACL\\Models\\User',NULL,'digital',NULL,NULL,0,'auto_generate',0,0,0,1),(18,'Smart Televisions','<p>Short Hooded Coat features a straight body, large pockets with button flaps, ventilation air holes, and a string detail along the hemline.</p>','<p>Short Hooded Coat features a straight body, large pockets with button flaps, ventilation air holes, and a string detail along the hemline. The style is completed with a drawstring hood, featuring Rains’ signature built-in cap. Made from waterproof, matte PU, this lightweight unisex rain jacket is an ode to nostalgia through its classic silhouette and utilitarian design details.</p>\n                                <p>- Casual unisex fit</p>\n\n                                <p>- 64% polyester, 36% polyurethane</p>\n\n                                <p>- Water column pressure: 4000 mm</p>\n\n                                <p>- Model is 187cm tall and wearing a size S / M</p>\n\n                                <p>- Unisex fit</p>\n\n                                <p>- Drawstring hood with built-in cap</p>\n\n                                <p>- Front placket with snap buttons</p>\n\n                                <p>- Ventilation under armpit</p>\n\n                                <p>- Adjustable cuffs</p>\n\n                                <p>- Double welted front pockets</p>\n\n                                <p>- Adjustable elastic string at hempen</p>\n\n                                <p>- Ultrasonically welded seams</p>\n\n                                <p>This is a unisex item, please check our clothing &amp; footwear sizing guide for specific Rains jacket sizing information. RAINS comes from the rainy nation of Denmark at the edge of the European continent, close to the ocean and with prevailing westerly winds; all factors that contribute to an average of 121 rain days each year. Arising from these rainy weather conditions comes the attitude that a quick rain shower may be beautiful, as well as moody- but first and foremost requires the right outfit. Rains focus on the whole experience of going outside on rainy days, issuing an invitation to explore even in the most mercurial weather.</p>','published','[\"products\\/product-43.jpg\",\"products\\/product-56.jpg\",\"products\\/product-66.jpg\",\"products\\/product-91.jpg\",\"products\\/product-14.jpg\",\"products\\/product-46.jpg\",\"products\\/product-80.jpg\"]',NULL,'NC-175-A0',0,15,0,1,'in_stock',1,3,0,0,475,NULL,NULL,NULL,20,12,19,864,NULL,168685,'2025-08-02 02:15:44','2025-08-02 02:15:47',0,'Botble\\ACL\\Models\\User',NULL,'physical',NULL,NULL,0,'auto_generate',0,0,0,1),(19,'Samsung Smart Phone','<p>Short Hooded Coat features a straight body, large pockets with button flaps, ventilation air holes, and a string detail along the hemline.</p>','<p>Short Hooded Coat features a straight body, large pockets with button flaps, ventilation air holes, and a string detail along the hemline. The style is completed with a drawstring hood, featuring Rains’ signature built-in cap. Made from waterproof, matte PU, this lightweight unisex rain jacket is an ode to nostalgia through its classic silhouette and utilitarian design details.</p>\n                                <p>- Casual unisex fit</p>\n\n                                <p>- 64% polyester, 36% polyurethane</p>\n\n                                <p>- Water column pressure: 4000 mm</p>\n\n                                <p>- Model is 187cm tall and wearing a size S / M</p>\n\n                                <p>- Unisex fit</p>\n\n                                <p>- Drawstring hood with built-in cap</p>\n\n                                <p>- Front placket with snap buttons</p>\n\n                                <p>- Ventilation under armpit</p>\n\n                                <p>- Adjustable cuffs</p>\n\n                                <p>- Double welted front pockets</p>\n\n                                <p>- Adjustable elastic string at hempen</p>\n\n                                <p>- Ultrasonically welded seams</p>\n\n                                <p>This is a unisex item, please check our clothing &amp; footwear sizing guide for specific Rains jacket sizing information. RAINS comes from the rainy nation of Denmark at the edge of the European continent, close to the ocean and with prevailing westerly winds; all factors that contribute to an average of 121 rain days each year. Arising from these rainy weather conditions comes the attitude that a quick rain shower may be beautiful, as well as moody- but first and foremost requires the right outfit. Rains focus on the whole experience of going outside on rainy days, issuing an invitation to explore even in the most mercurial weather.</p>','published','[\"products\\/product-66.jpg\",\"products\\/product-13.jpg\",\"products\\/product-20.jpg\",\"products\\/product-47.jpg\",\"products\\/product-84.jpg\",\"products\\/product-35.jpg\",\"products\\/product-26.jpg\",\"products\\/product-42.jpg\",\"products\\/product-83.jpg\",\"products\\/product-22.jpg\",\"products\\/product-60.jpg\"]',NULL,'NC-168-A0',0,16,0,1,'in_stock',0,7,0,0,319,NULL,NULL,NULL,18,20,19,532,NULL,23011,'2025-08-02 02:15:44','2025-08-02 02:15:47',0,'Botble\\ACL\\Models\\User',NULL,'physical',NULL,NULL,0,'auto_generate',0,0,0,1),(20,'Herschel Leather Duffle Bag In Brown Color','<p>Short Hooded Coat features a straight body, large pockets with button flaps, ventilation air holes, and a string detail along the hemline.</p>','<p>Short Hooded Coat features a straight body, large pockets with button flaps, ventilation air holes, and a string detail along the hemline. The style is completed with a drawstring hood, featuring Rains’ signature built-in cap. Made from waterproof, matte PU, this lightweight unisex rain jacket is an ode to nostalgia through its classic silhouette and utilitarian design details.</p>\n                                <p>- Casual unisex fit</p>\n\n                                <p>- 64% polyester, 36% polyurethane</p>\n\n                                <p>- Water column pressure: 4000 mm</p>\n\n                                <p>- Model is 187cm tall and wearing a size S / M</p>\n\n                                <p>- Unisex fit</p>\n\n                                <p>- Drawstring hood with built-in cap</p>\n\n                                <p>- Front placket with snap buttons</p>\n\n                                <p>- Ventilation under armpit</p>\n\n                                <p>- Adjustable cuffs</p>\n\n                                <p>- Double welted front pockets</p>\n\n                                <p>- Adjustable elastic string at hempen</p>\n\n                                <p>- Ultrasonically welded seams</p>\n\n                                <p>This is a unisex item, please check our clothing &amp; footwear sizing guide for specific Rains jacket sizing information. RAINS comes from the rainy nation of Denmark at the edge of the European continent, close to the ocean and with prevailing westerly winds; all factors that contribute to an average of 121 rain days each year. Arising from these rainy weather conditions comes the attitude that a quick rain shower may be beautiful, as well as moody- but first and foremost requires the right outfit. Rains focus on the whole experience of going outside on rainy days, issuing an invitation to explore even in the most mercurial weather.</p>','published','[\"products\\/product-27.jpg\",\"products\\/product-7.jpg\",\"products\\/product-15.jpg\",\"products\\/product-92.jpg\",\"products\\/product-18.jpg\",\"products\\/product-37.jpg\",\"products\\/product-65.jpg\"]',NULL,'NC-154-A0',0,15,0,1,'in_stock',1,7,0,0,499,409.18,NULL,NULL,10,11,20,877,NULL,11170,'2025-08-02 02:15:44','2025-08-02 02:15:47',0,'Botble\\ACL\\Models\\User',NULL,'physical',NULL,NULL,0,'auto_generate',0,0,0,1),(21,'Xbox One Wireless Controller Black Color','<p>Short Hooded Coat features a straight body, large pockets with button flaps, ventilation air holes, and a string detail along the hemline.</p>','<p>Short Hooded Coat features a straight body, large pockets with button flaps, ventilation air holes, and a string detail along the hemline. The style is completed with a drawstring hood, featuring Rains’ signature built-in cap. Made from waterproof, matte PU, this lightweight unisex rain jacket is an ode to nostalgia through its classic silhouette and utilitarian design details.</p>\n                                <p>- Casual unisex fit</p>\n\n                                <p>- 64% polyester, 36% polyurethane</p>\n\n                                <p>- Water column pressure: 4000 mm</p>\n\n                                <p>- Model is 187cm tall and wearing a size S / M</p>\n\n                                <p>- Unisex fit</p>\n\n                                <p>- Drawstring hood with built-in cap</p>\n\n                                <p>- Front placket with snap buttons</p>\n\n                                <p>- Ventilation under armpit</p>\n\n                                <p>- Adjustable cuffs</p>\n\n                                <p>- Double welted front pockets</p>\n\n                                <p>- Adjustable elastic string at hempen</p>\n\n                                <p>- Ultrasonically welded seams</p>\n\n                                <p>This is a unisex item, please check our clothing &amp; footwear sizing guide for specific Rains jacket sizing information. RAINS comes from the rainy nation of Denmark at the edge of the European continent, close to the ocean and with prevailing westerly winds; all factors that contribute to an average of 121 rain days each year. Arising from these rainy weather conditions comes the attitude that a quick rain shower may be beautiful, as well as moody- but first and foremost requires the right outfit. Rains focus on the whole experience of going outside on rainy days, issuing an invitation to explore even in the most mercurial weather.</p>','published','[\"products\\/product-56.jpg\",\"products\\/product-73.jpg\",\"products\\/product-88.jpg\",\"products\\/product-47.jpg\",\"products\\/product-22.jpg\",\"products\\/product-23.jpg\",\"products\\/product-31.jpg\",\"products\\/product-87.jpg\",\"products\\/product-27.jpg\"]',NULL,'NC-146-A0',0,20,0,1,'in_stock',1,3,0,0,448,NULL,NULL,NULL,19,12,19,854,NULL,142733,'2025-08-02 02:15:44','2025-08-02 02:15:47',0,'Botble\\ACL\\Models\\User',NULL,'digital',NULL,NULL,0,'auto_generate',0,0,0,2),(22,'EPSION Plaster Printer','<p>Short Hooded Coat features a straight body, large pockets with button flaps, ventilation air holes, and a string detail along the hemline.</p>','<p>Short Hooded Coat features a straight body, large pockets with button flaps, ventilation air holes, and a string detail along the hemline. The style is completed with a drawstring hood, featuring Rains’ signature built-in cap. Made from waterproof, matte PU, this lightweight unisex rain jacket is an ode to nostalgia through its classic silhouette and utilitarian design details.</p>\n                                <p>- Casual unisex fit</p>\n\n                                <p>- 64% polyester, 36% polyurethane</p>\n\n                                <p>- Water column pressure: 4000 mm</p>\n\n                                <p>- Model is 187cm tall and wearing a size S / M</p>\n\n                                <p>- Unisex fit</p>\n\n                                <p>- Drawstring hood with built-in cap</p>\n\n                                <p>- Front placket with snap buttons</p>\n\n                                <p>- Ventilation under armpit</p>\n\n                                <p>- Adjustable cuffs</p>\n\n                                <p>- Double welted front pockets</p>\n\n                                <p>- Adjustable elastic string at hempen</p>\n\n                                <p>- Ultrasonically welded seams</p>\n\n                                <p>This is a unisex item, please check our clothing &amp; footwear sizing guide for specific Rains jacket sizing information. RAINS comes from the rainy nation of Denmark at the edge of the European continent, close to the ocean and with prevailing westerly winds; all factors that contribute to an average of 121 rain days each year. Arising from these rainy weather conditions comes the attitude that a quick rain shower may be beautiful, as well as moody- but first and foremost requires the right outfit. Rains focus on the whole experience of going outside on rainy days, issuing an invitation to explore even in the most mercurial weather.</p>','published','[\"products\\/product-46.jpg\",\"products\\/product-1.jpg\",\"products\\/product-44.jpg\",\"products\\/product-28.jpg\",\"products\\/product-47.jpg\",\"products\\/product-40.jpg\",\"products\\/product-26.jpg\",\"products\\/product-66.jpg\",\"products\\/product-62.jpg\",\"products\\/product-67.jpg\",\"products\\/product-45.jpg\",\"products\\/product-43.jpg\"]',NULL,'NC-163-A0',0,12,0,1,'in_stock',0,5,0,0,386,NULL,NULL,NULL,20,17,16,810,NULL,84237,'2025-08-02 02:15:44','2025-08-02 02:15:47',0,'Botble\\ACL\\Models\\User',NULL,'physical',NULL,NULL,0,'auto_generate',0,0,0,2),(23,'Sound Intone I65 Earphone White Version','<p>Short Hooded Coat features a straight body, large pockets with button flaps, ventilation air holes, and a string detail along the hemline.</p>','<p>Short Hooded Coat features a straight body, large pockets with button flaps, ventilation air holes, and a string detail along the hemline. The style is completed with a drawstring hood, featuring Rains’ signature built-in cap. Made from waterproof, matte PU, this lightweight unisex rain jacket is an ode to nostalgia through its classic silhouette and utilitarian design details.</p>\n                                <p>- Casual unisex fit</p>\n\n                                <p>- 64% polyester, 36% polyurethane</p>\n\n                                <p>- Water column pressure: 4000 mm</p>\n\n                                <p>- Model is 187cm tall and wearing a size S / M</p>\n\n                                <p>- Unisex fit</p>\n\n                                <p>- Drawstring hood with built-in cap</p>\n\n                                <p>- Front placket with snap buttons</p>\n\n                                <p>- Ventilation under armpit</p>\n\n                                <p>- Adjustable cuffs</p>\n\n                                <p>- Double welted front pockets</p>\n\n                                <p>- Adjustable elastic string at hempen</p>\n\n                                <p>- Ultrasonically welded seams</p>\n\n                                <p>This is a unisex item, please check our clothing &amp; footwear sizing guide for specific Rains jacket sizing information. RAINS comes from the rainy nation of Denmark at the edge of the European continent, close to the ocean and with prevailing westerly winds; all factors that contribute to an average of 121 rain days each year. Arising from these rainy weather conditions comes the attitude that a quick rain shower may be beautiful, as well as moody- but first and foremost requires the right outfit. Rains focus on the whole experience of going outside on rainy days, issuing an invitation to explore even in the most mercurial weather.</p>','published','[\"products\\/product-54.jpg\",\"products\\/product-47.jpg\",\"products\\/product-87.jpg\",\"products\\/product-28.jpg\",\"products\\/product-63.jpg\",\"products\\/product-81.jpg\",\"products\\/product-74.jpg\",\"products\\/product-27.jpg\",\"products\\/product-1.jpg\",\"products\\/product-91.jpg\"]',NULL,'NC-157-A0',0,11,0,1,'in_stock',0,2,0,0,273,NULL,NULL,NULL,16,20,18,514,NULL,39054,'2025-08-02 02:15:44','2025-08-02 02:15:47',0,'Botble\\ACL\\Models\\User',NULL,'physical',NULL,NULL,0,'auto_generate',0,0,0,2),(24,'B&amp;O Play Mini Bluetooth Speaker','<p>Short Hooded Coat features a straight body, large pockets with button flaps, ventilation air holes, and a string detail along the hemline.</p>','<p>Short Hooded Coat features a straight body, large pockets with button flaps, ventilation air holes, and a string detail along the hemline. The style is completed with a drawstring hood, featuring Rains’ signature built-in cap. Made from waterproof, matte PU, this lightweight unisex rain jacket is an ode to nostalgia through its classic silhouette and utilitarian design details.</p>\n                                <p>- Casual unisex fit</p>\n\n                                <p>- 64% polyester, 36% polyurethane</p>\n\n                                <p>- Water column pressure: 4000 mm</p>\n\n                                <p>- Model is 187cm tall and wearing a size S / M</p>\n\n                                <p>- Unisex fit</p>\n\n                                <p>- Drawstring hood with built-in cap</p>\n\n                                <p>- Front placket with snap buttons</p>\n\n                                <p>- Ventilation under armpit</p>\n\n                                <p>- Adjustable cuffs</p>\n\n                                <p>- Double welted front pockets</p>\n\n                                <p>- Adjustable elastic string at hempen</p>\n\n                                <p>- Ultrasonically welded seams</p>\n\n                                <p>This is a unisex item, please check our clothing &amp; footwear sizing guide for specific Rains jacket sizing information. RAINS comes from the rainy nation of Denmark at the edge of the European continent, close to the ocean and with prevailing westerly winds; all factors that contribute to an average of 121 rain days each year. Arising from these rainy weather conditions comes the attitude that a quick rain shower may be beautiful, as well as moody- but first and foremost requires the right outfit. Rains focus on the whole experience of going outside on rainy days, issuing an invitation to explore even in the most mercurial weather.</p>','published','[\"products\\/product-95.jpg\",\"products\\/product-93.jpg\",\"products\\/product-80.jpg\",\"products\\/product-56.jpg\",\"products\\/product-43.jpg\",\"products\\/product-81.jpg\",\"products\\/product-79.jpg\"]',NULL,'NC-175-A0',0,10,0,1,'in_stock',1,4,0,0,300,225,NULL,NULL,16,11,10,660,NULL,186716,'2025-08-02 02:15:44','2025-08-02 02:15:47',0,'Botble\\ACL\\Models\\User',NULL,'physical',NULL,NULL,0,'auto_generate',0,0,0,1),(25,'Apple MacBook Air Retina 13.3-Inch Laptop','<p>Short Hooded Coat features a straight body, large pockets with button flaps, ventilation air holes, and a string detail along the hemline.</p>','<p>Short Hooded Coat features a straight body, large pockets with button flaps, ventilation air holes, and a string detail along the hemline. The style is completed with a drawstring hood, featuring Rains’ signature built-in cap. Made from waterproof, matte PU, this lightweight unisex rain jacket is an ode to nostalgia through its classic silhouette and utilitarian design details.</p>\n                                <p>- Casual unisex fit</p>\n\n                                <p>- 64% polyester, 36% polyurethane</p>\n\n                                <p>- Water column pressure: 4000 mm</p>\n\n                                <p>- Model is 187cm tall and wearing a size S / M</p>\n\n                                <p>- Unisex fit</p>\n\n                                <p>- Drawstring hood with built-in cap</p>\n\n                                <p>- Front placket with snap buttons</p>\n\n                                <p>- Ventilation under armpit</p>\n\n                                <p>- Adjustable cuffs</p>\n\n                                <p>- Double welted front pockets</p>\n\n                                <p>- Adjustable elastic string at hempen</p>\n\n                                <p>- Ultrasonically welded seams</p>\n\n                                <p>This is a unisex item, please check our clothing &amp; footwear sizing guide for specific Rains jacket sizing information. RAINS comes from the rainy nation of Denmark at the edge of the European continent, close to the ocean and with prevailing westerly winds; all factors that contribute to an average of 121 rain days each year. Arising from these rainy weather conditions comes the attitude that a quick rain shower may be beautiful, as well as moody- but first and foremost requires the right outfit. Rains focus on the whole experience of going outside on rainy days, issuing an invitation to explore even in the most mercurial weather.</p>','published','[\"products\\/product-83.jpg\",\"products\\/product-39.jpg\",\"products\\/product-74.jpg\",\"products\\/product-49.jpg\",\"products\\/product-92.jpg\",\"products\\/product-33.jpg\",\"products\\/product-86.jpg\",\"products\\/product-40.jpg\",\"products\\/product-2.jpg\"]',NULL,'NC-162-A0',0,10,0,1,'in_stock',1,5,0,0,421,NULL,NULL,NULL,12,16,10,549,NULL,170132,'2025-08-02 02:15:44','2025-08-02 02:15:47',0,'Botble\\ACL\\Models\\User',NULL,'digital',NULL,NULL,0,'auto_generate',0,0,0,1),(26,'Apple MacBook Air Retina 12-Inch Laptop','<p>Short Hooded Coat features a straight body, large pockets with button flaps, ventilation air holes, and a string detail along the hemline.</p>','<p>Short Hooded Coat features a straight body, large pockets with button flaps, ventilation air holes, and a string detail along the hemline. The style is completed with a drawstring hood, featuring Rains’ signature built-in cap. Made from waterproof, matte PU, this lightweight unisex rain jacket is an ode to nostalgia through its classic silhouette and utilitarian design details.</p>\n                                <p>- Casual unisex fit</p>\n\n                                <p>- 64% polyester, 36% polyurethane</p>\n\n                                <p>- Water column pressure: 4000 mm</p>\n\n                                <p>- Model is 187cm tall and wearing a size S / M</p>\n\n                                <p>- Unisex fit</p>\n\n                                <p>- Drawstring hood with built-in cap</p>\n\n                                <p>- Front placket with snap buttons</p>\n\n                                <p>- Ventilation under armpit</p>\n\n                                <p>- Adjustable cuffs</p>\n\n                                <p>- Double welted front pockets</p>\n\n                                <p>- Adjustable elastic string at hempen</p>\n\n                                <p>- Ultrasonically welded seams</p>\n\n                                <p>This is a unisex item, please check our clothing &amp; footwear sizing guide for specific Rains jacket sizing information. RAINS comes from the rainy nation of Denmark at the edge of the European continent, close to the ocean and with prevailing westerly winds; all factors that contribute to an average of 121 rain days each year. Arising from these rainy weather conditions comes the attitude that a quick rain shower may be beautiful, as well as moody- but first and foremost requires the right outfit. Rains focus on the whole experience of going outside on rainy days, issuing an invitation to explore even in the most mercurial weather.</p>','published','[\"products\\/product-86.jpg\",\"products\\/product-64.jpg\",\"products\\/product-76.jpg\",\"products\\/product-7.jpg\",\"products\\/product-69.jpg\",\"products\\/product-85.jpg\",\"products\\/product-40.jpg\"]',NULL,'NC-147-A0',0,19,0,1,'in_stock',0,2,0,0,244,NULL,NULL,NULL,15,10,16,773,NULL,62607,'2025-08-02 02:15:44','2025-08-02 02:15:47',0,'Botble\\ACL\\Models\\User',NULL,'physical',NULL,NULL,0,'auto_generate',0,0,0,1),(27,'Samsung Gear VR Virtual Reality Headset','<p>Short Hooded Coat features a straight body, large pockets with button flaps, ventilation air holes, and a string detail along the hemline.</p>','<p>Short Hooded Coat features a straight body, large pockets with button flaps, ventilation air holes, and a string detail along the hemline. The style is completed with a drawstring hood, featuring Rains’ signature built-in cap. Made from waterproof, matte PU, this lightweight unisex rain jacket is an ode to nostalgia through its classic silhouette and utilitarian design details.</p>\n                                <p>- Casual unisex fit</p>\n\n                                <p>- 64% polyester, 36% polyurethane</p>\n\n                                <p>- Water column pressure: 4000 mm</p>\n\n                                <p>- Model is 187cm tall and wearing a size S / M</p>\n\n                                <p>- Unisex fit</p>\n\n                                <p>- Drawstring hood with built-in cap</p>\n\n                                <p>- Front placket with snap buttons</p>\n\n                                <p>- Ventilation under armpit</p>\n\n                                <p>- Adjustable cuffs</p>\n\n                                <p>- Double welted front pockets</p>\n\n                                <p>- Adjustable elastic string at hempen</p>\n\n                                <p>- Ultrasonically welded seams</p>\n\n                                <p>This is a unisex item, please check our clothing &amp; footwear sizing guide for specific Rains jacket sizing information. RAINS comes from the rainy nation of Denmark at the edge of the European continent, close to the ocean and with prevailing westerly winds; all factors that contribute to an average of 121 rain days each year. Arising from these rainy weather conditions comes the attitude that a quick rain shower may be beautiful, as well as moody- but first and foremost requires the right outfit. Rains focus on the whole experience of going outside on rainy days, issuing an invitation to explore even in the most mercurial weather.</p>','published','[\"products\\/product-18.jpg\",\"products\\/product-89.jpg\",\"products\\/product-64.jpg\",\"products\\/product-65.jpg\",\"products\\/product-42.jpg\",\"products\\/product-20.jpg\",\"products\\/product-75.jpg\"]',NULL,'NC-187-A0',0,15,0,1,'in_stock',1,3,0,0,493,NULL,NULL,NULL,10,13,20,551,NULL,185856,'2025-08-02 02:15:44','2025-08-02 02:15:47',0,'Botble\\ACL\\Models\\User',NULL,'physical',NULL,NULL,0,'auto_generate',0,0,0,2),(28,'Aveeno Moisturizing Body Shower 450ml','<p>Short Hooded Coat features a straight body, large pockets with button flaps, ventilation air holes, and a string detail along the hemline.</p>','<p>Short Hooded Coat features a straight body, large pockets with button flaps, ventilation air holes, and a string detail along the hemline. The style is completed with a drawstring hood, featuring Rains’ signature built-in cap. Made from waterproof, matte PU, this lightweight unisex rain jacket is an ode to nostalgia through its classic silhouette and utilitarian design details.</p>\n                                <p>- Casual unisex fit</p>\n\n                                <p>- 64% polyester, 36% polyurethane</p>\n\n                                <p>- Water column pressure: 4000 mm</p>\n\n                                <p>- Model is 187cm tall and wearing a size S / M</p>\n\n                                <p>- Unisex fit</p>\n\n                                <p>- Drawstring hood with built-in cap</p>\n\n                                <p>- Front placket with snap buttons</p>\n\n                                <p>- Ventilation under armpit</p>\n\n                                <p>- Adjustable cuffs</p>\n\n                                <p>- Double welted front pockets</p>\n\n                                <p>- Adjustable elastic string at hempen</p>\n\n                                <p>- Ultrasonically welded seams</p>\n\n                                <p>This is a unisex item, please check our clothing &amp; footwear sizing guide for specific Rains jacket sizing information. RAINS comes from the rainy nation of Denmark at the edge of the European continent, close to the ocean and with prevailing westerly winds; all factors that contribute to an average of 121 rain days each year. Arising from these rainy weather conditions comes the attitude that a quick rain shower may be beautiful, as well as moody- but first and foremost requires the right outfit. Rains focus on the whole experience of going outside on rainy days, issuing an invitation to explore even in the most mercurial weather.</p>','published','[\"products\\/product-4.jpg\",\"products\\/product-6.jpg\",\"products\\/product-52.jpg\",\"products\\/product-5.jpg\",\"products\\/product-95.jpg\",\"products\\/product-86.jpg\",\"products\\/product-30.jpg\",\"products\\/product-87.jpg\",\"products\\/product-22.jpg\",\"products\\/product-61.jpg\",\"products\\/product-15.jpg\",\"products\\/product-72.jpg\"]',NULL,'NC-159-A0',0,20,0,1,'in_stock',1,7,0,0,245,183.75,NULL,NULL,19,13,19,787,NULL,199875,'2025-08-02 02:15:44','2025-08-02 02:15:47',0,'Botble\\ACL\\Models\\User',NULL,'physical',NULL,NULL,0,'auto_generate',0,0,0,2),(29,'NYX Beauty Couton Pallete Makeup 12','<p>Short Hooded Coat features a straight body, large pockets with button flaps, ventilation air holes, and a string detail along the hemline.</p>','<p>Short Hooded Coat features a straight body, large pockets with button flaps, ventilation air holes, and a string detail along the hemline. The style is completed with a drawstring hood, featuring Rains’ signature built-in cap. Made from waterproof, matte PU, this lightweight unisex rain jacket is an ode to nostalgia through its classic silhouette and utilitarian design details.</p>\n                                <p>- Casual unisex fit</p>\n\n                                <p>- 64% polyester, 36% polyurethane</p>\n\n                                <p>- Water column pressure: 4000 mm</p>\n\n                                <p>- Model is 187cm tall and wearing a size S / M</p>\n\n                                <p>- Unisex fit</p>\n\n                                <p>- Drawstring hood with built-in cap</p>\n\n                                <p>- Front placket with snap buttons</p>\n\n                                <p>- Ventilation under armpit</p>\n\n                                <p>- Adjustable cuffs</p>\n\n                                <p>- Double welted front pockets</p>\n\n                                <p>- Adjustable elastic string at hempen</p>\n\n                                <p>- Ultrasonically welded seams</p>\n\n                                <p>This is a unisex item, please check our clothing &amp; footwear sizing guide for specific Rains jacket sizing information. RAINS comes from the rainy nation of Denmark at the edge of the European continent, close to the ocean and with prevailing westerly winds; all factors that contribute to an average of 121 rain days each year. Arising from these rainy weather conditions comes the attitude that a quick rain shower may be beautiful, as well as moody- but first and foremost requires the right outfit. Rains focus on the whole experience of going outside on rainy days, issuing an invitation to explore even in the most mercurial weather.</p>','published','[\"products\\/product-59.jpg\",\"products\\/product-68.jpg\",\"products\\/product-90.jpg\",\"products\\/product-36.jpg\",\"products\\/product-64.jpg\",\"products\\/product-83.jpg\",\"products\\/product-52.jpg\",\"products\\/product-3.jpg\",\"products\\/product-70.jpg\"]',NULL,'NC-176-A0',0,15,0,1,'in_stock',0,4,0,0,368,NULL,NULL,NULL,20,14,19,852,NULL,130049,'2025-08-02 02:15:44','2025-08-02 02:15:47',0,'Botble\\ACL\\Models\\User',NULL,'digital',NULL,NULL,0,'auto_generate',0,0,0,1),(30,'NYX Beauty Couton Pallete Makeup 12','<p>Short Hooded Coat features a straight body, large pockets with button flaps, ventilation air holes, and a string detail along the hemline.</p>','<p>Short Hooded Coat features a straight body, large pockets with button flaps, ventilation air holes, and a string detail along the hemline. The style is completed with a drawstring hood, featuring Rains’ signature built-in cap. Made from waterproof, matte PU, this lightweight unisex rain jacket is an ode to nostalgia through its classic silhouette and utilitarian design details.</p>\n                                <p>- Casual unisex fit</p>\n\n                                <p>- 64% polyester, 36% polyurethane</p>\n\n                                <p>- Water column pressure: 4000 mm</p>\n\n                                <p>- Model is 187cm tall and wearing a size S / M</p>\n\n                                <p>- Unisex fit</p>\n\n                                <p>- Drawstring hood with built-in cap</p>\n\n                                <p>- Front placket with snap buttons</p>\n\n                                <p>- Ventilation under armpit</p>\n\n                                <p>- Adjustable cuffs</p>\n\n                                <p>- Double welted front pockets</p>\n\n                                <p>- Adjustable elastic string at hempen</p>\n\n                                <p>- Ultrasonically welded seams</p>\n\n                                <p>This is a unisex item, please check our clothing &amp; footwear sizing guide for specific Rains jacket sizing information. RAINS comes from the rainy nation of Denmark at the edge of the European continent, close to the ocean and with prevailing westerly winds; all factors that contribute to an average of 121 rain days each year. Arising from these rainy weather conditions comes the attitude that a quick rain shower may be beautiful, as well as moody- but first and foremost requires the right outfit. Rains focus on the whole experience of going outside on rainy days, issuing an invitation to explore even in the most mercurial weather.</p>','published','[\"products\\/product-50.jpg\",\"products\\/product-81.jpg\",\"products\\/product-73.jpg\",\"products\\/product-80.jpg\",\"products\\/product-6.jpg\",\"products\\/product-63.jpg\",\"products\\/product-93.jpg\",\"products\\/product-56.jpg\",\"products\\/product-77.jpg\"]',NULL,'NC-127-A0',0,10,0,1,'in_stock',1,6,0,0,345,NULL,NULL,NULL,14,10,14,835,NULL,160445,'2025-08-02 02:15:44','2025-08-02 02:15:47',0,'Botble\\ACL\\Models\\User',NULL,'physical',NULL,NULL,0,'auto_generate',0,0,0,2),(31,'MVMTH Classical Leather Watch In Black','<p>Short Hooded Coat features a straight body, large pockets with button flaps, ventilation air holes, and a string detail along the hemline.</p>','<p>Short Hooded Coat features a straight body, large pockets with button flaps, ventilation air holes, and a string detail along the hemline. The style is completed with a drawstring hood, featuring Rains’ signature built-in cap. Made from waterproof, matte PU, this lightweight unisex rain jacket is an ode to nostalgia through its classic silhouette and utilitarian design details.</p>\n                                <p>- Casual unisex fit</p>\n\n                                <p>- 64% polyester, 36% polyurethane</p>\n\n                                <p>- Water column pressure: 4000 mm</p>\n\n                                <p>- Model is 187cm tall and wearing a size S / M</p>\n\n                                <p>- Unisex fit</p>\n\n                                <p>- Drawstring hood with built-in cap</p>\n\n                                <p>- Front placket with snap buttons</p>\n\n                                <p>- Ventilation under armpit</p>\n\n                                <p>- Adjustable cuffs</p>\n\n                                <p>- Double welted front pockets</p>\n\n                                <p>- Adjustable elastic string at hempen</p>\n\n                                <p>- Ultrasonically welded seams</p>\n\n                                <p>This is a unisex item, please check our clothing &amp; footwear sizing guide for specific Rains jacket sizing information. RAINS comes from the rainy nation of Denmark at the edge of the European continent, close to the ocean and with prevailing westerly winds; all factors that contribute to an average of 121 rain days each year. Arising from these rainy weather conditions comes the attitude that a quick rain shower may be beautiful, as well as moody- but first and foremost requires the right outfit. Rains focus on the whole experience of going outside on rainy days, issuing an invitation to explore even in the most mercurial weather.</p>','published','[\"products\\/product-82.jpg\",\"products\\/product-7.jpg\",\"products\\/product-73.jpg\",\"products\\/product-48.jpg\",\"products\\/product-91.jpg\"]',NULL,'NC-159-A0',0,18,0,1,'in_stock',0,2,0,0,256,NULL,NULL,NULL,15,17,18,645,NULL,187781,'2025-08-02 02:15:44','2025-08-02 02:15:47',0,'Botble\\ACL\\Models\\User',NULL,'physical',NULL,NULL,0,'auto_generate',0,0,0,1),(32,'Baxter Care Hair Kit For Bearded Mens','<p>Short Hooded Coat features a straight body, large pockets with button flaps, ventilation air holes, and a string detail along the hemline.</p>','<p>Short Hooded Coat features a straight body, large pockets with button flaps, ventilation air holes, and a string detail along the hemline. The style is completed with a drawstring hood, featuring Rains’ signature built-in cap. Made from waterproof, matte PU, this lightweight unisex rain jacket is an ode to nostalgia through its classic silhouette and utilitarian design details.</p>\n                                <p>- Casual unisex fit</p>\n\n                                <p>- 64% polyester, 36% polyurethane</p>\n\n                                <p>- Water column pressure: 4000 mm</p>\n\n                                <p>- Model is 187cm tall and wearing a size S / M</p>\n\n                                <p>- Unisex fit</p>\n\n                                <p>- Drawstring hood with built-in cap</p>\n\n                                <p>- Front placket with snap buttons</p>\n\n                                <p>- Ventilation under armpit</p>\n\n                                <p>- Adjustable cuffs</p>\n\n                                <p>- Double welted front pockets</p>\n\n                                <p>- Adjustable elastic string at hempen</p>\n\n                                <p>- Ultrasonically welded seams</p>\n\n                                <p>This is a unisex item, please check our clothing &amp; footwear sizing guide for specific Rains jacket sizing information. RAINS comes from the rainy nation of Denmark at the edge of the European continent, close to the ocean and with prevailing westerly winds; all factors that contribute to an average of 121 rain days each year. Arising from these rainy weather conditions comes the attitude that a quick rain shower may be beautiful, as well as moody- but first and foremost requires the right outfit. Rains focus on the whole experience of going outside on rainy days, issuing an invitation to explore even in the most mercurial weather.</p>','published','[\"products\\/product-82.jpg\",\"products\\/product-23.jpg\",\"products\\/product-16.jpg\",\"products\\/product-22.jpg\",\"products\\/product-19.jpg\",\"products\\/product-56.jpg\"]',NULL,'NC-168-A0',0,15,0,1,'in_stock',1,6,0,0,422,337.6,NULL,NULL,10,13,20,759,NULL,45491,'2025-08-02 02:15:44','2025-08-02 02:15:47',0,'Botble\\ACL\\Models\\User',NULL,'physical',NULL,NULL,0,'auto_generate',0,0,0,2),(33,'Ciate Palemore Lipstick Bold Red Color','<p>Short Hooded Coat features a straight body, large pockets with button flaps, ventilation air holes, and a string detail along the hemline.</p>','<p>Short Hooded Coat features a straight body, large pockets with button flaps, ventilation air holes, and a string detail along the hemline. The style is completed with a drawstring hood, featuring Rains’ signature built-in cap. Made from waterproof, matte PU, this lightweight unisex rain jacket is an ode to nostalgia through its classic silhouette and utilitarian design details.</p>\n                                <p>- Casual unisex fit</p>\n\n                                <p>- 64% polyester, 36% polyurethane</p>\n\n                                <p>- Water column pressure: 4000 mm</p>\n\n                                <p>- Model is 187cm tall and wearing a size S / M</p>\n\n                                <p>- Unisex fit</p>\n\n                                <p>- Drawstring hood with built-in cap</p>\n\n                                <p>- Front placket with snap buttons</p>\n\n                                <p>- Ventilation under armpit</p>\n\n                                <p>- Adjustable cuffs</p>\n\n                                <p>- Double welted front pockets</p>\n\n                                <p>- Adjustable elastic string at hempen</p>\n\n                                <p>- Ultrasonically welded seams</p>\n\n                                <p>This is a unisex item, please check our clothing &amp; footwear sizing guide for specific Rains jacket sizing information. RAINS comes from the rainy nation of Denmark at the edge of the European continent, close to the ocean and with prevailing westerly winds; all factors that contribute to an average of 121 rain days each year. Arising from these rainy weather conditions comes the attitude that a quick rain shower may be beautiful, as well as moody- but first and foremost requires the right outfit. Rains focus on the whole experience of going outside on rainy days, issuing an invitation to explore even in the most mercurial weather.</p>','published','[\"products\\/product-83.jpg\",\"products\\/product-66.jpg\",\"products\\/product-85.jpg\",\"products\\/product-27.jpg\",\"products\\/product-52.jpg\",\"products\\/product-44.jpg\"]',NULL,'NC-172-A0',0,10,0,1,'in_stock',1,3,0,0,493,NULL,NULL,NULL,11,16,18,585,NULL,86195,'2025-08-02 02:15:44','2025-08-02 02:15:47',0,'Botble\\ACL\\Models\\User',NULL,'digital',NULL,NULL,0,'auto_generate',0,0,0,1),(34,'Vimto Squash Remix Apple 1.5 Litres','<p>Short Hooded Coat features a straight body, large pockets with button flaps, ventilation air holes, and a string detail along the hemline.</p>','<p>Short Hooded Coat features a straight body, large pockets with button flaps, ventilation air holes, and a string detail along the hemline. The style is completed with a drawstring hood, featuring Rains’ signature built-in cap. Made from waterproof, matte PU, this lightweight unisex rain jacket is an ode to nostalgia through its classic silhouette and utilitarian design details.</p>\n                                <p>- Casual unisex fit</p>\n\n                                <p>- 64% polyester, 36% polyurethane</p>\n\n                                <p>- Water column pressure: 4000 mm</p>\n\n                                <p>- Model is 187cm tall and wearing a size S / M</p>\n\n                                <p>- Unisex fit</p>\n\n                                <p>- Drawstring hood with built-in cap</p>\n\n                                <p>- Front placket with snap buttons</p>\n\n                                <p>- Ventilation under armpit</p>\n\n                                <p>- Adjustable cuffs</p>\n\n                                <p>- Double welted front pockets</p>\n\n                                <p>- Adjustable elastic string at hempen</p>\n\n                                <p>- Ultrasonically welded seams</p>\n\n                                <p>This is a unisex item, please check our clothing &amp; footwear sizing guide for specific Rains jacket sizing information. RAINS comes from the rainy nation of Denmark at the edge of the European continent, close to the ocean and with prevailing westerly winds; all factors that contribute to an average of 121 rain days each year. Arising from these rainy weather conditions comes the attitude that a quick rain shower may be beautiful, as well as moody- but first and foremost requires the right outfit. Rains focus on the whole experience of going outside on rainy days, issuing an invitation to explore even in the most mercurial weather.</p>','published','[\"products\\/product-41.jpg\",\"products\\/product-93.jpg\",\"products\\/product-44.jpg\",\"products\\/product-25.jpg\",\"products\\/product-20.jpg\",\"products\\/product-54.jpg\"]',NULL,'NC-196-A0',0,20,0,1,'in_stock',0,2,0,0,270,NULL,NULL,NULL,16,13,16,554,NULL,118555,'2025-08-02 02:15:44','2025-08-02 02:15:47',0,'Botble\\ACL\\Models\\User',NULL,'physical',NULL,NULL,0,'auto_generate',0,0,0,1),(35,'Crock Pot Slow Cooker','<p>Short Hooded Coat features a straight body, large pockets with button flaps, ventilation air holes, and a string detail along the hemline.</p>','<p>Short Hooded Coat features a straight body, large pockets with button flaps, ventilation air holes, and a string detail along the hemline. The style is completed with a drawstring hood, featuring Rains’ signature built-in cap. Made from waterproof, matte PU, this lightweight unisex rain jacket is an ode to nostalgia through its classic silhouette and utilitarian design details.</p>\n                                <p>- Casual unisex fit</p>\n\n                                <p>- 64% polyester, 36% polyurethane</p>\n\n                                <p>- Water column pressure: 4000 mm</p>\n\n                                <p>- Model is 187cm tall and wearing a size S / M</p>\n\n                                <p>- Unisex fit</p>\n\n                                <p>- Drawstring hood with built-in cap</p>\n\n                                <p>- Front placket with snap buttons</p>\n\n                                <p>- Ventilation under armpit</p>\n\n                                <p>- Adjustable cuffs</p>\n\n                                <p>- Double welted front pockets</p>\n\n                                <p>- Adjustable elastic string at hempen</p>\n\n                                <p>- Ultrasonically welded seams</p>\n\n                                <p>This is a unisex item, please check our clothing &amp; footwear sizing guide for specific Rains jacket sizing information. RAINS comes from the rainy nation of Denmark at the edge of the European continent, close to the ocean and with prevailing westerly winds; all factors that contribute to an average of 121 rain days each year. Arising from these rainy weather conditions comes the attitude that a quick rain shower may be beautiful, as well as moody- but first and foremost requires the right outfit. Rains focus on the whole experience of going outside on rainy days, issuing an invitation to explore even in the most mercurial weather.</p>','published','[\"products\\/product-41.jpg\",\"products\\/product-80.jpg\",\"products\\/product-12.jpg\",\"products\\/product-25.jpg\",\"products\\/product-28.jpg\"]',NULL,'NC-138-A0',0,16,0,1,'in_stock',1,4,0,0,379,NULL,NULL,NULL,18,16,12,764,NULL,74738,'2025-08-02 02:15:44','2025-08-02 02:15:47',0,'Botble\\ACL\\Models\\User',NULL,'physical',NULL,NULL,0,'auto_generate',0,0,0,1),(36,'Taylors of Harrogate Yorkshire Coffee','<p>Short Hooded Coat features a straight body, large pockets with button flaps, ventilation air holes, and a string detail along the hemline.</p>','<p>Short Hooded Coat features a straight body, large pockets with button flaps, ventilation air holes, and a string detail along the hemline. The style is completed with a drawstring hood, featuring Rains’ signature built-in cap. Made from waterproof, matte PU, this lightweight unisex rain jacket is an ode to nostalgia through its classic silhouette and utilitarian design details.</p>\n                                <p>- Casual unisex fit</p>\n\n                                <p>- 64% polyester, 36% polyurethane</p>\n\n                                <p>- Water column pressure: 4000 mm</p>\n\n                                <p>- Model is 187cm tall and wearing a size S / M</p>\n\n                                <p>- Unisex fit</p>\n\n                                <p>- Drawstring hood with built-in cap</p>\n\n                                <p>- Front placket with snap buttons</p>\n\n                                <p>- Ventilation under armpit</p>\n\n                                <p>- Adjustable cuffs</p>\n\n                                <p>- Double welted front pockets</p>\n\n                                <p>- Adjustable elastic string at hempen</p>\n\n                                <p>- Ultrasonically welded seams</p>\n\n                                <p>This is a unisex item, please check our clothing &amp; footwear sizing guide for specific Rains jacket sizing information. RAINS comes from the rainy nation of Denmark at the edge of the European continent, close to the ocean and with prevailing westerly winds; all factors that contribute to an average of 121 rain days each year. Arising from these rainy weather conditions comes the attitude that a quick rain shower may be beautiful, as well as moody- but first and foremost requires the right outfit. Rains focus on the whole experience of going outside on rainy days, issuing an invitation to explore even in the most mercurial weather.</p>','published','[\"products\\/product-50.jpg\",\"products\\/product-41.jpg\",\"products\\/product-30.jpg\",\"products\\/product-67.jpg\",\"products\\/product-49.jpg\",\"products\\/product-70.jpg\",\"products\\/product-85.jpg\",\"products\\/product-7.jpg\"]',NULL,'NC-185-A0',0,18,0,1,'in_stock',1,4,0,0,421,370.48,NULL,NULL,14,17,13,639,NULL,35766,'2025-08-02 02:15:44','2025-08-02 02:15:47',0,'Botble\\ACL\\Models\\User',NULL,'physical',NULL,NULL,0,'auto_generate',0,0,0,2),(37,'Soft Mochi &amp; Galeto Ice Cream','<p>Short Hooded Coat features a straight body, large pockets with button flaps, ventilation air holes, and a string detail along the hemline.</p>','<p>Short Hooded Coat features a straight body, large pockets with button flaps, ventilation air holes, and a string detail along the hemline. The style is completed with a drawstring hood, featuring Rains’ signature built-in cap. Made from waterproof, matte PU, this lightweight unisex rain jacket is an ode to nostalgia through its classic silhouette and utilitarian design details.</p>\n                                <p>- Casual unisex fit</p>\n\n                                <p>- 64% polyester, 36% polyurethane</p>\n\n                                <p>- Water column pressure: 4000 mm</p>\n\n                                <p>- Model is 187cm tall and wearing a size S / M</p>\n\n                                <p>- Unisex fit</p>\n\n                                <p>- Drawstring hood with built-in cap</p>\n\n                                <p>- Front placket with snap buttons</p>\n\n                                <p>- Ventilation under armpit</p>\n\n                                <p>- Adjustable cuffs</p>\n\n                                <p>- Double welted front pockets</p>\n\n                                <p>- Adjustable elastic string at hempen</p>\n\n                                <p>- Ultrasonically welded seams</p>\n\n                                <p>This is a unisex item, please check our clothing &amp; footwear sizing guide for specific Rains jacket sizing information. RAINS comes from the rainy nation of Denmark at the edge of the European continent, close to the ocean and with prevailing westerly winds; all factors that contribute to an average of 121 rain days each year. Arising from these rainy weather conditions comes the attitude that a quick rain shower may be beautiful, as well as moody- but first and foremost requires the right outfit. Rains focus on the whole experience of going outside on rainy days, issuing an invitation to explore even in the most mercurial weather.</p>','published','[\"products\\/product-5.jpg\",\"products\\/product-92.jpg\",\"products\\/product-44.jpg\",\"products\\/product-63.jpg\",\"products\\/product-78.jpg\"]',NULL,'NC-156-A0',0,20,0,1,'in_stock',1,1,0,0,378,NULL,NULL,NULL,19,10,11,635,NULL,70279,'2025-08-02 02:15:44','2025-08-02 02:15:47',0,'Botble\\ACL\\Models\\User',NULL,'digital',NULL,NULL,0,'auto_generate',0,0,0,2),(38,'Naked Noodle Egg Noodles Singapore','<p>Short Hooded Coat features a straight body, large pockets with button flaps, ventilation air holes, and a string detail along the hemline.</p>','<p>Short Hooded Coat features a straight body, large pockets with button flaps, ventilation air holes, and a string detail along the hemline. The style is completed with a drawstring hood, featuring Rains’ signature built-in cap. Made from waterproof, matte PU, this lightweight unisex rain jacket is an ode to nostalgia through its classic silhouette and utilitarian design details.</p>\n                                <p>- Casual unisex fit</p>\n\n                                <p>- 64% polyester, 36% polyurethane</p>\n\n                                <p>- Water column pressure: 4000 mm</p>\n\n                                <p>- Model is 187cm tall and wearing a size S / M</p>\n\n                                <p>- Unisex fit</p>\n\n                                <p>- Drawstring hood with built-in cap</p>\n\n                                <p>- Front placket with snap buttons</p>\n\n                                <p>- Ventilation under armpit</p>\n\n                                <p>- Adjustable cuffs</p>\n\n                                <p>- Double welted front pockets</p>\n\n                                <p>- Adjustable elastic string at hempen</p>\n\n                                <p>- Ultrasonically welded seams</p>\n\n                                <p>This is a unisex item, please check our clothing &amp; footwear sizing guide for specific Rains jacket sizing information. RAINS comes from the rainy nation of Denmark at the edge of the European continent, close to the ocean and with prevailing westerly winds; all factors that contribute to an average of 121 rain days each year. Arising from these rainy weather conditions comes the attitude that a quick rain shower may be beautiful, as well as moody- but first and foremost requires the right outfit. Rains focus on the whole experience of going outside on rainy days, issuing an invitation to explore even in the most mercurial weather.</p>','published','[\"products\\/product-6.jpg\",\"products\\/product-69.jpg\",\"products\\/product-55.jpg\",\"products\\/product-18.jpg\",\"products\\/product-76.jpg\",\"products\\/product-38.jpg\",\"products\\/product-34.jpg\",\"products\\/product-86.jpg\",\"products\\/product-56.jpg\"]',NULL,'NC-111-A0',0,10,0,1,'in_stock',1,7,0,0,302,NULL,NULL,NULL,15,13,11,769,NULL,100370,'2025-08-02 02:15:44','2025-08-02 02:15:47',0,'Botble\\ACL\\Models\\User',NULL,'physical',NULL,NULL,0,'auto_generate',0,0,0,1),(39,'Saute Pan Silver','<p>Short Hooded Coat features a straight body, large pockets with button flaps, ventilation air holes, and a string detail along the hemline.</p>','<p>Short Hooded Coat features a straight body, large pockets with button flaps, ventilation air holes, and a string detail along the hemline. The style is completed with a drawstring hood, featuring Rains’ signature built-in cap. Made from waterproof, matte PU, this lightweight unisex rain jacket is an ode to nostalgia through its classic silhouette and utilitarian design details.</p>\n                                <p>- Casual unisex fit</p>\n\n                                <p>- 64% polyester, 36% polyurethane</p>\n\n                                <p>- Water column pressure: 4000 mm</p>\n\n                                <p>- Model is 187cm tall and wearing a size S / M</p>\n\n                                <p>- Unisex fit</p>\n\n                                <p>- Drawstring hood with built-in cap</p>\n\n                                <p>- Front placket with snap buttons</p>\n\n                                <p>- Ventilation under armpit</p>\n\n                                <p>- Adjustable cuffs</p>\n\n                                <p>- Double welted front pockets</p>\n\n                                <p>- Adjustable elastic string at hempen</p>\n\n                                <p>- Ultrasonically welded seams</p>\n\n                                <p>This is a unisex item, please check our clothing &amp; footwear sizing guide for specific Rains jacket sizing information. RAINS comes from the rainy nation of Denmark at the edge of the European continent, close to the ocean and with prevailing westerly winds; all factors that contribute to an average of 121 rain days each year. Arising from these rainy weather conditions comes the attitude that a quick rain shower may be beautiful, as well as moody- but first and foremost requires the right outfit. Rains focus on the whole experience of going outside on rainy days, issuing an invitation to explore even in the most mercurial weather.</p>','published','[\"products\\/product-69.jpg\",\"products\\/product-71.jpg\",\"products\\/product-70.jpg\",\"products\\/product-41.jpg\",\"products\\/product-59.jpg\",\"products\\/product-38.jpg\",\"products\\/product-20.jpg\",\"products\\/product-22.jpg\"]',NULL,'NC-140-A0',0,11,0,1,'in_stock',1,5,0,0,279,NULL,NULL,NULL,19,18,11,557,NULL,29726,'2025-08-02 02:15:44','2025-08-02 02:15:47',0,'Botble\\ACL\\Models\\User',NULL,'physical',NULL,NULL,0,'auto_generate',0,0,0,2),(40,'Bar S – Classic Bun Length Franks','<p>Short Hooded Coat features a straight body, large pockets with button flaps, ventilation air holes, and a string detail along the hemline.</p>','<p>Short Hooded Coat features a straight body, large pockets with button flaps, ventilation air holes, and a string detail along the hemline. The style is completed with a drawstring hood, featuring Rains’ signature built-in cap. Made from waterproof, matte PU, this lightweight unisex rain jacket is an ode to nostalgia through its classic silhouette and utilitarian design details.</p>\n                                <p>- Casual unisex fit</p>\n\n                                <p>- 64% polyester, 36% polyurethane</p>\n\n                                <p>- Water column pressure: 4000 mm</p>\n\n                                <p>- Model is 187cm tall and wearing a size S / M</p>\n\n                                <p>- Unisex fit</p>\n\n                                <p>- Drawstring hood with built-in cap</p>\n\n                                <p>- Front placket with snap buttons</p>\n\n                                <p>- Ventilation under armpit</p>\n\n                                <p>- Adjustable cuffs</p>\n\n                                <p>- Double welted front pockets</p>\n\n                                <p>- Adjustable elastic string at hempen</p>\n\n                                <p>- Ultrasonically welded seams</p>\n\n                                <p>This is a unisex item, please check our clothing &amp; footwear sizing guide for specific Rains jacket sizing information. RAINS comes from the rainy nation of Denmark at the edge of the European continent, close to the ocean and with prevailing westerly winds; all factors that contribute to an average of 121 rain days each year. Arising from these rainy weather conditions comes the attitude that a quick rain shower may be beautiful, as well as moody- but first and foremost requires the right outfit. Rains focus on the whole experience of going outside on rainy days, issuing an invitation to explore even in the most mercurial weather.</p>','published','[\"products\\/product-69.jpg\",\"products\\/product-86.jpg\",\"products\\/product-28.jpg\",\"products\\/product-31.jpg\",\"products\\/product-53.jpg\",\"products\\/product-92.jpg\",\"products\\/product-82.jpg\"]',NULL,'NC-130-A0',0,13,0,1,'in_stock',1,5,0,0,427,324.52,NULL,NULL,14,18,12,658,NULL,87820,'2025-08-02 02:15:44','2025-08-02 02:15:47',0,'Botble\\ACL\\Models\\User',NULL,'physical',NULL,NULL,0,'auto_generate',0,0,0,2),(41,'Broccoli Crowns','<p>Short Hooded Coat features a straight body, large pockets with button flaps, ventilation air holes, and a string detail along the hemline.</p>','<p>Short Hooded Coat features a straight body, large pockets with button flaps, ventilation air holes, and a string detail along the hemline. The style is completed with a drawstring hood, featuring Rains’ signature built-in cap. Made from waterproof, matte PU, this lightweight unisex rain jacket is an ode to nostalgia through its classic silhouette and utilitarian design details.</p>\n                                <p>- Casual unisex fit</p>\n\n                                <p>- 64% polyester, 36% polyurethane</p>\n\n                                <p>- Water column pressure: 4000 mm</p>\n\n                                <p>- Model is 187cm tall and wearing a size S / M</p>\n\n                                <p>- Unisex fit</p>\n\n                                <p>- Drawstring hood with built-in cap</p>\n\n                                <p>- Front placket with snap buttons</p>\n\n                                <p>- Ventilation under armpit</p>\n\n                                <p>- Adjustable cuffs</p>\n\n                                <p>- Double welted front pockets</p>\n\n                                <p>- Adjustable elastic string at hempen</p>\n\n                                <p>- Ultrasonically welded seams</p>\n\n                                <p>This is a unisex item, please check our clothing &amp; footwear sizing guide for specific Rains jacket sizing information. RAINS comes from the rainy nation of Denmark at the edge of the European continent, close to the ocean and with prevailing westerly winds; all factors that contribute to an average of 121 rain days each year. Arising from these rainy weather conditions comes the attitude that a quick rain shower may be beautiful, as well as moody- but first and foremost requires the right outfit. Rains focus on the whole experience of going outside on rainy days, issuing an invitation to explore even in the most mercurial weather.</p>','published','[\"products\\/product-58.jpg\",\"products\\/product-73.jpg\",\"products\\/product-53.jpg\",\"products\\/product-91.jpg\",\"products\\/product-89.jpg\",\"products\\/product-77.jpg\",\"products\\/product-8.jpg\",\"products\\/product-94.jpg\"]',NULL,'NC-109-A0',0,15,0,1,'in_stock',0,4,0,0,483,NULL,NULL,NULL,15,16,19,647,NULL,36044,'2025-08-02 02:15:44','2025-08-02 02:15:47',0,'Botble\\ACL\\Models\\User',NULL,'digital',NULL,NULL,0,'auto_generate',0,0,0,2),(42,'Slimming World Vegan Mac Greens','<p>Short Hooded Coat features a straight body, large pockets with button flaps, ventilation air holes, and a string detail along the hemline.</p>','<p>Short Hooded Coat features a straight body, large pockets with button flaps, ventilation air holes, and a string detail along the hemline. The style is completed with a drawstring hood, featuring Rains’ signature built-in cap. Made from waterproof, matte PU, this lightweight unisex rain jacket is an ode to nostalgia through its classic silhouette and utilitarian design details.</p>\n                                <p>- Casual unisex fit</p>\n\n                                <p>- 64% polyester, 36% polyurethane</p>\n\n                                <p>- Water column pressure: 4000 mm</p>\n\n                                <p>- Model is 187cm tall and wearing a size S / M</p>\n\n                                <p>- Unisex fit</p>\n\n                                <p>- Drawstring hood with built-in cap</p>\n\n                                <p>- Front placket with snap buttons</p>\n\n                                <p>- Ventilation under armpit</p>\n\n                                <p>- Adjustable cuffs</p>\n\n                                <p>- Double welted front pockets</p>\n\n                                <p>- Adjustable elastic string at hempen</p>\n\n                                <p>- Ultrasonically welded seams</p>\n\n                                <p>This is a unisex item, please check our clothing &amp; footwear sizing guide for specific Rains jacket sizing information. RAINS comes from the rainy nation of Denmark at the edge of the European continent, close to the ocean and with prevailing westerly winds; all factors that contribute to an average of 121 rain days each year. Arising from these rainy weather conditions comes the attitude that a quick rain shower may be beautiful, as well as moody- but first and foremost requires the right outfit. Rains focus on the whole experience of going outside on rainy days, issuing an invitation to explore even in the most mercurial weather.</p>','published','[\"products\\/product-13.jpg\",\"products\\/product-46.jpg\",\"products\\/product-68.jpg\",\"products\\/product-79.jpg\",\"products\\/product-32.jpg\",\"products\\/product-62.jpg\",\"products\\/product-70.jpg\",\"products\\/product-71.jpg\",\"products\\/product-33.jpg\",\"products\\/product-5.jpg\",\"products\\/product-91.jpg\"]',NULL,'NC-127-A0',0,18,0,1,'in_stock',1,6,0,0,312,NULL,NULL,NULL,16,17,12,783,NULL,47754,'2025-08-02 02:15:44','2025-08-02 02:15:47',0,'Botble\\ACL\\Models\\User',NULL,'physical',NULL,NULL,0,'auto_generate',0,0,0,1),(43,'Häagen-Dazs Salted Caramel','<p>Short Hooded Coat features a straight body, large pockets with button flaps, ventilation air holes, and a string detail along the hemline.</p>','<p>Short Hooded Coat features a straight body, large pockets with button flaps, ventilation air holes, and a string detail along the hemline. The style is completed with a drawstring hood, featuring Rains’ signature built-in cap. Made from waterproof, matte PU, this lightweight unisex rain jacket is an ode to nostalgia through its classic silhouette and utilitarian design details.</p>\n                                <p>- Casual unisex fit</p>\n\n                                <p>- 64% polyester, 36% polyurethane</p>\n\n                                <p>- Water column pressure: 4000 mm</p>\n\n                                <p>- Model is 187cm tall and wearing a size S / M</p>\n\n                                <p>- Unisex fit</p>\n\n                                <p>- Drawstring hood with built-in cap</p>\n\n                                <p>- Front placket with snap buttons</p>\n\n                                <p>- Ventilation under armpit</p>\n\n                                <p>- Adjustable cuffs</p>\n\n                                <p>- Double welted front pockets</p>\n\n                                <p>- Adjustable elastic string at hempen</p>\n\n                                <p>- Ultrasonically welded seams</p>\n\n                                <p>This is a unisex item, please check our clothing &amp; footwear sizing guide for specific Rains jacket sizing information. RAINS comes from the rainy nation of Denmark at the edge of the European continent, close to the ocean and with prevailing westerly winds; all factors that contribute to an average of 121 rain days each year. Arising from these rainy weather conditions comes the attitude that a quick rain shower may be beautiful, as well as moody- but first and foremost requires the right outfit. Rains focus on the whole experience of going outside on rainy days, issuing an invitation to explore even in the most mercurial weather.</p>','published','[\"products\\/product-2.jpg\",\"products\\/product-29.jpg\",\"products\\/product-59.jpg\",\"products\\/product-17.jpg\",\"products\\/product-53.jpg\",\"products\\/product-20.jpg\",\"products\\/product-7.jpg\"]',NULL,'NC-137-A0',0,15,0,1,'in_stock',0,2,0,0,491,NULL,NULL,NULL,19,17,13,816,NULL,196222,'2025-08-02 02:15:44','2025-08-02 02:15:47',0,'Botble\\ACL\\Models\\User',NULL,'physical',NULL,NULL,0,'auto_generate',0,0,0,2),(44,'Iceland 3 Solo Exotic Burst','<p>Short Hooded Coat features a straight body, large pockets with button flaps, ventilation air holes, and a string detail along the hemline.</p>','<p>Short Hooded Coat features a straight body, large pockets with button flaps, ventilation air holes, and a string detail along the hemline. The style is completed with a drawstring hood, featuring Rains’ signature built-in cap. Made from waterproof, matte PU, this lightweight unisex rain jacket is an ode to nostalgia through its classic silhouette and utilitarian design details.</p>\n                                <p>- Casual unisex fit</p>\n\n                                <p>- 64% polyester, 36% polyurethane</p>\n\n                                <p>- Water column pressure: 4000 mm</p>\n\n                                <p>- Model is 187cm tall and wearing a size S / M</p>\n\n                                <p>- Unisex fit</p>\n\n                                <p>- Drawstring hood with built-in cap</p>\n\n                                <p>- Front placket with snap buttons</p>\n\n                                <p>- Ventilation under armpit</p>\n\n                                <p>- Adjustable cuffs</p>\n\n                                <p>- Double welted front pockets</p>\n\n                                <p>- Adjustable elastic string at hempen</p>\n\n                                <p>- Ultrasonically welded seams</p>\n\n                                <p>This is a unisex item, please check our clothing &amp; footwear sizing guide for specific Rains jacket sizing information. RAINS comes from the rainy nation of Denmark at the edge of the European continent, close to the ocean and with prevailing westerly winds; all factors that contribute to an average of 121 rain days each year. Arising from these rainy weather conditions comes the attitude that a quick rain shower may be beautiful, as well as moody- but first and foremost requires the right outfit. Rains focus on the whole experience of going outside on rainy days, issuing an invitation to explore even in the most mercurial weather.</p>','published','[\"products\\/product-31.jpg\",\"products\\/product-35.jpg\",\"products\\/product-84.jpg\",\"products\\/product-28.jpg\",\"products\\/product-65.jpg\",\"products\\/product-69.jpg\",\"products\\/product-7.jpg\",\"products\\/product-50.jpg\",\"products\\/product-47.jpg\",\"products\\/product-57.jpg\",\"products\\/product-58.jpg\"]',NULL,'NC-186-A0',0,20,0,1,'in_stock',1,1,0,0,458,380.14,NULL,NULL,17,11,18,702,NULL,12036,'2025-08-02 02:15:44','2025-08-02 02:15:47',0,'Botble\\ACL\\Models\\User',NULL,'physical',NULL,NULL,0,'auto_generate',0,0,0,1),(45,'Extreme Budweiser Light Can','<p>Short Hooded Coat features a straight body, large pockets with button flaps, ventilation air holes, and a string detail along the hemline.</p>','<p>Short Hooded Coat features a straight body, large pockets with button flaps, ventilation air holes, and a string detail along the hemline. The style is completed with a drawstring hood, featuring Rains’ signature built-in cap. Made from waterproof, matte PU, this lightweight unisex rain jacket is an ode to nostalgia through its classic silhouette and utilitarian design details.</p>\n                                <p>- Casual unisex fit</p>\n\n                                <p>- 64% polyester, 36% polyurethane</p>\n\n                                <p>- Water column pressure: 4000 mm</p>\n\n                                <p>- Model is 187cm tall and wearing a size S / M</p>\n\n                                <p>- Unisex fit</p>\n\n                                <p>- Drawstring hood with built-in cap</p>\n\n                                <p>- Front placket with snap buttons</p>\n\n                                <p>- Ventilation under armpit</p>\n\n                                <p>- Adjustable cuffs</p>\n\n                                <p>- Double welted front pockets</p>\n\n                                <p>- Adjustable elastic string at hempen</p>\n\n                                <p>- Ultrasonically welded seams</p>\n\n                                <p>This is a unisex item, please check our clothing &amp; footwear sizing guide for specific Rains jacket sizing information. RAINS comes from the rainy nation of Denmark at the edge of the European continent, close to the ocean and with prevailing westerly winds; all factors that contribute to an average of 121 rain days each year. Arising from these rainy weather conditions comes the attitude that a quick rain shower may be beautiful, as well as moody- but first and foremost requires the right outfit. Rains focus on the whole experience of going outside on rainy days, issuing an invitation to explore even in the most mercurial weather.</p>','published','[\"products\\/product-17.jpg\",\"products\\/product-28.jpg\",\"products\\/product-19.jpg\",\"products\\/product-23.jpg\",\"products\\/product-48.jpg\",\"products\\/product-82.jpg\",\"products\\/product-44.jpg\",\"products\\/product-1.jpg\",\"products\\/product-6.jpg\",\"products\\/product-2.jpg\",\"products\\/product-77.jpg\",\"products\\/product-49.jpg\"]',NULL,'NC-106-A0',0,13,0,1,'in_stock',1,2,0,0,297,NULL,NULL,NULL,18,17,15,762,NULL,138286,'2025-08-02 02:15:44','2025-08-02 02:15:47',0,'Botble\\ACL\\Models\\User',NULL,'digital',NULL,NULL,0,'auto_generate',0,0,0,2),(46,'Iceland Macaroni Cheese Traybake','<p>Short Hooded Coat features a straight body, large pockets with button flaps, ventilation air holes, and a string detail along the hemline.</p>','<p>Short Hooded Coat features a straight body, large pockets with button flaps, ventilation air holes, and a string detail along the hemline. The style is completed with a drawstring hood, featuring Rains’ signature built-in cap. Made from waterproof, matte PU, this lightweight unisex rain jacket is an ode to nostalgia through its classic silhouette and utilitarian design details.</p>\n                                <p>- Casual unisex fit</p>\n\n                                <p>- 64% polyester, 36% polyurethane</p>\n\n                                <p>- Water column pressure: 4000 mm</p>\n\n                                <p>- Model is 187cm tall and wearing a size S / M</p>\n\n                                <p>- Unisex fit</p>\n\n                                <p>- Drawstring hood with built-in cap</p>\n\n                                <p>- Front placket with snap buttons</p>\n\n                                <p>- Ventilation under armpit</p>\n\n                                <p>- Adjustable cuffs</p>\n\n                                <p>- Double welted front pockets</p>\n\n                                <p>- Adjustable elastic string at hempen</p>\n\n                                <p>- Ultrasonically welded seams</p>\n\n                                <p>This is a unisex item, please check our clothing &amp; footwear sizing guide for specific Rains jacket sizing information. RAINS comes from the rainy nation of Denmark at the edge of the European continent, close to the ocean and with prevailing westerly winds; all factors that contribute to an average of 121 rain days each year. Arising from these rainy weather conditions comes the attitude that a quick rain shower may be beautiful, as well as moody- but first and foremost requires the right outfit. Rains focus on the whole experience of going outside on rainy days, issuing an invitation to explore even in the most mercurial weather.</p>','published','[\"products\\/product-25.jpg\",\"products\\/product-24.jpg\",\"products\\/product-42.jpg\",\"products\\/product-82.jpg\",\"products\\/product-34.jpg\",\"products\\/product-58.jpg\",\"products\\/product-49.jpg\",\"products\\/product-64.jpg\"]',NULL,'NC-105-A0',0,18,0,1,'in_stock',1,5,0,0,346,NULL,NULL,NULL,14,20,13,682,NULL,80239,'2025-08-02 02:15:44','2025-08-02 02:15:47',0,'Botble\\ACL\\Models\\User',NULL,'physical',NULL,NULL,0,'auto_generate',0,0,0,1),(47,'Dolmio Bolognese Pasta Sauce','<p>Short Hooded Coat features a straight body, large pockets with button flaps, ventilation air holes, and a string detail along the hemline.</p>','<p>Short Hooded Coat features a straight body, large pockets with button flaps, ventilation air holes, and a string detail along the hemline. The style is completed with a drawstring hood, featuring Rains’ signature built-in cap. Made from waterproof, matte PU, this lightweight unisex rain jacket is an ode to nostalgia through its classic silhouette and utilitarian design details.</p>\n                                <p>- Casual unisex fit</p>\n\n                                <p>- 64% polyester, 36% polyurethane</p>\n\n                                <p>- Water column pressure: 4000 mm</p>\n\n                                <p>- Model is 187cm tall and wearing a size S / M</p>\n\n                                <p>- Unisex fit</p>\n\n                                <p>- Drawstring hood with built-in cap</p>\n\n                                <p>- Front placket with snap buttons</p>\n\n                                <p>- Ventilation under armpit</p>\n\n                                <p>- Adjustable cuffs</p>\n\n                                <p>- Double welted front pockets</p>\n\n                                <p>- Adjustable elastic string at hempen</p>\n\n                                <p>- Ultrasonically welded seams</p>\n\n                                <p>This is a unisex item, please check our clothing &amp; footwear sizing guide for specific Rains jacket sizing information. RAINS comes from the rainy nation of Denmark at the edge of the European continent, close to the ocean and with prevailing westerly winds; all factors that contribute to an average of 121 rain days each year. Arising from these rainy weather conditions comes the attitude that a quick rain shower may be beautiful, as well as moody- but first and foremost requires the right outfit. Rains focus on the whole experience of going outside on rainy days, issuing an invitation to explore even in the most mercurial weather.</p>','published','[\"products\\/product-67.jpg\",\"products\\/product-22.jpg\",\"products\\/product-47.jpg\",\"products\\/product-8.jpg\",\"products\\/product-57.jpg\",\"products\\/product-4.jpg\",\"products\\/product-18.jpg\",\"products\\/product-2.jpg\",\"products\\/product-49.jpg\",\"products\\/product-11.jpg\",\"products\\/product-95.jpg\",\"products\\/product-36.jpg\"]',NULL,'NC-156-A0',0,14,0,1,'in_stock',1,3,0,0,319,NULL,NULL,NULL,10,15,13,539,NULL,111337,'2025-08-02 02:15:44','2025-08-02 02:15:47',0,'Botble\\ACL\\Models\\User',NULL,'physical',NULL,NULL,0,'auto_generate',0,0,0,2),(48,'Sitema BakeIT Plastic Box','<p>Short Hooded Coat features a straight body, large pockets with button flaps, ventilation air holes, and a string detail along the hemline.</p>','<p>Short Hooded Coat features a straight body, large pockets with button flaps, ventilation air holes, and a string detail along the hemline. The style is completed with a drawstring hood, featuring Rains’ signature built-in cap. Made from waterproof, matte PU, this lightweight unisex rain jacket is an ode to nostalgia through its classic silhouette and utilitarian design details.</p>\n                                <p>- Casual unisex fit</p>\n\n                                <p>- 64% polyester, 36% polyurethane</p>\n\n                                <p>- Water column pressure: 4000 mm</p>\n\n                                <p>- Model is 187cm tall and wearing a size S / M</p>\n\n                                <p>- Unisex fit</p>\n\n                                <p>- Drawstring hood with built-in cap</p>\n\n                                <p>- Front placket with snap buttons</p>\n\n                                <p>- Ventilation under armpit</p>\n\n                                <p>- Adjustable cuffs</p>\n\n                                <p>- Double welted front pockets</p>\n\n                                <p>- Adjustable elastic string at hempen</p>\n\n                                <p>- Ultrasonically welded seams</p>\n\n                                <p>This is a unisex item, please check our clothing &amp; footwear sizing guide for specific Rains jacket sizing information. RAINS comes from the rainy nation of Denmark at the edge of the European continent, close to the ocean and with prevailing westerly winds; all factors that contribute to an average of 121 rain days each year. Arising from these rainy weather conditions comes the attitude that a quick rain shower may be beautiful, as well as moody- but first and foremost requires the right outfit. Rains focus on the whole experience of going outside on rainy days, issuing an invitation to explore even in the most mercurial weather.</p>','published','[\"products\\/product-91.jpg\",\"products\\/product-84.jpg\",\"products\\/product-23.jpg\",\"products\\/product-90.jpg\",\"products\\/product-50.jpg\",\"products\\/product-82.jpg\",\"products\\/product-60.jpg\",\"products\\/product-41.jpg\",\"products\\/product-10.jpg\",\"products\\/product-14.jpg\"]',NULL,'NC-139-A0',0,10,0,1,'in_stock',1,2,0,0,266,196.84,NULL,NULL,18,14,11,884,NULL,125985,'2025-08-02 02:15:44','2025-08-02 02:15:47',0,'Botble\\ACL\\Models\\User',NULL,'physical',NULL,NULL,0,'auto_generate',0,0,0,2),(49,'Wayfair Basics Dinner Plate Storage','<p>Short Hooded Coat features a straight body, large pockets with button flaps, ventilation air holes, and a string detail along the hemline.</p>','<p>Short Hooded Coat features a straight body, large pockets with button flaps, ventilation air holes, and a string detail along the hemline. The style is completed with a drawstring hood, featuring Rains’ signature built-in cap. Made from waterproof, matte PU, this lightweight unisex rain jacket is an ode to nostalgia through its classic silhouette and utilitarian design details.</p>\n                                <p>- Casual unisex fit</p>\n\n                                <p>- 64% polyester, 36% polyurethane</p>\n\n                                <p>- Water column pressure: 4000 mm</p>\n\n                                <p>- Model is 187cm tall and wearing a size S / M</p>\n\n                                <p>- Unisex fit</p>\n\n                                <p>- Drawstring hood with built-in cap</p>\n\n                                <p>- Front placket with snap buttons</p>\n\n                                <p>- Ventilation under armpit</p>\n\n                                <p>- Adjustable cuffs</p>\n\n                                <p>- Double welted front pockets</p>\n\n                                <p>- Adjustable elastic string at hempen</p>\n\n                                <p>- Ultrasonically welded seams</p>\n\n                                <p>This is a unisex item, please check our clothing &amp; footwear sizing guide for specific Rains jacket sizing information. RAINS comes from the rainy nation of Denmark at the edge of the European continent, close to the ocean and with prevailing westerly winds; all factors that contribute to an average of 121 rain days each year. Arising from these rainy weather conditions comes the attitude that a quick rain shower may be beautiful, as well as moody- but first and foremost requires the right outfit. Rains focus on the whole experience of going outside on rainy days, issuing an invitation to explore even in the most mercurial weather.</p>','published','[\"products\\/product-27.jpg\",\"products\\/product-83.jpg\",\"products\\/product-52.jpg\",\"products\\/product-14.jpg\",\"products\\/product-78.jpg\",\"products\\/product-23.jpg\",\"products\\/product-34.jpg\",\"products\\/product-29.jpg\"]',NULL,'NC-137-A0',0,11,0,1,'in_stock',1,2,0,0,435,NULL,NULL,NULL,11,15,17,753,NULL,150066,'2025-08-02 02:15:44','2025-08-02 02:15:47',0,'Botble\\ACL\\Models\\User',NULL,'digital',NULL,NULL,0,'auto_generate',0,0,0,1),(50,'Miko The Panda Water Bottle','<p>Short Hooded Coat features a straight body, large pockets with button flaps, ventilation air holes, and a string detail along the hemline.</p>','<p>Short Hooded Coat features a straight body, large pockets with button flaps, ventilation air holes, and a string detail along the hemline. The style is completed with a drawstring hood, featuring Rains’ signature built-in cap. Made from waterproof, matte PU, this lightweight unisex rain jacket is an ode to nostalgia through its classic silhouette and utilitarian design details.</p>\n                                <p>- Casual unisex fit</p>\n\n                                <p>- 64% polyester, 36% polyurethane</p>\n\n                                <p>- Water column pressure: 4000 mm</p>\n\n                                <p>- Model is 187cm tall and wearing a size S / M</p>\n\n                                <p>- Unisex fit</p>\n\n                                <p>- Drawstring hood with built-in cap</p>\n\n                                <p>- Front placket with snap buttons</p>\n\n                                <p>- Ventilation under armpit</p>\n\n                                <p>- Adjustable cuffs</p>\n\n                                <p>- Double welted front pockets</p>\n\n                                <p>- Adjustable elastic string at hempen</p>\n\n                                <p>- Ultrasonically welded seams</p>\n\n                                <p>This is a unisex item, please check our clothing &amp; footwear sizing guide for specific Rains jacket sizing information. RAINS comes from the rainy nation of Denmark at the edge of the European continent, close to the ocean and with prevailing westerly winds; all factors that contribute to an average of 121 rain days each year. Arising from these rainy weather conditions comes the attitude that a quick rain shower may be beautiful, as well as moody- but first and foremost requires the right outfit. Rains focus on the whole experience of going outside on rainy days, issuing an invitation to explore even in the most mercurial weather.</p>','published','[\"products\\/product-18.jpg\",\"products\\/product-24.jpg\",\"products\\/product-56.jpg\",\"products\\/product-95.jpg\",\"products\\/product-68.jpg\",\"products\\/product-17.jpg\",\"products\\/product-7.jpg\",\"products\\/product-77.jpg\"]',NULL,'NC-173-A0',0,12,0,1,'in_stock',0,7,0,0,263,NULL,NULL,NULL,17,16,11,800,NULL,31967,'2025-08-02 02:15:44','2025-08-02 02:15:47',0,'Botble\\ACL\\Models\\User',NULL,'physical',NULL,NULL,0,'auto_generate',0,0,0,2),(51,'Sesame Seed Bread','<p>Short Hooded Coat features a straight body, large pockets with button flaps, ventilation air holes, and a string detail along the hemline.</p>','<p>Short Hooded Coat features a straight body, large pockets with button flaps, ventilation air holes, and a string detail along the hemline. The style is completed with a drawstring hood, featuring Rains’ signature built-in cap. Made from waterproof, matte PU, this lightweight unisex rain jacket is an ode to nostalgia through its classic silhouette and utilitarian design details.</p>\n                                <p>- Casual unisex fit</p>\n\n                                <p>- 64% polyester, 36% polyurethane</p>\n\n                                <p>- Water column pressure: 4000 mm</p>\n\n                                <p>- Model is 187cm tall and wearing a size S / M</p>\n\n                                <p>- Unisex fit</p>\n\n                                <p>- Drawstring hood with built-in cap</p>\n\n                                <p>- Front placket with snap buttons</p>\n\n                                <p>- Ventilation under armpit</p>\n\n                                <p>- Adjustable cuffs</p>\n\n                                <p>- Double welted front pockets</p>\n\n                                <p>- Adjustable elastic string at hempen</p>\n\n                                <p>- Ultrasonically welded seams</p>\n\n                                <p>This is a unisex item, please check our clothing &amp; footwear sizing guide for specific Rains jacket sizing information. RAINS comes from the rainy nation of Denmark at the edge of the European continent, close to the ocean and with prevailing westerly winds; all factors that contribute to an average of 121 rain days each year. Arising from these rainy weather conditions comes the attitude that a quick rain shower may be beautiful, as well as moody- but first and foremost requires the right outfit. Rains focus on the whole experience of going outside on rainy days, issuing an invitation to explore even in the most mercurial weather.</p>','published','[\"products\\/product-11.jpg\",\"products\\/product-21.jpg\",\"products\\/product-53.jpg\",\"products\\/product-81.jpg\",\"products\\/product-74.jpg\",\"products\\/product-10.jpg\",\"products\\/product-90.jpg\",\"products\\/product-36.jpg\",\"products\\/product-83.jpg\",\"products\\/product-87.jpg\",\"products\\/product-34.jpg\"]',NULL,'NC-122-A0',0,10,0,1,'in_stock',1,3,0,0,325,NULL,NULL,NULL,10,12,20,754,NULL,197409,'2025-08-02 02:15:44','2025-08-02 02:15:47',0,'Botble\\ACL\\Models\\User',NULL,'physical',NULL,NULL,0,'auto_generate',0,0,0,1),(52,'Morrisons The Best Beef','<p>Short Hooded Coat features a straight body, large pockets with button flaps, ventilation air holes, and a string detail along the hemline.</p>','<p>Short Hooded Coat features a straight body, large pockets with button flaps, ventilation air holes, and a string detail along the hemline. The style is completed with a drawstring hood, featuring Rains’ signature built-in cap. Made from waterproof, matte PU, this lightweight unisex rain jacket is an ode to nostalgia through its classic silhouette and utilitarian design details.</p>\n                                <p>- Casual unisex fit</p>\n\n                                <p>- 64% polyester, 36% polyurethane</p>\n\n                                <p>- Water column pressure: 4000 mm</p>\n\n                                <p>- Model is 187cm tall and wearing a size S / M</p>\n\n                                <p>- Unisex fit</p>\n\n                                <p>- Drawstring hood with built-in cap</p>\n\n                                <p>- Front placket with snap buttons</p>\n\n                                <p>- Ventilation under armpit</p>\n\n                                <p>- Adjustable cuffs</p>\n\n                                <p>- Double welted front pockets</p>\n\n                                <p>- Adjustable elastic string at hempen</p>\n\n                                <p>- Ultrasonically welded seams</p>\n\n                                <p>This is a unisex item, please check our clothing &amp; footwear sizing guide for specific Rains jacket sizing information. RAINS comes from the rainy nation of Denmark at the edge of the European continent, close to the ocean and with prevailing westerly winds; all factors that contribute to an average of 121 rain days each year. Arising from these rainy weather conditions comes the attitude that a quick rain shower may be beautiful, as well as moody- but first and foremost requires the right outfit. Rains focus on the whole experience of going outside on rainy days, issuing an invitation to explore even in the most mercurial weather.</p>','published','[\"products\\/product-17.jpg\",\"products\\/product-1.jpg\",\"products\\/product-74.jpg\",\"products\\/product-46.jpg\",\"products\\/product-41.jpg\",\"products\\/product-5.jpg\",\"products\\/product-33.jpg\",\"products\\/product-94.jpg\",\"products\\/product-70.jpg\",\"products\\/product-19.jpg\"]',NULL,'NC-127-A0',0,16,0,1,'in_stock',1,5,0,0,356,320.4,NULL,NULL,16,17,20,606,NULL,44834,'2025-08-02 02:15:44','2025-08-02 02:15:47',0,'Botble\\ACL\\Models\\User',NULL,'physical',NULL,NULL,0,'auto_generate',0,0,0,1),(53,'Avocado, Hass Large','<p>Short Hooded Coat features a straight body, large pockets with button flaps, ventilation air holes, and a string detail along the hemline.</p>','<p>Short Hooded Coat features a straight body, large pockets with button flaps, ventilation air holes, and a string detail along the hemline. The style is completed with a drawstring hood, featuring Rains’ signature built-in cap. Made from waterproof, matte PU, this lightweight unisex rain jacket is an ode to nostalgia through its classic silhouette and utilitarian design details.</p>\n                                <p>- Casual unisex fit</p>\n\n                                <p>- 64% polyester, 36% polyurethane</p>\n\n                                <p>- Water column pressure: 4000 mm</p>\n\n                                <p>- Model is 187cm tall and wearing a size S / M</p>\n\n                                <p>- Unisex fit</p>\n\n                                <p>- Drawstring hood with built-in cap</p>\n\n                                <p>- Front placket with snap buttons</p>\n\n                                <p>- Ventilation under armpit</p>\n\n                                <p>- Adjustable cuffs</p>\n\n                                <p>- Double welted front pockets</p>\n\n                                <p>- Adjustable elastic string at hempen</p>\n\n                                <p>- Ultrasonically welded seams</p>\n\n                                <p>This is a unisex item, please check our clothing &amp; footwear sizing guide for specific Rains jacket sizing information. RAINS comes from the rainy nation of Denmark at the edge of the European continent, close to the ocean and with prevailing westerly winds; all factors that contribute to an average of 121 rain days each year. Arising from these rainy weather conditions comes the attitude that a quick rain shower may be beautiful, as well as moody- but first and foremost requires the right outfit. Rains focus on the whole experience of going outside on rainy days, issuing an invitation to explore even in the most mercurial weather.</p>','published','[\"products\\/product-24.jpg\",\"products\\/product-81.jpg\",\"products\\/product-77.jpg\",\"products\\/product-92.jpg\",\"products\\/product-68.jpg\",\"products\\/product-80.jpg\",\"products\\/product-3.jpg\",\"products\\/product-55.jpg\",\"products\\/product-27.jpg\",\"products\\/product-36.jpg\",\"products\\/product-70.jpg\",\"products\\/product-75.jpg\"]',NULL,'NC-195-A0',0,19,0,1,'in_stock',1,4,0,0,239,NULL,NULL,NULL,14,16,18,631,NULL,99844,'2025-08-02 02:15:44','2025-08-02 02:15:47',0,'Botble\\ACL\\Models\\User',NULL,'digital',NULL,NULL,0,'auto_generate',0,0,0,1),(54,'Italia Beef Lasagne','<p>Short Hooded Coat features a straight body, large pockets with button flaps, ventilation air holes, and a string detail along the hemline.</p>','<p>Short Hooded Coat features a straight body, large pockets with button flaps, ventilation air holes, and a string detail along the hemline. The style is completed with a drawstring hood, featuring Rains’ signature built-in cap. Made from waterproof, matte PU, this lightweight unisex rain jacket is an ode to nostalgia through its classic silhouette and utilitarian design details.</p>\n                                <p>- Casual unisex fit</p>\n\n                                <p>- 64% polyester, 36% polyurethane</p>\n\n                                <p>- Water column pressure: 4000 mm</p>\n\n                                <p>- Model is 187cm tall and wearing a size S / M</p>\n\n                                <p>- Unisex fit</p>\n\n                                <p>- Drawstring hood with built-in cap</p>\n\n                                <p>- Front placket with snap buttons</p>\n\n                                <p>- Ventilation under armpit</p>\n\n                                <p>- Adjustable cuffs</p>\n\n                                <p>- Double welted front pockets</p>\n\n                                <p>- Adjustable elastic string at hempen</p>\n\n                                <p>- Ultrasonically welded seams</p>\n\n                                <p>This is a unisex item, please check our clothing &amp; footwear sizing guide for specific Rains jacket sizing information. RAINS comes from the rainy nation of Denmark at the edge of the European continent, close to the ocean and with prevailing westerly winds; all factors that contribute to an average of 121 rain days each year. Arising from these rainy weather conditions comes the attitude that a quick rain shower may be beautiful, as well as moody- but first and foremost requires the right outfit. Rains focus on the whole experience of going outside on rainy days, issuing an invitation to explore even in the most mercurial weather.</p>','published','[\"products\\/product-49.jpg\",\"products\\/product-27.jpg\",\"products\\/product-53.jpg\",\"products\\/product-38.jpg\",\"products\\/product-2.jpg\",\"products\\/product-64.jpg\",\"products\\/product-20.jpg\",\"products\\/product-56.jpg\",\"products\\/product-12.jpg\",\"products\\/product-59.jpg\",\"products\\/product-93.jpg\"]',NULL,'NC-178-A0',0,11,0,1,'in_stock',0,2,0,0,405,NULL,NULL,NULL,10,18,20,827,NULL,1605,'2025-08-02 02:15:44','2025-08-02 02:15:47',0,'Botble\\ACL\\Models\\User',NULL,'physical',NULL,NULL,0,'auto_generate',0,0,0,2),(55,'Maxwell House Classic Roast Mocha','<p>Short Hooded Coat features a straight body, large pockets with button flaps, ventilation air holes, and a string detail along the hemline.</p>','<p>Short Hooded Coat features a straight body, large pockets with button flaps, ventilation air holes, and a string detail along the hemline. The style is completed with a drawstring hood, featuring Rains’ signature built-in cap. Made from waterproof, matte PU, this lightweight unisex rain jacket is an ode to nostalgia through its classic silhouette and utilitarian design details.</p>\n                                <p>- Casual unisex fit</p>\n\n                                <p>- 64% polyester, 36% polyurethane</p>\n\n                                <p>- Water column pressure: 4000 mm</p>\n\n                                <p>- Model is 187cm tall and wearing a size S / M</p>\n\n                                <p>- Unisex fit</p>\n\n                                <p>- Drawstring hood with built-in cap</p>\n\n                                <p>- Front placket with snap buttons</p>\n\n                                <p>- Ventilation under armpit</p>\n\n                                <p>- Adjustable cuffs</p>\n\n                                <p>- Double welted front pockets</p>\n\n                                <p>- Adjustable elastic string at hempen</p>\n\n                                <p>- Ultrasonically welded seams</p>\n\n                                <p>This is a unisex item, please check our clothing &amp; footwear sizing guide for specific Rains jacket sizing information. RAINS comes from the rainy nation of Denmark at the edge of the European continent, close to the ocean and with prevailing westerly winds; all factors that contribute to an average of 121 rain days each year. Arising from these rainy weather conditions comes the attitude that a quick rain shower may be beautiful, as well as moody- but first and foremost requires the right outfit. Rains focus on the whole experience of going outside on rainy days, issuing an invitation to explore even in the most mercurial weather.</p>','published','[\"products\\/product-28.jpg\",\"products\\/product-70.jpg\",\"products\\/product-83.jpg\",\"products\\/product-2.jpg\",\"products\\/product-44.jpg\"]',NULL,'NC-113-A0',0,19,0,1,'in_stock',0,7,0,0,319,NULL,NULL,NULL,14,18,17,795,NULL,146037,'2025-08-02 02:15:44','2025-08-02 02:15:47',0,'Botble\\ACL\\Models\\User',NULL,'physical',NULL,NULL,0,'auto_generate',0,0,0,1),(56,'Bottled Pure Water 500ml','<p>Short Hooded Coat features a straight body, large pockets with button flaps, ventilation air holes, and a string detail along the hemline.</p>','<p>Short Hooded Coat features a straight body, large pockets with button flaps, ventilation air holes, and a string detail along the hemline. The style is completed with a drawstring hood, featuring Rains’ signature built-in cap. Made from waterproof, matte PU, this lightweight unisex rain jacket is an ode to nostalgia through its classic silhouette and utilitarian design details.</p>\n                                <p>- Casual unisex fit</p>\n\n                                <p>- 64% polyester, 36% polyurethane</p>\n\n                                <p>- Water column pressure: 4000 mm</p>\n\n                                <p>- Model is 187cm tall and wearing a size S / M</p>\n\n                                <p>- Unisex fit</p>\n\n                                <p>- Drawstring hood with built-in cap</p>\n\n                                <p>- Front placket with snap buttons</p>\n\n                                <p>- Ventilation under armpit</p>\n\n                                <p>- Adjustable cuffs</p>\n\n                                <p>- Double welted front pockets</p>\n\n                                <p>- Adjustable elastic string at hempen</p>\n\n                                <p>- Ultrasonically welded seams</p>\n\n                                <p>This is a unisex item, please check our clothing &amp; footwear sizing guide for specific Rains jacket sizing information. RAINS comes from the rainy nation of Denmark at the edge of the European continent, close to the ocean and with prevailing westerly winds; all factors that contribute to an average of 121 rain days each year. Arising from these rainy weather conditions comes the attitude that a quick rain shower may be beautiful, as well as moody- but first and foremost requires the right outfit. Rains focus on the whole experience of going outside on rainy days, issuing an invitation to explore even in the most mercurial weather.</p>','published','[\"products\\/product-82.jpg\",\"products\\/product-55.jpg\",\"products\\/product-94.jpg\",\"products\\/product-1.jpg\",\"products\\/product-27.jpg\",\"products\\/product-22.jpg\",\"products\\/product-47.jpg\"]',NULL,'NC-118-A0',0,18,0,1,'in_stock',0,7,0,0,255,219.3,NULL,NULL,13,15,16,551,NULL,155835,'2025-08-02 02:15:44','2025-08-02 02:15:47',0,'Botble\\ACL\\Models\\User',NULL,'physical',NULL,NULL,0,'auto_generate',0,0,0,2),(57,'Famart Farmhouse Soft White','<p>Short Hooded Coat features a straight body, large pockets with button flaps, ventilation air holes, and a string detail along the hemline.</p>','<p>Short Hooded Coat features a straight body, large pockets with button flaps, ventilation air holes, and a string detail along the hemline. The style is completed with a drawstring hood, featuring Rains’ signature built-in cap. Made from waterproof, matte PU, this lightweight unisex rain jacket is an ode to nostalgia through its classic silhouette and utilitarian design details.</p>\n                                <p>- Casual unisex fit</p>\n\n                                <p>- 64% polyester, 36% polyurethane</p>\n\n                                <p>- Water column pressure: 4000 mm</p>\n\n                                <p>- Model is 187cm tall and wearing a size S / M</p>\n\n                                <p>- Unisex fit</p>\n\n                                <p>- Drawstring hood with built-in cap</p>\n\n                                <p>- Front placket with snap buttons</p>\n\n                                <p>- Ventilation under armpit</p>\n\n                                <p>- Adjustable cuffs</p>\n\n                                <p>- Double welted front pockets</p>\n\n                                <p>- Adjustable elastic string at hempen</p>\n\n                                <p>- Ultrasonically welded seams</p>\n\n                                <p>This is a unisex item, please check our clothing &amp; footwear sizing guide for specific Rains jacket sizing information. RAINS comes from the rainy nation of Denmark at the edge of the European continent, close to the ocean and with prevailing westerly winds; all factors that contribute to an average of 121 rain days each year. Arising from these rainy weather conditions comes the attitude that a quick rain shower may be beautiful, as well as moody- but first and foremost requires the right outfit. Rains focus on the whole experience of going outside on rainy days, issuing an invitation to explore even in the most mercurial weather.</p>','published','[\"products\\/product-57.jpg\",\"products\\/product-51.jpg\",\"products\\/product-10.jpg\",\"products\\/product-83.jpg\",\"products\\/product-9.jpg\",\"products\\/product-20.jpg\"]',NULL,'NC-109-A0',0,16,0,1,'in_stock',0,5,0,0,380,NULL,NULL,NULL,18,19,13,818,NULL,65043,'2025-08-02 02:15:44','2025-08-02 02:15:47',0,'Botble\\ACL\\Models\\User',NULL,'digital',NULL,NULL,0,'auto_generate',0,0,0,2),(58,'Coca-Cola Original Taste','<p>Short Hooded Coat features a straight body, large pockets with button flaps, ventilation air holes, and a string detail along the hemline.</p>','<p>Short Hooded Coat features a straight body, large pockets with button flaps, ventilation air holes, and a string detail along the hemline. The style is completed with a drawstring hood, featuring Rains’ signature built-in cap. Made from waterproof, matte PU, this lightweight unisex rain jacket is an ode to nostalgia through its classic silhouette and utilitarian design details.</p>\n                                <p>- Casual unisex fit</p>\n\n                                <p>- 64% polyester, 36% polyurethane</p>\n\n                                <p>- Water column pressure: 4000 mm</p>\n\n                                <p>- Model is 187cm tall and wearing a size S / M</p>\n\n                                <p>- Unisex fit</p>\n\n                                <p>- Drawstring hood with built-in cap</p>\n\n                                <p>- Front placket with snap buttons</p>\n\n                                <p>- Ventilation under armpit</p>\n\n                                <p>- Adjustable cuffs</p>\n\n                                <p>- Double welted front pockets</p>\n\n                                <p>- Adjustable elastic string at hempen</p>\n\n                                <p>- Ultrasonically welded seams</p>\n\n                                <p>This is a unisex item, please check our clothing &amp; footwear sizing guide for specific Rains jacket sizing information. RAINS comes from the rainy nation of Denmark at the edge of the European continent, close to the ocean and with prevailing westerly winds; all factors that contribute to an average of 121 rain days each year. Arising from these rainy weather conditions comes the attitude that a quick rain shower may be beautiful, as well as moody- but first and foremost requires the right outfit. Rains focus on the whole experience of going outside on rainy days, issuing an invitation to explore even in the most mercurial weather.</p>','published','[\"products\\/product-42.jpg\",\"products\\/product-54.jpg\",\"products\\/product-33.jpg\",\"products\\/product-91.jpg\",\"products\\/product-74.jpg\"]',NULL,'NC-149-A0',0,14,0,1,'in_stock',1,6,0,0,435,NULL,NULL,NULL,16,19,20,732,NULL,195874,'2025-08-02 02:15:44','2025-08-02 02:15:47',0,'Botble\\ACL\\Models\\User',NULL,'physical',NULL,NULL,0,'auto_generate',0,0,0,2),(59,'Casillero Diablo Cabernet Sauvignon','<p>Short Hooded Coat features a straight body, large pockets with button flaps, ventilation air holes, and a string detail along the hemline.</p>','<p>Short Hooded Coat features a straight body, large pockets with button flaps, ventilation air holes, and a string detail along the hemline. The style is completed with a drawstring hood, featuring Rains’ signature built-in cap. Made from waterproof, matte PU, this lightweight unisex rain jacket is an ode to nostalgia through its classic silhouette and utilitarian design details.</p>\n                                <p>- Casual unisex fit</p>\n\n                                <p>- 64% polyester, 36% polyurethane</p>\n\n                                <p>- Water column pressure: 4000 mm</p>\n\n                                <p>- Model is 187cm tall and wearing a size S / M</p>\n\n                                <p>- Unisex fit</p>\n\n                                <p>- Drawstring hood with built-in cap</p>\n\n                                <p>- Front placket with snap buttons</p>\n\n                                <p>- Ventilation under armpit</p>\n\n                                <p>- Adjustable cuffs</p>\n\n                                <p>- Double welted front pockets</p>\n\n                                <p>- Adjustable elastic string at hempen</p>\n\n                                <p>- Ultrasonically welded seams</p>\n\n                                <p>This is a unisex item, please check our clothing &amp; footwear sizing guide for specific Rains jacket sizing information. RAINS comes from the rainy nation of Denmark at the edge of the European continent, close to the ocean and with prevailing westerly winds; all factors that contribute to an average of 121 rain days each year. Arising from these rainy weather conditions comes the attitude that a quick rain shower may be beautiful, as well as moody- but first and foremost requires the right outfit. Rains focus on the whole experience of going outside on rainy days, issuing an invitation to explore even in the most mercurial weather.</p>','published','[\"products\\/product-26.jpg\",\"products\\/product-56.jpg\",\"products\\/product-91.jpg\",\"products\\/product-37.jpg\",\"products\\/product-93.jpg\",\"products\\/product-63.jpg\"]',NULL,'NC-162-A0',0,18,0,1,'in_stock',0,4,0,0,477,NULL,NULL,NULL,18,10,12,865,NULL,126271,'2025-08-02 02:15:44','2025-08-02 02:15:47',0,'Botble\\ACL\\Models\\User',NULL,'physical',NULL,NULL,0,'auto_generate',0,0,0,1),(60,'Arla Organic Free Range Milk','<p>Short Hooded Coat features a straight body, large pockets with button flaps, ventilation air holes, and a string detail along the hemline.</p>','<p>Short Hooded Coat features a straight body, large pockets with button flaps, ventilation air holes, and a string detail along the hemline. The style is completed with a drawstring hood, featuring Rains’ signature built-in cap. Made from waterproof, matte PU, this lightweight unisex rain jacket is an ode to nostalgia through its classic silhouette and utilitarian design details.</p>\n                                <p>- Casual unisex fit</p>\n\n                                <p>- 64% polyester, 36% polyurethane</p>\n\n                                <p>- Water column pressure: 4000 mm</p>\n\n                                <p>- Model is 187cm tall and wearing a size S / M</p>\n\n                                <p>- Unisex fit</p>\n\n                                <p>- Drawstring hood with built-in cap</p>\n\n                                <p>- Front placket with snap buttons</p>\n\n                                <p>- Ventilation under armpit</p>\n\n                                <p>- Adjustable cuffs</p>\n\n                                <p>- Double welted front pockets</p>\n\n                                <p>- Adjustable elastic string at hempen</p>\n\n                                <p>- Ultrasonically welded seams</p>\n\n                                <p>This is a unisex item, please check our clothing &amp; footwear sizing guide for specific Rains jacket sizing information. RAINS comes from the rainy nation of Denmark at the edge of the European continent, close to the ocean and with prevailing westerly winds; all factors that contribute to an average of 121 rain days each year. Arising from these rainy weather conditions comes the attitude that a quick rain shower may be beautiful, as well as moody- but first and foremost requires the right outfit. Rains focus on the whole experience of going outside on rainy days, issuing an invitation to explore even in the most mercurial weather.</p>','published','[\"products\\/product-81.jpg\",\"products\\/product-74.jpg\",\"products\\/product-13.jpg\",\"products\\/product-33.jpg\",\"products\\/product-89.jpg\",\"products\\/product-75.jpg\",\"products\\/product-82.jpg\",\"products\\/product-62.jpg\"]',NULL,'NC-157-A0',0,11,0,1,'in_stock',1,2,0,0,252,201.6,NULL,NULL,18,16,19,885,NULL,114013,'2025-08-02 02:15:44','2025-08-02 02:15:47',0,'Botble\\ACL\\Models\\User',NULL,'physical',NULL,NULL,0,'auto_generate',0,0,0,1),(61,'Aptamil Follow On Baby Milk','<p>Short Hooded Coat features a straight body, large pockets with button flaps, ventilation air holes, and a string detail along the hemline.</p>','<p>Short Hooded Coat features a straight body, large pockets with button flaps, ventilation air holes, and a string detail along the hemline. The style is completed with a drawstring hood, featuring Rains’ signature built-in cap. Made from waterproof, matte PU, this lightweight unisex rain jacket is an ode to nostalgia through its classic silhouette and utilitarian design details.</p>\n                                <p>- Casual unisex fit</p>\n\n                                <p>- 64% polyester, 36% polyurethane</p>\n\n                                <p>- Water column pressure: 4000 mm</p>\n\n                                <p>- Model is 187cm tall and wearing a size S / M</p>\n\n                                <p>- Unisex fit</p>\n\n                                <p>- Drawstring hood with built-in cap</p>\n\n                                <p>- Front placket with snap buttons</p>\n\n                                <p>- Ventilation under armpit</p>\n\n                                <p>- Adjustable cuffs</p>\n\n                                <p>- Double welted front pockets</p>\n\n                                <p>- Adjustable elastic string at hempen</p>\n\n                                <p>- Ultrasonically welded seams</p>\n\n                                <p>This is a unisex item, please check our clothing &amp; footwear sizing guide for specific Rains jacket sizing information. RAINS comes from the rainy nation of Denmark at the edge of the European continent, close to the ocean and with prevailing westerly winds; all factors that contribute to an average of 121 rain days each year. Arising from these rainy weather conditions comes the attitude that a quick rain shower may be beautiful, as well as moody- but first and foremost requires the right outfit. Rains focus on the whole experience of going outside on rainy days, issuing an invitation to explore even in the most mercurial weather.</p>','published','[\"products\\/product-59.jpg\",\"products\\/product-46.jpg\",\"products\\/product-40.jpg\",\"products\\/product-42.jpg\",\"products\\/product-65.jpg\",\"products\\/product-27.jpg\",\"products\\/product-84.jpg\",\"products\\/product-34.jpg\"]',NULL,'NC-158-A0',0,20,0,1,'in_stock',1,1,0,0,260,NULL,NULL,NULL,13,10,11,847,NULL,151738,'2025-08-02 02:15:44','2025-08-02 02:15:47',0,'Botble\\ACL\\Models\\User',NULL,'digital',NULL,NULL,0,'auto_generate',0,0,0,2),(62,'Cuisinart Chef’S Classic Hard-Anodized','<p>Short Hooded Coat features a straight body, large pockets with button flaps, ventilation air holes, and a string detail along the hemline.</p>','<p>Short Hooded Coat features a straight body, large pockets with button flaps, ventilation air holes, and a string detail along the hemline. The style is completed with a drawstring hood, featuring Rains’ signature built-in cap. Made from waterproof, matte PU, this lightweight unisex rain jacket is an ode to nostalgia through its classic silhouette and utilitarian design details.</p>\n                                <p>- Casual unisex fit</p>\n\n                                <p>- 64% polyester, 36% polyurethane</p>\n\n                                <p>- Water column pressure: 4000 mm</p>\n\n                                <p>- Model is 187cm tall and wearing a size S / M</p>\n\n                                <p>- Unisex fit</p>\n\n                                <p>- Drawstring hood with built-in cap</p>\n\n                                <p>- Front placket with snap buttons</p>\n\n                                <p>- Ventilation under armpit</p>\n\n                                <p>- Adjustable cuffs</p>\n\n                                <p>- Double welted front pockets</p>\n\n                                <p>- Adjustable elastic string at hempen</p>\n\n                                <p>- Ultrasonically welded seams</p>\n\n                                <p>This is a unisex item, please check our clothing &amp; footwear sizing guide for specific Rains jacket sizing information. RAINS comes from the rainy nation of Denmark at the edge of the European continent, close to the ocean and with prevailing westerly winds; all factors that contribute to an average of 121 rain days each year. Arising from these rainy weather conditions comes the attitude that a quick rain shower may be beautiful, as well as moody- but first and foremost requires the right outfit. Rains focus on the whole experience of going outside on rainy days, issuing an invitation to explore even in the most mercurial weather.</p>','published','[\"products\\/product-80.jpg\",\"products\\/product-12.jpg\",\"products\\/product-25.jpg\",\"products\\/product-26.jpg\",\"products\\/product-91.jpg\",\"products\\/product-50.jpg\"]',NULL,'NC-127-A0',0,19,0,1,'in_stock',1,3,0,0,316,NULL,NULL,NULL,10,19,20,745,NULL,36180,'2025-08-02 02:15:44','2025-08-02 02:15:47',0,'Botble\\ACL\\Models\\User',NULL,'physical',NULL,NULL,0,'auto_generate',0,0,0,2),(63,'Corn, Yellow Sweet','<p>Short Hooded Coat features a straight body, large pockets with button flaps, ventilation air holes, and a string detail along the hemline.</p>','<p>Short Hooded Coat features a straight body, large pockets with button flaps, ventilation air holes, and a string detail along the hemline. The style is completed with a drawstring hood, featuring Rains’ signature built-in cap. Made from waterproof, matte PU, this lightweight unisex rain jacket is an ode to nostalgia through its classic silhouette and utilitarian design details.</p>\n                                <p>- Casual unisex fit</p>\n\n                                <p>- 64% polyester, 36% polyurethane</p>\n\n                                <p>- Water column pressure: 4000 mm</p>\n\n                                <p>- Model is 187cm tall and wearing a size S / M</p>\n\n                                <p>- Unisex fit</p>\n\n                                <p>- Drawstring hood with built-in cap</p>\n\n                                <p>- Front placket with snap buttons</p>\n\n                                <p>- Ventilation under armpit</p>\n\n                                <p>- Adjustable cuffs</p>\n\n                                <p>- Double welted front pockets</p>\n\n                                <p>- Adjustable elastic string at hempen</p>\n\n                                <p>- Ultrasonically welded seams</p>\n\n                                <p>This is a unisex item, please check our clothing &amp; footwear sizing guide for specific Rains jacket sizing information. RAINS comes from the rainy nation of Denmark at the edge of the European continent, close to the ocean and with prevailing westerly winds; all factors that contribute to an average of 121 rain days each year. Arising from these rainy weather conditions comes the attitude that a quick rain shower may be beautiful, as well as moody- but first and foremost requires the right outfit. Rains focus on the whole experience of going outside on rainy days, issuing an invitation to explore even in the most mercurial weather.</p>','published','[\"products\\/product-45.jpg\",\"products\\/product-9.jpg\",\"products\\/product-93.jpg\",\"products\\/product-80.jpg\",\"products\\/product-57.jpg\",\"products\\/product-49.jpg\",\"products\\/product-63.jpg\",\"products\\/product-95.jpg\",\"products\\/product-13.jpg\",\"products\\/product-71.jpg\",\"products\\/product-5.jpg\"]',NULL,'NC-133-A0',0,15,0,1,'in_stock',1,4,0,0,200,NULL,NULL,NULL,20,10,19,662,NULL,3423,'2025-08-02 02:15:44','2025-08-02 02:15:47',0,'Botble\\ACL\\Models\\User',NULL,'physical',NULL,NULL,0,'auto_generate',0,0,0,2),(64,'Hobnobs The Nobbly Biscuit','<p>Short Hooded Coat features a straight body, large pockets with button flaps, ventilation air holes, and a string detail along the hemline.</p>','<p>Short Hooded Coat features a straight body, large pockets with button flaps, ventilation air holes, and a string detail along the hemline. The style is completed with a drawstring hood, featuring Rains’ signature built-in cap. Made from waterproof, matte PU, this lightweight unisex rain jacket is an ode to nostalgia through its classic silhouette and utilitarian design details.</p>\n                                <p>- Casual unisex fit</p>\n\n                                <p>- 64% polyester, 36% polyurethane</p>\n\n                                <p>- Water column pressure: 4000 mm</p>\n\n                                <p>- Model is 187cm tall and wearing a size S / M</p>\n\n                                <p>- Unisex fit</p>\n\n                                <p>- Drawstring hood with built-in cap</p>\n\n                                <p>- Front placket with snap buttons</p>\n\n                                <p>- Ventilation under armpit</p>\n\n                                <p>- Adjustable cuffs</p>\n\n                                <p>- Double welted front pockets</p>\n\n                                <p>- Adjustable elastic string at hempen</p>\n\n                                <p>- Ultrasonically welded seams</p>\n\n                                <p>This is a unisex item, please check our clothing &amp; footwear sizing guide for specific Rains jacket sizing information. RAINS comes from the rainy nation of Denmark at the edge of the European continent, close to the ocean and with prevailing westerly winds; all factors that contribute to an average of 121 rain days each year. Arising from these rainy weather conditions comes the attitude that a quick rain shower may be beautiful, as well as moody- but first and foremost requires the right outfit. Rains focus on the whole experience of going outside on rainy days, issuing an invitation to explore even in the most mercurial weather.</p>','published','[\"products\\/product-92.jpg\",\"products\\/product-61.jpg\",\"products\\/product-91.jpg\",\"products\\/product-26.jpg\",\"products\\/product-80.jpg\",\"products\\/product-56.jpg\",\"products\\/product-44.jpg\",\"products\\/product-4.jpg\",\"products\\/product-72.jpg\"]',NULL,'NC-111-A0',0,17,0,1,'in_stock',1,1,0,0,433,355.06,NULL,NULL,17,19,15,683,NULL,140633,'2025-08-02 02:15:44','2025-08-02 02:15:47',0,'Botble\\ACL\\Models\\User',NULL,'physical',NULL,NULL,0,'auto_generate',0,0,0,2),(65,'Honest Organic Still Lemonade','<p>Short Hooded Coat features a straight body, large pockets with button flaps, ventilation air holes, and a string detail along the hemline.</p>','<p>Short Hooded Coat features a straight body, large pockets with button flaps, ventilation air holes, and a string detail along the hemline. The style is completed with a drawstring hood, featuring Rains’ signature built-in cap. Made from waterproof, matte PU, this lightweight unisex rain jacket is an ode to nostalgia through its classic silhouette and utilitarian design details.</p>\n                                <p>- Casual unisex fit</p>\n\n                                <p>- 64% polyester, 36% polyurethane</p>\n\n                                <p>- Water column pressure: 4000 mm</p>\n\n                                <p>- Model is 187cm tall and wearing a size S / M</p>\n\n                                <p>- Unisex fit</p>\n\n                                <p>- Drawstring hood with built-in cap</p>\n\n                                <p>- Front placket with snap buttons</p>\n\n                                <p>- Ventilation under armpit</p>\n\n                                <p>- Adjustable cuffs</p>\n\n                                <p>- Double welted front pockets</p>\n\n                                <p>- Adjustable elastic string at hempen</p>\n\n                                <p>- Ultrasonically welded seams</p>\n\n                                <p>This is a unisex item, please check our clothing &amp; footwear sizing guide for specific Rains jacket sizing information. RAINS comes from the rainy nation of Denmark at the edge of the European continent, close to the ocean and with prevailing westerly winds; all factors that contribute to an average of 121 rain days each year. Arising from these rainy weather conditions comes the attitude that a quick rain shower may be beautiful, as well as moody- but first and foremost requires the right outfit. Rains focus on the whole experience of going outside on rainy days, issuing an invitation to explore even in the most mercurial weather.</p>','published','[\"products\\/product-22.jpg\",\"products\\/product-2.jpg\",\"products\\/product-23.jpg\",\"products\\/product-30.jpg\",\"products\\/product-5.jpg\",\"products\\/product-53.jpg\",\"products\\/product-52.jpg\",\"products\\/product-93.jpg\",\"products\\/product-86.jpg\",\"products\\/product-37.jpg\",\"products\\/product-16.jpg\"]',NULL,'NC-144-A0',0,19,0,1,'in_stock',1,1,0,0,459,NULL,NULL,NULL,12,17,12,793,NULL,20832,'2025-08-02 02:15:44','2025-08-02 02:15:47',0,'Botble\\ACL\\Models\\User',NULL,'digital',NULL,NULL,0,'auto_generate',0,0,0,1),(66,'Ice Beck’s Beer 350ml x 24 Pieces','<p>Short Hooded Coat features a straight body, large pockets with button flaps, ventilation air holes, and a string detail along the hemline.</p>','<p>Short Hooded Coat features a straight body, large pockets with button flaps, ventilation air holes, and a string detail along the hemline. The style is completed with a drawstring hood, featuring Rains’ signature built-in cap. Made from waterproof, matte PU, this lightweight unisex rain jacket is an ode to nostalgia through its classic silhouette and utilitarian design details.</p>\n                                <p>- Casual unisex fit</p>\n\n                                <p>- 64% polyester, 36% polyurethane</p>\n\n                                <p>- Water column pressure: 4000 mm</p>\n\n                                <p>- Model is 187cm tall and wearing a size S / M</p>\n\n                                <p>- Unisex fit</p>\n\n                                <p>- Drawstring hood with built-in cap</p>\n\n                                <p>- Front placket with snap buttons</p>\n\n                                <p>- Ventilation under armpit</p>\n\n                                <p>- Adjustable cuffs</p>\n\n                                <p>- Double welted front pockets</p>\n\n                                <p>- Adjustable elastic string at hempen</p>\n\n                                <p>- Ultrasonically welded seams</p>\n\n                                <p>This is a unisex item, please check our clothing &amp; footwear sizing guide for specific Rains jacket sizing information. RAINS comes from the rainy nation of Denmark at the edge of the European continent, close to the ocean and with prevailing westerly winds; all factors that contribute to an average of 121 rain days each year. Arising from these rainy weather conditions comes the attitude that a quick rain shower may be beautiful, as well as moody- but first and foremost requires the right outfit. Rains focus on the whole experience of going outside on rainy days, issuing an invitation to explore even in the most mercurial weather.</p>','published','[\"products\\/product-39.jpg\",\"products\\/product-22.jpg\",\"products\\/product-34.jpg\",\"products\\/product-74.jpg\",\"products\\/product-33.jpg\",\"products\\/product-4.jpg\"]',NULL,'NC-161-A0',0,15,0,1,'in_stock',1,3,0,0,446,NULL,NULL,NULL,18,11,18,590,NULL,77057,'2025-08-02 02:15:44','2025-08-02 02:15:47',0,'Botble\\ACL\\Models\\User',NULL,'physical',NULL,NULL,0,'auto_generate',0,0,0,1),(67,'Iceland 6 Hot Cross Buns','<p>Short Hooded Coat features a straight body, large pockets with button flaps, ventilation air holes, and a string detail along the hemline.</p>','<p>Short Hooded Coat features a straight body, large pockets with button flaps, ventilation air holes, and a string detail along the hemline. The style is completed with a drawstring hood, featuring Rains’ signature built-in cap. Made from waterproof, matte PU, this lightweight unisex rain jacket is an ode to nostalgia through its classic silhouette and utilitarian design details.</p>\n                                <p>- Casual unisex fit</p>\n\n                                <p>- 64% polyester, 36% polyurethane</p>\n\n                                <p>- Water column pressure: 4000 mm</p>\n\n                                <p>- Model is 187cm tall and wearing a size S / M</p>\n\n                                <p>- Unisex fit</p>\n\n                                <p>- Drawstring hood with built-in cap</p>\n\n                                <p>- Front placket with snap buttons</p>\n\n                                <p>- Ventilation under armpit</p>\n\n                                <p>- Adjustable cuffs</p>\n\n                                <p>- Double welted front pockets</p>\n\n                                <p>- Adjustable elastic string at hempen</p>\n\n                                <p>- Ultrasonically welded seams</p>\n\n                                <p>This is a unisex item, please check our clothing &amp; footwear sizing guide for specific Rains jacket sizing information. RAINS comes from the rainy nation of Denmark at the edge of the European continent, close to the ocean and with prevailing westerly winds; all factors that contribute to an average of 121 rain days each year. Arising from these rainy weather conditions comes the attitude that a quick rain shower may be beautiful, as well as moody- but first and foremost requires the right outfit. Rains focus on the whole experience of going outside on rainy days, issuing an invitation to explore even in the most mercurial weather.</p>','published','[\"products\\/product-49.jpg\",\"products\\/product-42.jpg\",\"products\\/product-22.jpg\",\"products\\/product-5.jpg\",\"products\\/product-51.jpg\",\"products\\/product-65.jpg\"]',NULL,'NC-160-A0',0,10,0,1,'in_stock',1,3,0,0,247,NULL,NULL,NULL,15,10,13,525,NULL,129823,'2025-08-02 02:15:44','2025-08-02 02:15:47',0,'Botble\\ACL\\Models\\User',NULL,'physical',NULL,NULL,0,'auto_generate',0,0,0,2),(68,'Iceland Luxury 4 Panini Rolls','<p>Short Hooded Coat features a straight body, large pockets with button flaps, ventilation air holes, and a string detail along the hemline.</p>','<p>Short Hooded Coat features a straight body, large pockets with button flaps, ventilation air holes, and a string detail along the hemline. The style is completed with a drawstring hood, featuring Rains’ signature built-in cap. Made from waterproof, matte PU, this lightweight unisex rain jacket is an ode to nostalgia through its classic silhouette and utilitarian design details.</p>\n                                <p>- Casual unisex fit</p>\n\n                                <p>- 64% polyester, 36% polyurethane</p>\n\n                                <p>- Water column pressure: 4000 mm</p>\n\n                                <p>- Model is 187cm tall and wearing a size S / M</p>\n\n                                <p>- Unisex fit</p>\n\n                                <p>- Drawstring hood with built-in cap</p>\n\n                                <p>- Front placket with snap buttons</p>\n\n                                <p>- Ventilation under armpit</p>\n\n                                <p>- Adjustable cuffs</p>\n\n                                <p>- Double welted front pockets</p>\n\n                                <p>- Adjustable elastic string at hempen</p>\n\n                                <p>- Ultrasonically welded seams</p>\n\n                                <p>This is a unisex item, please check our clothing &amp; footwear sizing guide for specific Rains jacket sizing information. RAINS comes from the rainy nation of Denmark at the edge of the European continent, close to the ocean and with prevailing westerly winds; all factors that contribute to an average of 121 rain days each year. Arising from these rainy weather conditions comes the attitude that a quick rain shower may be beautiful, as well as moody- but first and foremost requires the right outfit. Rains focus on the whole experience of going outside on rainy days, issuing an invitation to explore even in the most mercurial weather.</p>','published','[\"products\\/product-65.jpg\",\"products\\/product-93.jpg\",\"products\\/product-15.jpg\",\"products\\/product-44.jpg\",\"products\\/product-62.jpg\",\"products\\/product-54.jpg\",\"products\\/product-95.jpg\",\"products\\/product-17.jpg\",\"products\\/product-82.jpg\",\"products\\/product-66.jpg\",\"products\\/product-33.jpg\"]',NULL,'NC-126-A0',0,16,0,1,'in_stock',0,4,0,0,252,178.92,NULL,NULL,19,11,10,860,NULL,87236,'2025-08-02 02:15:44','2025-08-02 02:15:47',0,'Botble\\ACL\\Models\\User',NULL,'physical',NULL,NULL,0,'auto_generate',0,0,0,1),(69,'Iceland Soft Scoop Vanilla','<p>Short Hooded Coat features a straight body, large pockets with button flaps, ventilation air holes, and a string detail along the hemline.</p>','<p>Short Hooded Coat features a straight body, large pockets with button flaps, ventilation air holes, and a string detail along the hemline. The style is completed with a drawstring hood, featuring Rains’ signature built-in cap. Made from waterproof, matte PU, this lightweight unisex rain jacket is an ode to nostalgia through its classic silhouette and utilitarian design details.</p>\n                                <p>- Casual unisex fit</p>\n\n                                <p>- 64% polyester, 36% polyurethane</p>\n\n                                <p>- Water column pressure: 4000 mm</p>\n\n                                <p>- Model is 187cm tall and wearing a size S / M</p>\n\n                                <p>- Unisex fit</p>\n\n                                <p>- Drawstring hood with built-in cap</p>\n\n                                <p>- Front placket with snap buttons</p>\n\n                                <p>- Ventilation under armpit</p>\n\n                                <p>- Adjustable cuffs</p>\n\n                                <p>- Double welted front pockets</p>\n\n                                <p>- Adjustable elastic string at hempen</p>\n\n                                <p>- Ultrasonically welded seams</p>\n\n                                <p>This is a unisex item, please check our clothing &amp; footwear sizing guide for specific Rains jacket sizing information. RAINS comes from the rainy nation of Denmark at the edge of the European continent, close to the ocean and with prevailing westerly winds; all factors that contribute to an average of 121 rain days each year. Arising from these rainy weather conditions comes the attitude that a quick rain shower may be beautiful, as well as moody- but first and foremost requires the right outfit. Rains focus on the whole experience of going outside on rainy days, issuing an invitation to explore even in the most mercurial weather.</p>','published','[\"products\\/product-58.jpg\",\"products\\/product-10.jpg\",\"products\\/product-92.jpg\",\"products\\/product-54.jpg\",\"products\\/product-77.jpg\",\"products\\/product-57.jpg\",\"products\\/product-35.jpg\",\"products\\/product-5.jpg\",\"products\\/product-93.jpg\"]',NULL,'NC-187-A0',0,17,0,1,'in_stock',0,5,0,0,234,NULL,NULL,NULL,13,17,11,664,NULL,80231,'2025-08-02 02:15:44','2025-08-02 02:15:47',0,'Botble\\ACL\\Models\\User',NULL,'digital',NULL,NULL,0,'auto_generate',0,0,0,1),(70,'Iceland Spaghetti Bolognese','<p>Short Hooded Coat features a straight body, large pockets with button flaps, ventilation air holes, and a string detail along the hemline.</p>','<p>Short Hooded Coat features a straight body, large pockets with button flaps, ventilation air holes, and a string detail along the hemline. The style is completed with a drawstring hood, featuring Rains’ signature built-in cap. Made from waterproof, matte PU, this lightweight unisex rain jacket is an ode to nostalgia through its classic silhouette and utilitarian design details.</p>\n                                <p>- Casual unisex fit</p>\n\n                                <p>- 64% polyester, 36% polyurethane</p>\n\n                                <p>- Water column pressure: 4000 mm</p>\n\n                                <p>- Model is 187cm tall and wearing a size S / M</p>\n\n                                <p>- Unisex fit</p>\n\n                                <p>- Drawstring hood with built-in cap</p>\n\n                                <p>- Front placket with snap buttons</p>\n\n                                <p>- Ventilation under armpit</p>\n\n                                <p>- Adjustable cuffs</p>\n\n                                <p>- Double welted front pockets</p>\n\n                                <p>- Adjustable elastic string at hempen</p>\n\n                                <p>- Ultrasonically welded seams</p>\n\n                                <p>This is a unisex item, please check our clothing &amp; footwear sizing guide for specific Rains jacket sizing information. RAINS comes from the rainy nation of Denmark at the edge of the European continent, close to the ocean and with prevailing westerly winds; all factors that contribute to an average of 121 rain days each year. Arising from these rainy weather conditions comes the attitude that a quick rain shower may be beautiful, as well as moody- but first and foremost requires the right outfit. Rains focus on the whole experience of going outside on rainy days, issuing an invitation to explore even in the most mercurial weather.</p>','published','[\"products\\/product-42.jpg\",\"products\\/product-14.jpg\",\"products\\/product-17.jpg\",\"products\\/product-31.jpg\",\"products\\/product-52.jpg\"]',NULL,'NC-197-A0',0,19,0,1,'in_stock',1,7,0,0,471,NULL,NULL,NULL,19,10,12,835,NULL,25372,'2025-08-02 02:15:44','2025-08-02 02:15:47',0,'Botble\\ACL\\Models\\User',NULL,'physical',NULL,NULL,0,'auto_generate',0,0,0,2),(71,'Kellogg’s Coco Pops Cereal','<p>Short Hooded Coat features a straight body, large pockets with button flaps, ventilation air holes, and a string detail along the hemline.</p>','<p>Short Hooded Coat features a straight body, large pockets with button flaps, ventilation air holes, and a string detail along the hemline. The style is completed with a drawstring hood, featuring Rains’ signature built-in cap. Made from waterproof, matte PU, this lightweight unisex rain jacket is an ode to nostalgia through its classic silhouette and utilitarian design details.</p>\n                                <p>- Casual unisex fit</p>\n\n                                <p>- 64% polyester, 36% polyurethane</p>\n\n                                <p>- Water column pressure: 4000 mm</p>\n\n                                <p>- Model is 187cm tall and wearing a size S / M</p>\n\n                                <p>- Unisex fit</p>\n\n                                <p>- Drawstring hood with built-in cap</p>\n\n                                <p>- Front placket with snap buttons</p>\n\n                                <p>- Ventilation under armpit</p>\n\n                                <p>- Adjustable cuffs</p>\n\n                                <p>- Double welted front pockets</p>\n\n                                <p>- Adjustable elastic string at hempen</p>\n\n                                <p>- Ultrasonically welded seams</p>\n\n                                <p>This is a unisex item, please check our clothing &amp; footwear sizing guide for specific Rains jacket sizing information. RAINS comes from the rainy nation of Denmark at the edge of the European continent, close to the ocean and with prevailing westerly winds; all factors that contribute to an average of 121 rain days each year. Arising from these rainy weather conditions comes the attitude that a quick rain shower may be beautiful, as well as moody- but first and foremost requires the right outfit. Rains focus on the whole experience of going outside on rainy days, issuing an invitation to explore even in the most mercurial weather.</p>','published','[\"products\\/product-6.jpg\",\"products\\/product-66.jpg\",\"products\\/product-15.jpg\",\"products\\/product-49.jpg\",\"products\\/product-59.jpg\",\"products\\/product-18.jpg\",\"products\\/product-28.jpg\",\"products\\/product-35.jpg\",\"products\\/product-64.jpg\",\"products\\/product-58.jpg\"]',NULL,'NC-197-A0',0,14,0,1,'in_stock',0,3,0,0,457,NULL,NULL,NULL,18,10,17,538,NULL,173365,'2025-08-02 02:15:44','2025-08-02 02:15:47',0,'Botble\\ACL\\Models\\User',NULL,'physical',NULL,NULL,0,'auto_generate',0,0,0,1),(72,'Kit Kat Chunky Milk Chocolate','<p>Short Hooded Coat features a straight body, large pockets with button flaps, ventilation air holes, and a string detail along the hemline.</p>','<p>Short Hooded Coat features a straight body, large pockets with button flaps, ventilation air holes, and a string detail along the hemline. The style is completed with a drawstring hood, featuring Rains’ signature built-in cap. Made from waterproof, matte PU, this lightweight unisex rain jacket is an ode to nostalgia through its classic silhouette and utilitarian design details.</p>\n                                <p>- Casual unisex fit</p>\n\n                                <p>- 64% polyester, 36% polyurethane</p>\n\n                                <p>- Water column pressure: 4000 mm</p>\n\n                                <p>- Model is 187cm tall and wearing a size S / M</p>\n\n                                <p>- Unisex fit</p>\n\n                                <p>- Drawstring hood with built-in cap</p>\n\n                                <p>- Front placket with snap buttons</p>\n\n                                <p>- Ventilation under armpit</p>\n\n                                <p>- Adjustable cuffs</p>\n\n                                <p>- Double welted front pockets</p>\n\n                                <p>- Adjustable elastic string at hempen</p>\n\n                                <p>- Ultrasonically welded seams</p>\n\n                                <p>This is a unisex item, please check our clothing &amp; footwear sizing guide for specific Rains jacket sizing information. RAINS comes from the rainy nation of Denmark at the edge of the European continent, close to the ocean and with prevailing westerly winds; all factors that contribute to an average of 121 rain days each year. Arising from these rainy weather conditions comes the attitude that a quick rain shower may be beautiful, as well as moody- but first and foremost requires the right outfit. Rains focus on the whole experience of going outside on rainy days, issuing an invitation to explore even in the most mercurial weather.</p>','published','[\"products\\/product-42.jpg\",\"products\\/product-55.jpg\",\"products\\/product-37.jpg\",\"products\\/product-11.jpg\",\"products\\/product-94.jpg\",\"products\\/product-67.jpg\",\"products\\/product-38.jpg\",\"products\\/product-52.jpg\",\"products\\/product-95.jpg\"]',NULL,'NC-148-A0',0,12,0,1,'in_stock',1,7,0,0,223,196.24,NULL,NULL,16,15,17,572,NULL,58223,'2025-08-02 02:15:44','2025-08-02 02:15:47',0,'Botble\\ACL\\Models\\User',NULL,'physical',NULL,NULL,0,'auto_generate',0,0,0,1),(73,'Large Green Bell Pepper','<p>Short Hooded Coat features a straight body, large pockets with button flaps, ventilation air holes, and a string detail along the hemline.</p>','<p>Short Hooded Coat features a straight body, large pockets with button flaps, ventilation air holes, and a string detail along the hemline. The style is completed with a drawstring hood, featuring Rains’ signature built-in cap. Made from waterproof, matte PU, this lightweight unisex rain jacket is an ode to nostalgia through its classic silhouette and utilitarian design details.</p>\n                                <p>- Casual unisex fit</p>\n\n                                <p>- 64% polyester, 36% polyurethane</p>\n\n                                <p>- Water column pressure: 4000 mm</p>\n\n                                <p>- Model is 187cm tall and wearing a size S / M</p>\n\n                                <p>- Unisex fit</p>\n\n                                <p>- Drawstring hood with built-in cap</p>\n\n                                <p>- Front placket with snap buttons</p>\n\n                                <p>- Ventilation under armpit</p>\n\n                                <p>- Adjustable cuffs</p>\n\n                                <p>- Double welted front pockets</p>\n\n                                <p>- Adjustable elastic string at hempen</p>\n\n                                <p>- Ultrasonically welded seams</p>\n\n                                <p>This is a unisex item, please check our clothing &amp; footwear sizing guide for specific Rains jacket sizing information. RAINS comes from the rainy nation of Denmark at the edge of the European continent, close to the ocean and with prevailing westerly winds; all factors that contribute to an average of 121 rain days each year. Arising from these rainy weather conditions comes the attitude that a quick rain shower may be beautiful, as well as moody- but first and foremost requires the right outfit. Rains focus on the whole experience of going outside on rainy days, issuing an invitation to explore even in the most mercurial weather.</p>','published','[\"products\\/product-72.jpg\",\"products\\/product-12.jpg\",\"products\\/product-26.jpg\",\"products\\/product-17.jpg\",\"products\\/product-92.jpg\",\"products\\/product-20.jpg\",\"products\\/product-23.jpg\",\"products\\/product-13.jpg\",\"products\\/product-41.jpg\",\"products\\/product-54.jpg\",\"products\\/product-51.jpg\"]',NULL,'NC-116-A0',0,11,0,1,'in_stock',1,2,0,0,271,NULL,NULL,NULL,19,19,16,519,NULL,27051,'2025-08-02 02:15:44','2025-08-02 02:15:47',0,'Botble\\ACL\\Models\\User',NULL,'digital',NULL,NULL,0,'auto_generate',0,0,0,1),(74,'Pice 94w Beasley Journal','<p>Short Hooded Coat features a straight body, large pockets with button flaps, ventilation air holes, and a string detail along the hemline.</p>','<p>Short Hooded Coat features a straight body, large pockets with button flaps, ventilation air holes, and a string detail along the hemline. The style is completed with a drawstring hood, featuring Rains’ signature built-in cap. Made from waterproof, matte PU, this lightweight unisex rain jacket is an ode to nostalgia through its classic silhouette and utilitarian design details.</p>\n                                <p>- Casual unisex fit</p>\n\n                                <p>- 64% polyester, 36% polyurethane</p>\n\n                                <p>- Water column pressure: 4000 mm</p>\n\n                                <p>- Model is 187cm tall and wearing a size S / M</p>\n\n                                <p>- Unisex fit</p>\n\n                                <p>- Drawstring hood with built-in cap</p>\n\n                                <p>- Front placket with snap buttons</p>\n\n                                <p>- Ventilation under armpit</p>\n\n                                <p>- Adjustable cuffs</p>\n\n                                <p>- Double welted front pockets</p>\n\n                                <p>- Adjustable elastic string at hempen</p>\n\n                                <p>- Ultrasonically welded seams</p>\n\n                                <p>This is a unisex item, please check our clothing &amp; footwear sizing guide for specific Rains jacket sizing information. RAINS comes from the rainy nation of Denmark at the edge of the European continent, close to the ocean and with prevailing westerly winds; all factors that contribute to an average of 121 rain days each year. Arising from these rainy weather conditions comes the attitude that a quick rain shower may be beautiful, as well as moody- but first and foremost requires the right outfit. Rains focus on the whole experience of going outside on rainy days, issuing an invitation to explore even in the most mercurial weather.</p>','published','[\"products\\/product-27.jpg\",\"products\\/product-69.jpg\",\"products\\/product-55.jpg\",\"products\\/product-83.jpg\",\"products\\/product-14.jpg\"]',NULL,'NC-150-A0',0,20,0,1,'in_stock',0,1,0,0,350,NULL,NULL,NULL,19,10,20,882,NULL,15954,'2025-08-02 02:15:44','2025-08-02 02:15:47',0,'Botble\\ACL\\Models\\User',NULL,'physical',NULL,NULL,0,'auto_generate',0,0,0,2),(75,'Province Piece Glass Drinking Glass','<p>Short Hooded Coat features a straight body, large pockets with button flaps, ventilation air holes, and a string detail along the hemline.</p>','<p>Short Hooded Coat features a straight body, large pockets with button flaps, ventilation air holes, and a string detail along the hemline. The style is completed with a drawstring hood, featuring Rains’ signature built-in cap. Made from waterproof, matte PU, this lightweight unisex rain jacket is an ode to nostalgia through its classic silhouette and utilitarian design details.</p>\n                                <p>- Casual unisex fit</p>\n\n                                <p>- 64% polyester, 36% polyurethane</p>\n\n                                <p>- Water column pressure: 4000 mm</p>\n\n                                <p>- Model is 187cm tall and wearing a size S / M</p>\n\n                                <p>- Unisex fit</p>\n\n                                <p>- Drawstring hood with built-in cap</p>\n\n                                <p>- Front placket with snap buttons</p>\n\n                                <p>- Ventilation under armpit</p>\n\n                                <p>- Adjustable cuffs</p>\n\n                                <p>- Double welted front pockets</p>\n\n                                <p>- Adjustable elastic string at hempen</p>\n\n                                <p>- Ultrasonically welded seams</p>\n\n                                <p>This is a unisex item, please check our clothing &amp; footwear sizing guide for specific Rains jacket sizing information. RAINS comes from the rainy nation of Denmark at the edge of the European continent, close to the ocean and with prevailing westerly winds; all factors that contribute to an average of 121 rain days each year. Arising from these rainy weather conditions comes the attitude that a quick rain shower may be beautiful, as well as moody- but first and foremost requires the right outfit. Rains focus on the whole experience of going outside on rainy days, issuing an invitation to explore even in the most mercurial weather.</p>','published','[\"products\\/product-39.jpg\",\"products\\/product-89.jpg\",\"products\\/product-90.jpg\",\"products\\/product-56.jpg\",\"products\\/product-72.jpg\",\"products\\/product-45.jpg\",\"products\\/product-43.jpg\",\"products\\/product-87.jpg\",\"products\\/product-68.jpg\",\"products\\/product-21.jpg\"]',NULL,'NC-194-A0',0,11,0,1,'in_stock',0,1,0,0,383,NULL,NULL,NULL,18,20,12,619,NULL,91648,'2025-08-02 02:15:44','2025-08-02 02:15:47',0,'Botble\\ACL\\Models\\User',NULL,'physical',NULL,NULL,0,'auto_generate',0,0,0,1),(76,'Miko Wooden Bluetooth Speaker',NULL,NULL,'published','[\"products\\/product-46.jpg\"]',NULL,'NC-137-A0',0,16,0,1,'in_stock',0,1,1,0,388,NULL,NULL,NULL,12,11,14,630,NULL,0,'2025-08-02 02:15:44','2025-08-02 02:15:47',0,'Botble\\ACL\\Models\\User',NULL,'digital',NULL,NULL,0,'auto_generate',0,0,0,NULL),(77,'Gorgeous Wooden Gloves',NULL,NULL,'published','[\"products\\/product-74.jpg\"]',NULL,'NC-156-A0',0,15,0,1,'in_stock',0,7,1,0,292,NULL,NULL,NULL,13,10,15,648,NULL,0,'2025-08-02 02:15:44','2025-08-02 02:15:47',0,'Botble\\ACL\\Models\\User',NULL,'physical',NULL,NULL,0,'auto_generate',0,0,0,NULL),(78,'Gorgeous Wooden Gloves',NULL,NULL,'published','[\"products\\/product-75.jpg\"]',NULL,'NC-156-A0-A1',0,15,0,1,'in_stock',0,7,1,0,292,NULL,NULL,NULL,13,10,15,648,NULL,0,'2025-08-02 02:15:44','2025-08-02 02:15:47',0,'Botble\\ACL\\Models\\User',NULL,'physical',NULL,NULL,0,'auto_generate',0,0,0,NULL),(79,'Pinkol Enormous Granite Bottle',NULL,NULL,'published','[\"products\\/product-94.jpg\"]',NULL,'NC-121-A0',0,10,0,1,'in_stock',0,5,1,0,211,NULL,NULL,NULL,19,11,19,693,NULL,0,'2025-08-02 02:15:44','2025-08-02 02:15:47',0,'Botble\\ACL\\Models\\User',NULL,'physical',NULL,NULL,0,'auto_generate',0,0,0,NULL),(80,'Pinkol Enormous Granite Bottle',NULL,NULL,'published','[\"products\\/product-25.jpg\"]',NULL,'NC-121-A0-A1',0,10,0,1,'in_stock',0,5,1,0,211,NULL,NULL,NULL,19,11,19,693,NULL,0,'2025-08-02 02:15:44','2025-08-02 02:15:47',0,'Botble\\ACL\\Models\\User',NULL,'physical',NULL,NULL,0,'auto_generate',0,0,0,NULL),(81,'Gorgeous Aluminum Table',NULL,NULL,'published','[\"products\\/product-64.jpg\"]',NULL,'NC-125-A0',0,16,0,1,'in_stock',0,2,1,0,386,270.2,NULL,NULL,20,13,17,562,NULL,0,'2025-08-02 02:15:44','2025-08-02 02:15:47',0,'Botble\\ACL\\Models\\User',NULL,'physical',NULL,NULL,0,'auto_generate',0,0,0,NULL),(82,'Evo Lightweight Granite Shirt',NULL,NULL,'published','[\"products\\/product-21.jpg\"]',NULL,'NC-145-A0',0,10,0,1,'in_stock',0,4,1,0,385,NULL,NULL,NULL,14,12,17,600,NULL,0,'2025-08-02 02:15:44','2025-08-02 02:15:47',0,'Botble\\ACL\\Models\\User',NULL,'digital',NULL,NULL,0,'auto_generate',0,0,0,NULL),(83,'Evo Lightweight Granite Shirt',NULL,NULL,'published','[\"products\\/product-48.jpg\"]',NULL,'NC-145-A0-A1',0,10,0,1,'in_stock',0,4,1,0,385,NULL,NULL,NULL,14,12,17,600,NULL,0,'2025-08-02 02:15:44','2025-08-02 02:15:47',0,'Botble\\ACL\\Models\\User',NULL,'digital',NULL,NULL,0,'auto_generate',0,0,0,NULL),(84,'CLCo. Incredible Paper Car',NULL,NULL,'published','[\"products\\/product-75.jpg\"]',NULL,'NC-189-A0',0,11,0,1,'in_stock',0,7,1,0,423,NULL,NULL,NULL,10,17,17,617,NULL,0,'2025-08-02 02:15:44','2025-08-02 02:15:47',0,'Botble\\ACL\\Models\\User',NULL,'physical',NULL,NULL,0,'auto_generate',0,0,0,NULL),(85,'CLCo. Incredible Paper Car',NULL,NULL,'published','[\"products\\/product-67.jpg\"]',NULL,'NC-189-A0-A1',0,11,0,1,'in_stock',0,7,1,0,423,NULL,NULL,NULL,10,17,17,617,NULL,0,'2025-08-02 02:15:44','2025-08-02 02:15:47',0,'Botble\\ACL\\Models\\User',NULL,'physical',NULL,NULL,0,'auto_generate',0,0,0,NULL),(86,'CLCo. Incredible Paper Car',NULL,NULL,'published','[\"products\\/product-20.jpg\"]',NULL,'NC-189-A0-A2',0,11,0,1,'in_stock',0,7,1,0,423,NULL,NULL,NULL,10,17,17,617,NULL,0,'2025-08-02 02:15:45','2025-08-02 02:15:47',0,'Botble\\ACL\\Models\\User',NULL,'physical',NULL,NULL,0,'auto_generate',0,0,0,NULL),(87,'CLCo. Incredible Paper Car',NULL,NULL,'published','[\"products\\/product-47.jpg\"]',NULL,'NC-189-A0-A3',0,11,0,1,'in_stock',0,7,1,0,423,NULL,NULL,NULL,10,17,17,617,NULL,0,'2025-08-02 02:15:45','2025-08-02 02:15:47',0,'Botble\\ACL\\Models\\User',NULL,'physical',NULL,NULL,0,'auto_generate',0,0,0,NULL),(88,'CLCo. Incredible Paper Car',NULL,NULL,'published','[\"products\\/product-58.jpg\"]',NULL,'NC-189-A0-A4',0,11,0,1,'in_stock',0,7,1,0,423,NULL,NULL,NULL,10,17,17,617,NULL,0,'2025-08-02 02:15:45','2025-08-02 02:15:47',0,'Botble\\ACL\\Models\\User',NULL,'physical',NULL,NULL,0,'auto_generate',0,0,0,NULL),(89,'Progash Durable Granite Hat',NULL,NULL,'published','[\"products\\/product-10.jpg\"]',NULL,'NC-129-A0',0,18,0,1,'in_stock',0,4,1,0,413,NULL,NULL,NULL,11,19,11,668,NULL,0,'2025-08-02 02:15:45','2025-08-02 02:15:47',0,'Botble\\ACL\\Models\\User',NULL,'physical',NULL,NULL,0,'auto_generate',0,0,0,NULL),(90,'Progash Durable Granite Hat',NULL,NULL,'published','[\"products\\/product-8.jpg\"]',NULL,'NC-129-A0-A1',0,18,0,1,'in_stock',0,4,1,0,413,NULL,NULL,NULL,11,19,11,668,NULL,0,'2025-08-02 02:15:45','2025-08-02 02:15:47',0,'Botble\\ACL\\Models\\User',NULL,'physical',NULL,NULL,0,'auto_generate',0,0,0,NULL),(91,'Purab Enormous Miranda Bottle',NULL,NULL,'published','[\"products\\/product-13.jpg\"]',NULL,'NC-154-A0',0,10,0,1,'in_stock',0,7,1,0,226,164.98,NULL,NULL,18,13,12,648,NULL,0,'2025-08-02 02:15:45','2025-08-02 02:15:47',0,'Botble\\ACL\\Models\\User',NULL,'physical',NULL,NULL,0,'auto_generate',0,0,0,NULL),(92,'Purab Enormous Miranda Bottle',NULL,NULL,'published','[\"products\\/product-44.jpg\"]',NULL,'NC-154-A0-A1',0,10,0,1,'in_stock',0,7,1,0,226,158.2,NULL,NULL,18,13,12,648,NULL,0,'2025-08-02 02:15:45','2025-08-02 02:15:47',0,'Botble\\ACL\\Models\\User',NULL,'physical',NULL,NULL,0,'auto_generate',0,0,0,NULL),(93,'Purab Enormous Miranda Bottle',NULL,NULL,'published','[\"products\\/product-39.jpg\"]',NULL,'NC-154-A0-A2',0,10,0,1,'in_stock',0,7,1,0,226,180.8,NULL,NULL,18,13,12,648,NULL,0,'2025-08-02 02:15:45','2025-08-02 02:15:47',0,'Botble\\ACL\\Models\\User',NULL,'physical',NULL,NULL,0,'auto_generate',0,0,0,NULL),(94,'Miklonda Co. Crafted Candles',NULL,NULL,'published','[\"products\\/product-34.jpg\"]',NULL,'NC-130-A0',0,19,0,1,'in_stock',0,6,1,0,270,NULL,NULL,NULL,18,12,14,518,NULL,0,'2025-08-02 02:15:45','2025-08-02 02:15:47',0,'Botble\\ACL\\Models\\User',NULL,'digital',NULL,NULL,0,'auto_generate',0,0,0,NULL),(95,'Pinkol Enormous Granite Bottle',NULL,NULL,'published','[\"products\\/product-3.jpg\"]',NULL,'NC-120-A0',0,11,0,1,'in_stock',0,4,1,0,498,NULL,NULL,NULL,11,14,12,735,NULL,0,'2025-08-02 02:15:45','2025-08-02 02:15:47',0,'Botble\\ACL\\Models\\User',NULL,'physical',NULL,NULL,0,'auto_generate',0,0,0,NULL),(96,'Pinkol Enormous Granite Bottle',NULL,NULL,'published','[\"products\\/product-33.jpg\"]',NULL,'NC-120-A0-A1',0,11,0,1,'in_stock',0,4,1,0,498,NULL,NULL,NULL,11,14,12,735,NULL,0,'2025-08-02 02:15:45','2025-08-02 02:15:47',0,'Botble\\ACL\\Models\\User',NULL,'physical',NULL,NULL,0,'auto_generate',0,0,0,NULL),(97,'Dual Camera 20MP',NULL,NULL,'published','[\"products\\/product-85.jpg\"]',NULL,'NC-184-A0',0,19,0,1,'in_stock',0,5,1,0,310,NULL,NULL,NULL,12,11,10,706,NULL,0,'2025-08-02 02:15:45','2025-08-02 02:15:47',0,'Botble\\ACL\\Models\\User',NULL,'physical',NULL,NULL,0,'auto_generate',0,0,0,NULL),(98,'Dual Camera 20MP',NULL,NULL,'published','[\"products\\/product-32.jpg\"]',NULL,'NC-184-A0-A1',0,19,0,1,'in_stock',0,5,1,0,310,NULL,NULL,NULL,12,11,10,706,NULL,0,'2025-08-02 02:15:45','2025-08-02 02:15:47',0,'Botble\\ACL\\Models\\User',NULL,'physical',NULL,NULL,0,'auto_generate',0,0,0,NULL),(99,'Smart Watches',NULL,NULL,'published','[\"products\\/product-1.jpg\"]',NULL,'NC-132-A0',0,17,0,1,'in_stock',0,3,1,0,400,280,NULL,NULL,17,16,16,864,NULL,0,'2025-08-02 02:15:45','2025-08-02 02:15:47',0,'Botble\\ACL\\Models\\User',NULL,'physical',NULL,NULL,0,'auto_generate',0,0,0,NULL),(100,'Smart Watches',NULL,NULL,'published','[\"products\\/product-42.jpg\"]',NULL,'NC-132-A0-A1',0,17,0,1,'in_stock',0,3,1,0,400,344,NULL,NULL,17,16,16,864,NULL,0,'2025-08-02 02:15:45','2025-08-02 02:15:47',0,'Botble\\ACL\\Models\\User',NULL,'physical',NULL,NULL,0,'auto_generate',0,0,0,NULL),(101,'Beat Headphone',NULL,NULL,'published','[\"products\\/product-71.jpg\"]',NULL,'NC-194-A0',0,20,0,1,'in_stock',0,3,1,0,292,NULL,NULL,NULL,20,17,10,503,NULL,0,'2025-08-02 02:15:45','2025-08-02 02:15:47',0,'Botble\\ACL\\Models\\User',NULL,'digital',NULL,NULL,0,'auto_generate',0,0,0,NULL),(102,'Red & Black Headphone',NULL,NULL,'published','[\"products\\/product-88.jpg\"]',NULL,'NC-192-A0',0,18,0,1,'in_stock',0,3,1,0,367,NULL,NULL,NULL,20,18,18,847,NULL,0,'2025-08-02 02:15:45','2025-08-02 02:15:47',0,'Botble\\ACL\\Models\\User',NULL,'physical',NULL,NULL,0,'auto_generate',0,0,0,NULL),(103,'Red & Black Headphone',NULL,NULL,'published','[\"products\\/product-54.jpg\"]',NULL,'NC-192-A0-A1',0,18,0,1,'in_stock',0,3,1,0,367,NULL,NULL,NULL,20,18,18,847,NULL,0,'2025-08-02 02:15:45','2025-08-02 02:15:47',0,'Botble\\ACL\\Models\\User',NULL,'physical',NULL,NULL,0,'auto_generate',0,0,0,NULL),(104,'Red & Black Headphone',NULL,NULL,'published','[\"products\\/product-39.jpg\"]',NULL,'NC-192-A0-A2',0,18,0,1,'in_stock',0,3,1,0,367,NULL,NULL,NULL,20,18,18,847,NULL,0,'2025-08-02 02:15:45','2025-08-02 02:15:47',0,'Botble\\ACL\\Models\\User',NULL,'physical',NULL,NULL,0,'auto_generate',0,0,0,NULL),(105,'Smart Watch External',NULL,NULL,'published','[\"products\\/product-68.jpg\"]',NULL,'NC-170-A0',0,11,0,1,'in_stock',0,7,1,0,389,NULL,NULL,NULL,18,15,17,512,NULL,0,'2025-08-02 02:15:45','2025-08-02 02:15:47',0,'Botble\\ACL\\Models\\User',NULL,'physical',NULL,NULL,0,'auto_generate',0,0,0,NULL),(106,'Smart Watch External',NULL,NULL,'published','[\"products\\/product-53.jpg\"]',NULL,'NC-170-A0-A1',0,11,0,1,'in_stock',0,7,1,0,389,NULL,NULL,NULL,18,15,17,512,NULL,0,'2025-08-02 02:15:45','2025-08-02 02:15:47',0,'Botble\\ACL\\Models\\User',NULL,'physical',NULL,NULL,0,'auto_generate',0,0,0,NULL),(107,'Smart Watch External',NULL,NULL,'published','[\"products\\/product-87.jpg\"]',NULL,'NC-170-A0-A2',0,11,0,1,'in_stock',0,7,1,0,389,NULL,NULL,NULL,18,15,17,512,NULL,0,'2025-08-02 02:15:45','2025-08-02 02:15:47',0,'Botble\\ACL\\Models\\User',NULL,'physical',NULL,NULL,0,'auto_generate',0,0,0,NULL),(108,'Nikon HD camera',NULL,NULL,'published','[\"products\\/product-25.jpg\"]',NULL,'NC-109-A0',0,12,0,1,'in_stock',0,1,1,0,400,352,NULL,NULL,20,16,12,528,NULL,0,'2025-08-02 02:15:45','2025-08-02 02:15:47',0,'Botble\\ACL\\Models\\User',NULL,'physical',NULL,NULL,0,'auto_generate',0,0,0,NULL),(109,'Audio Equipment',NULL,NULL,'published','[\"products\\/product-53.jpg\"]',NULL,'NC-176-A0',0,10,0,1,'in_stock',0,6,1,0,382,NULL,NULL,NULL,13,18,18,615,NULL,0,'2025-08-02 02:15:45','2025-08-02 02:15:47',0,'Botble\\ACL\\Models\\User',NULL,'digital',NULL,NULL,0,'auto_generate',0,0,0,NULL),(110,'Audio Equipment',NULL,NULL,'published','[\"products\\/product-54.jpg\"]',NULL,'NC-176-A0-A1',0,10,0,1,'in_stock',0,6,1,0,382,NULL,NULL,NULL,13,18,18,615,NULL,0,'2025-08-02 02:15:45','2025-08-02 02:15:47',0,'Botble\\ACL\\Models\\User',NULL,'digital',NULL,NULL,0,'auto_generate',0,0,0,NULL),(111,'Smart Televisions',NULL,NULL,'published','[\"products\\/product-43.jpg\"]',NULL,'NC-175-A0',0,15,0,1,'in_stock',0,3,1,0,475,NULL,NULL,NULL,20,12,19,864,NULL,0,'2025-08-02 02:15:45','2025-08-02 02:15:47',0,'Botble\\ACL\\Models\\User',NULL,'physical',NULL,NULL,0,'auto_generate',0,0,0,NULL),(112,'Smart Televisions',NULL,NULL,'published','[\"products\\/product-56.jpg\"]',NULL,'NC-175-A0-A1',0,15,0,1,'in_stock',0,3,1,0,475,NULL,NULL,NULL,20,12,19,864,NULL,0,'2025-08-02 02:15:45','2025-08-02 02:15:47',0,'Botble\\ACL\\Models\\User',NULL,'physical',NULL,NULL,0,'auto_generate',0,0,0,NULL),(113,'Smart Televisions',NULL,NULL,'published','[\"products\\/product-66.jpg\"]',NULL,'NC-175-A0-A2',0,15,0,1,'in_stock',0,3,1,0,475,NULL,NULL,NULL,20,12,19,864,NULL,0,'2025-08-02 02:15:45','2025-08-02 02:15:47',0,'Botble\\ACL\\Models\\User',NULL,'physical',NULL,NULL,0,'auto_generate',0,0,0,NULL),(114,'Smart Televisions',NULL,NULL,'published','[\"products\\/product-91.jpg\"]',NULL,'NC-175-A0-A3',0,15,0,1,'in_stock',0,3,1,0,475,NULL,NULL,NULL,20,12,19,864,NULL,0,'2025-08-02 02:15:45','2025-08-02 02:15:47',0,'Botble\\ACL\\Models\\User',NULL,'physical',NULL,NULL,0,'auto_generate',0,0,0,NULL),(115,'Samsung Smart Phone',NULL,NULL,'published','[\"products\\/product-66.jpg\"]',NULL,'NC-168-A0',0,16,0,1,'in_stock',0,7,1,0,319,NULL,NULL,NULL,18,20,19,532,NULL,0,'2025-08-02 02:15:45','2025-08-02 02:15:47',0,'Botble\\ACL\\Models\\User',NULL,'physical',NULL,NULL,0,'auto_generate',0,0,0,NULL),(116,'Samsung Smart Phone',NULL,NULL,'published','[\"products\\/product-13.jpg\"]',NULL,'NC-168-A0-A1',0,16,0,1,'in_stock',0,7,1,0,319,NULL,NULL,NULL,18,20,19,532,NULL,0,'2025-08-02 02:15:45','2025-08-02 02:15:47',0,'Botble\\ACL\\Models\\User',NULL,'physical',NULL,NULL,0,'auto_generate',0,0,0,NULL),(117,'Samsung Smart Phone',NULL,NULL,'published','[\"products\\/product-20.jpg\"]',NULL,'NC-168-A0-A2',0,16,0,1,'in_stock',0,7,1,0,319,NULL,NULL,NULL,18,20,19,532,NULL,0,'2025-08-02 02:15:45','2025-08-02 02:15:47',0,'Botble\\ACL\\Models\\User',NULL,'physical',NULL,NULL,0,'auto_generate',0,0,0,NULL),(118,'Samsung Smart Phone',NULL,NULL,'published','[\"products\\/product-47.jpg\"]',NULL,'NC-168-A0-A3',0,16,0,1,'in_stock',0,7,1,0,319,NULL,NULL,NULL,18,20,19,532,NULL,0,'2025-08-02 02:15:45','2025-08-02 02:15:47',0,'Botble\\ACL\\Models\\User',NULL,'physical',NULL,NULL,0,'auto_generate',0,0,0,NULL),(119,'Herschel Leather Duffle Bag In Brown Color',NULL,NULL,'published','[\"products\\/product-27.jpg\"]',NULL,'NC-154-A0',0,15,0,1,'in_stock',0,7,1,0,499,409.18,NULL,NULL,10,11,20,877,NULL,0,'2025-08-02 02:15:45','2025-08-02 02:15:47',0,'Botble\\ACL\\Models\\User',NULL,'physical',NULL,NULL,0,'auto_generate',0,0,0,NULL),(120,'Herschel Leather Duffle Bag In Brown Color',NULL,NULL,'published','[\"products\\/product-7.jpg\"]',NULL,'NC-154-A0-A1',0,15,0,1,'in_stock',0,7,1,0,499,359.28,NULL,NULL,10,11,20,877,NULL,0,'2025-08-02 02:15:45','2025-08-02 02:15:47',0,'Botble\\ACL\\Models\\User',NULL,'physical',NULL,NULL,0,'auto_generate',0,0,0,NULL),(121,'Xbox One Wireless Controller Black Color',NULL,NULL,'published','[\"products\\/product-56.jpg\"]',NULL,'NC-146-A0',0,20,0,1,'in_stock',0,3,1,0,448,NULL,NULL,NULL,19,12,19,854,NULL,0,'2025-08-02 02:15:45','2025-08-02 02:15:47',0,'Botble\\ACL\\Models\\User',NULL,'digital',NULL,NULL,0,'auto_generate',0,0,0,NULL),(122,'Xbox One Wireless Controller Black Color',NULL,NULL,'published','[\"products\\/product-73.jpg\"]',NULL,'NC-146-A0-A1',0,20,0,1,'in_stock',0,3,1,0,448,NULL,NULL,NULL,19,12,19,854,NULL,0,'2025-08-02 02:15:45','2025-08-02 02:15:47',0,'Botble\\ACL\\Models\\User',NULL,'digital',NULL,NULL,0,'auto_generate',0,0,0,NULL),(123,'Xbox One Wireless Controller Black Color',NULL,NULL,'published','[\"products\\/product-88.jpg\"]',NULL,'NC-146-A0-A2',0,20,0,1,'in_stock',0,3,1,0,448,NULL,NULL,NULL,19,12,19,854,NULL,0,'2025-08-02 02:15:45','2025-08-02 02:15:47',0,'Botble\\ACL\\Models\\User',NULL,'digital',NULL,NULL,0,'auto_generate',0,0,0,NULL),(124,'Xbox One Wireless Controller Black Color',NULL,NULL,'published','[\"products\\/product-47.jpg\"]',NULL,'NC-146-A0-A3',0,20,0,1,'in_stock',0,3,1,0,448,NULL,NULL,NULL,19,12,19,854,NULL,0,'2025-08-02 02:15:45','2025-08-02 02:15:47',0,'Botble\\ACL\\Models\\User',NULL,'digital',NULL,NULL,0,'auto_generate',0,0,0,NULL),(125,'EPSION Plaster Printer',NULL,NULL,'published','[\"products\\/product-46.jpg\"]',NULL,'NC-163-A0',0,12,0,1,'in_stock',0,5,1,0,386,NULL,NULL,NULL,20,17,16,810,NULL,0,'2025-08-02 02:15:45','2025-08-02 02:15:47',0,'Botble\\ACL\\Models\\User',NULL,'physical',NULL,NULL,0,'auto_generate',0,0,0,NULL),(126,'EPSION Plaster Printer',NULL,NULL,'published','[\"products\\/product-1.jpg\"]',NULL,'NC-163-A0-A1',0,12,0,1,'in_stock',0,5,1,0,386,NULL,NULL,NULL,20,17,16,810,NULL,0,'2025-08-02 02:15:45','2025-08-02 02:15:47',0,'Botble\\ACL\\Models\\User',NULL,'physical',NULL,NULL,0,'auto_generate',0,0,0,NULL),(127,'EPSION Plaster Printer',NULL,NULL,'published','[\"products\\/product-44.jpg\"]',NULL,'NC-163-A0-A2',0,12,0,1,'in_stock',0,5,1,0,386,NULL,NULL,NULL,20,17,16,810,NULL,0,'2025-08-02 02:15:45','2025-08-02 02:15:47',0,'Botble\\ACL\\Models\\User',NULL,'physical',NULL,NULL,0,'auto_generate',0,0,0,NULL),(128,'Sound Intone I65 Earphone White Version',NULL,NULL,'published','[\"products\\/product-54.jpg\"]',NULL,'NC-157-A0',0,11,0,1,'in_stock',0,2,1,0,273,NULL,NULL,NULL,16,20,18,514,NULL,0,'2025-08-02 02:15:45','2025-08-02 02:15:47',0,'Botble\\ACL\\Models\\User',NULL,'physical',NULL,NULL,0,'auto_generate',0,0,0,NULL),(129,'Sound Intone I65 Earphone White Version',NULL,NULL,'published','[\"products\\/product-47.jpg\"]',NULL,'NC-157-A0-A1',0,11,0,1,'in_stock',0,2,1,0,273,NULL,NULL,NULL,16,20,18,514,NULL,0,'2025-08-02 02:15:45','2025-08-02 02:15:47',0,'Botble\\ACL\\Models\\User',NULL,'physical',NULL,NULL,0,'auto_generate',0,0,0,NULL),(130,'Sound Intone I65 Earphone White Version',NULL,NULL,'published','[\"products\\/product-87.jpg\"]',NULL,'NC-157-A0-A2',0,11,0,1,'in_stock',0,2,1,0,273,NULL,NULL,NULL,16,20,18,514,NULL,0,'2025-08-02 02:15:45','2025-08-02 02:15:47',0,'Botble\\ACL\\Models\\User',NULL,'physical',NULL,NULL,0,'auto_generate',0,0,0,NULL),(131,'B&O Play Mini Bluetooth Speaker',NULL,NULL,'published','[\"products\\/product-95.jpg\"]',NULL,'NC-175-A0',0,10,0,1,'in_stock',0,4,1,0,300,225,NULL,NULL,16,11,10,660,NULL,0,'2025-08-02 02:15:45','2025-08-02 02:15:47',0,'Botble\\ACL\\Models\\User',NULL,'physical',NULL,NULL,0,'auto_generate',0,0,0,NULL),(132,'Apple MacBook Air Retina 13.3-Inch Laptop',NULL,NULL,'published','[\"products\\/product-83.jpg\"]',NULL,'NC-162-A0',0,10,0,1,'in_stock',0,5,1,0,421,NULL,NULL,NULL,12,16,10,549,NULL,0,'2025-08-02 02:15:45','2025-08-02 02:15:47',0,'Botble\\ACL\\Models\\User',NULL,'digital',NULL,NULL,0,'auto_generate',0,0,0,NULL),(133,'Apple MacBook Air Retina 13.3-Inch Laptop',NULL,NULL,'published','[\"products\\/product-39.jpg\"]',NULL,'NC-162-A0-A1',0,10,0,1,'in_stock',0,5,1,0,421,NULL,NULL,NULL,12,16,10,549,NULL,0,'2025-08-02 02:15:45','2025-08-02 02:15:47',0,'Botble\\ACL\\Models\\User',NULL,'digital',NULL,NULL,0,'auto_generate',0,0,0,NULL),(134,'Apple MacBook Air Retina 13.3-Inch Laptop',NULL,NULL,'published','[\"products\\/product-74.jpg\"]',NULL,'NC-162-A0-A2',0,10,0,1,'in_stock',0,5,1,0,421,NULL,NULL,NULL,12,16,10,549,NULL,0,'2025-08-02 02:15:45','2025-08-02 02:15:47',0,'Botble\\ACL\\Models\\User',NULL,'digital',NULL,NULL,0,'auto_generate',0,0,0,NULL),(135,'Apple MacBook Air Retina 13.3-Inch Laptop',NULL,NULL,'published','[\"products\\/product-49.jpg\"]',NULL,'NC-162-A0-A3',0,10,0,1,'in_stock',0,5,1,0,421,NULL,NULL,NULL,12,16,10,549,NULL,0,'2025-08-02 02:15:45','2025-08-02 02:15:47',0,'Botble\\ACL\\Models\\User',NULL,'digital',NULL,NULL,0,'auto_generate',0,0,0,NULL),(136,'Apple MacBook Air Retina 12-Inch Laptop',NULL,NULL,'published','[\"products\\/product-86.jpg\"]',NULL,'NC-147-A0',0,19,0,1,'in_stock',0,2,1,0,244,NULL,NULL,NULL,15,10,16,773,NULL,0,'2025-08-02 02:15:45','2025-08-02 02:15:47',0,'Botble\\ACL\\Models\\User',NULL,'physical',NULL,NULL,0,'auto_generate',0,0,0,NULL),(137,'Samsung Gear VR Virtual Reality Headset',NULL,NULL,'published','[\"products\\/product-18.jpg\"]',NULL,'NC-187-A0',0,15,0,1,'in_stock',0,3,1,0,493,NULL,NULL,NULL,10,13,20,551,NULL,0,'2025-08-02 02:15:45','2025-08-02 02:15:47',0,'Botble\\ACL\\Models\\User',NULL,'physical',NULL,NULL,0,'auto_generate',0,0,0,NULL),(138,'Samsung Gear VR Virtual Reality Headset',NULL,NULL,'published','[\"products\\/product-89.jpg\"]',NULL,'NC-187-A0-A1',0,15,0,1,'in_stock',0,3,1,0,493,NULL,NULL,NULL,10,13,20,551,NULL,0,'2025-08-02 02:15:45','2025-08-02 02:15:47',0,'Botble\\ACL\\Models\\User',NULL,'physical',NULL,NULL,0,'auto_generate',0,0,0,NULL),(139,'Samsung Gear VR Virtual Reality Headset',NULL,NULL,'published','[\"products\\/product-64.jpg\"]',NULL,'NC-187-A0-A2',0,15,0,1,'in_stock',0,3,1,0,493,NULL,NULL,NULL,10,13,20,551,NULL,0,'2025-08-02 02:15:45','2025-08-02 02:15:47',0,'Botble\\ACL\\Models\\User',NULL,'physical',NULL,NULL,0,'auto_generate',0,0,0,NULL),(140,'Samsung Gear VR Virtual Reality Headset',NULL,NULL,'published','[\"products\\/product-65.jpg\"]',NULL,'NC-187-A0-A3',0,15,0,1,'in_stock',0,3,1,0,493,NULL,NULL,NULL,10,13,20,551,NULL,0,'2025-08-02 02:15:45','2025-08-02 02:15:47',0,'Botble\\ACL\\Models\\User',NULL,'physical',NULL,NULL,0,'auto_generate',0,0,0,NULL),(141,'Aveeno Moisturizing Body Shower 450ml',NULL,NULL,'published','[\"products\\/product-4.jpg\"]',NULL,'NC-159-A0',0,20,0,1,'in_stock',0,7,1,0,245,183.75,NULL,NULL,19,13,19,787,NULL,0,'2025-08-02 02:15:45','2025-08-02 02:15:47',0,'Botble\\ACL\\Models\\User',NULL,'physical',NULL,NULL,0,'auto_generate',0,0,0,NULL),(142,'Aveeno Moisturizing Body Shower 450ml',NULL,NULL,'published','[\"products\\/product-6.jpg\"]',NULL,'NC-159-A0-A1',0,20,0,1,'in_stock',0,7,1,0,245,178.85,NULL,NULL,19,13,19,787,NULL,0,'2025-08-02 02:15:45','2025-08-02 02:15:47',0,'Botble\\ACL\\Models\\User',NULL,'physical',NULL,NULL,0,'auto_generate',0,0,0,NULL),(143,'Aveeno Moisturizing Body Shower 450ml',NULL,NULL,'published','[\"products\\/product-52.jpg\"]',NULL,'NC-159-A0-A2',0,20,0,1,'in_stock',0,7,1,0,245,193.55,NULL,NULL,19,13,19,787,NULL,0,'2025-08-02 02:15:45','2025-08-02 02:15:47',0,'Botble\\ACL\\Models\\User',NULL,'physical',NULL,NULL,0,'auto_generate',0,0,0,NULL),(144,'Aveeno Moisturizing Body Shower 450ml',NULL,NULL,'published','[\"products\\/product-5.jpg\"]',NULL,'NC-159-A0-A3',0,20,0,1,'in_stock',0,7,1,0,245,215.6,NULL,NULL,19,13,19,787,NULL,0,'2025-08-02 02:15:45','2025-08-02 02:15:47',0,'Botble\\ACL\\Models\\User',NULL,'physical',NULL,NULL,0,'auto_generate',0,0,0,NULL),(145,'NYX Beauty Couton Pallete Makeup 12',NULL,NULL,'published','[\"products\\/product-59.jpg\"]',NULL,'NC-176-A0',0,15,0,1,'in_stock',0,4,1,0,368,NULL,NULL,NULL,20,14,19,852,NULL,0,'2025-08-02 02:15:45','2025-08-02 02:15:47',0,'Botble\\ACL\\Models\\User',NULL,'digital',NULL,NULL,0,'auto_generate',0,0,0,NULL),(146,'NYX Beauty Couton Pallete Makeup 12',NULL,NULL,'published','[\"products\\/product-50.jpg\"]',NULL,'NC-127-A0',0,10,0,1,'in_stock',0,6,1,0,345,NULL,NULL,NULL,14,10,14,835,NULL,0,'2025-08-02 02:15:45','2025-08-02 02:15:47',0,'Botble\\ACL\\Models\\User',NULL,'physical',NULL,NULL,0,'auto_generate',0,0,0,NULL),(147,'NYX Beauty Couton Pallete Makeup 12',NULL,NULL,'published','[\"products\\/product-81.jpg\"]',NULL,'NC-127-A0-A1',0,10,0,1,'in_stock',0,6,1,0,345,NULL,NULL,NULL,14,10,14,835,NULL,0,'2025-08-02 02:15:45','2025-08-02 02:15:47',0,'Botble\\ACL\\Models\\User',NULL,'physical',NULL,NULL,0,'auto_generate',0,0,0,NULL),(148,'NYX Beauty Couton Pallete Makeup 12',NULL,NULL,'published','[\"products\\/product-73.jpg\"]',NULL,'NC-127-A0-A2',0,10,0,1,'in_stock',0,6,1,0,345,NULL,NULL,NULL,14,10,14,835,NULL,0,'2025-08-02 02:15:45','2025-08-02 02:15:47',0,'Botble\\ACL\\Models\\User',NULL,'physical',NULL,NULL,0,'auto_generate',0,0,0,NULL),(149,'MVMTH Classical Leather Watch In Black',NULL,NULL,'published','[\"products\\/product-82.jpg\"]',NULL,'NC-159-A0',0,18,0,1,'in_stock',0,2,1,0,256,NULL,NULL,NULL,15,17,18,645,NULL,0,'2025-08-02 02:15:45','2025-08-02 02:15:47',0,'Botble\\ACL\\Models\\User',NULL,'physical',NULL,NULL,0,'auto_generate',0,0,0,NULL),(150,'MVMTH Classical Leather Watch In Black',NULL,NULL,'published','[\"products\\/product-7.jpg\"]',NULL,'NC-159-A0-A1',0,18,0,1,'in_stock',0,2,1,0,256,NULL,NULL,NULL,15,17,18,645,NULL,0,'2025-08-02 02:15:45','2025-08-02 02:15:47',0,'Botble\\ACL\\Models\\User',NULL,'physical',NULL,NULL,0,'auto_generate',0,0,0,NULL),(151,'Baxter Care Hair Kit For Bearded Mens',NULL,NULL,'published','[\"products\\/product-82.jpg\"]',NULL,'NC-168-A0',0,15,0,1,'in_stock',0,6,1,0,422,337.6,NULL,NULL,10,13,20,759,NULL,0,'2025-08-02 02:15:45','2025-08-02 02:15:47',0,'Botble\\ACL\\Models\\User',NULL,'physical',NULL,NULL,0,'auto_generate',0,0,0,NULL),(152,'Baxter Care Hair Kit For Bearded Mens',NULL,NULL,'published','[\"products\\/product-23.jpg\"]',NULL,'NC-168-A0-A1',0,15,0,1,'in_stock',0,6,1,0,422,367.14,NULL,NULL,10,13,20,759,NULL,0,'2025-08-02 02:15:45','2025-08-02 02:15:47',0,'Botble\\ACL\\Models\\User',NULL,'physical',NULL,NULL,0,'auto_generate',0,0,0,NULL),(153,'Baxter Care Hair Kit For Bearded Mens',NULL,NULL,'published','[\"products\\/product-16.jpg\"]',NULL,'NC-168-A0-A2',0,15,0,1,'in_stock',0,6,1,0,422,329.16,NULL,NULL,10,13,20,759,NULL,0,'2025-08-02 02:15:45','2025-08-02 02:15:47',0,'Botble\\ACL\\Models\\User',NULL,'physical',NULL,NULL,0,'auto_generate',0,0,0,NULL),(154,'Ciate Palemore Lipstick Bold Red Color',NULL,NULL,'published','[\"products\\/product-83.jpg\"]',NULL,'NC-172-A0',0,10,0,1,'in_stock',0,3,1,0,493,NULL,NULL,NULL,11,16,18,585,NULL,0,'2025-08-02 02:15:45','2025-08-02 02:15:47',0,'Botble\\ACL\\Models\\User',NULL,'digital',NULL,NULL,0,'auto_generate',0,0,0,NULL),(155,'Ciate Palemore Lipstick Bold Red Color',NULL,NULL,'published','[\"products\\/product-66.jpg\"]',NULL,'NC-172-A0-A1',0,10,0,1,'in_stock',0,3,1,0,493,NULL,NULL,NULL,11,16,18,585,NULL,0,'2025-08-02 02:15:45','2025-08-02 02:15:47',0,'Botble\\ACL\\Models\\User',NULL,'digital',NULL,NULL,0,'auto_generate',0,0,0,NULL),(156,'Ciate Palemore Lipstick Bold Red Color',NULL,NULL,'published','[\"products\\/product-85.jpg\"]',NULL,'NC-172-A0-A2',0,10,0,1,'in_stock',0,3,1,0,493,NULL,NULL,NULL,11,16,18,585,NULL,0,'2025-08-02 02:15:45','2025-08-02 02:15:47',0,'Botble\\ACL\\Models\\User',NULL,'digital',NULL,NULL,0,'auto_generate',0,0,0,NULL),(157,'Ciate Palemore Lipstick Bold Red Color',NULL,NULL,'published','[\"products\\/product-27.jpg\"]',NULL,'NC-172-A0-A3',0,10,0,1,'in_stock',0,3,1,0,493,NULL,NULL,NULL,11,16,18,585,NULL,0,'2025-08-02 02:15:45','2025-08-02 02:15:47',0,'Botble\\ACL\\Models\\User',NULL,'digital',NULL,NULL,0,'auto_generate',0,0,0,NULL),(158,'Vimto Squash Remix Apple 1.5 Litres',NULL,NULL,'published','[\"products\\/product-41.jpg\"]',NULL,'NC-196-A0',0,20,0,1,'in_stock',0,2,1,0,270,NULL,NULL,NULL,16,13,16,554,NULL,0,'2025-08-02 02:15:45','2025-08-02 02:15:47',0,'Botble\\ACL\\Models\\User',NULL,'physical',NULL,NULL,0,'auto_generate',0,0,0,NULL),(159,'Crock Pot Slow Cooker',NULL,NULL,'published','[\"products\\/product-41.jpg\"]',NULL,'NC-138-A0',0,16,0,1,'in_stock',0,4,1,0,379,NULL,NULL,NULL,18,16,12,764,NULL,0,'2025-08-02 02:15:45','2025-08-02 02:15:47',0,'Botble\\ACL\\Models\\User',NULL,'physical',NULL,NULL,0,'auto_generate',0,0,0,NULL),(160,'Crock Pot Slow Cooker',NULL,NULL,'published','[\"products\\/product-80.jpg\"]',NULL,'NC-138-A0-A1',0,16,0,1,'in_stock',0,4,1,0,379,NULL,NULL,NULL,18,16,12,764,NULL,0,'2025-08-02 02:15:45','2025-08-02 02:15:47',0,'Botble\\ACL\\Models\\User',NULL,'physical',NULL,NULL,0,'auto_generate',0,0,0,NULL),(161,'Crock Pot Slow Cooker',NULL,NULL,'published','[\"products\\/product-12.jpg\"]',NULL,'NC-138-A0-A2',0,16,0,1,'in_stock',0,4,1,0,379,NULL,NULL,NULL,18,16,12,764,NULL,0,'2025-08-02 02:15:45','2025-08-02 02:15:47',0,'Botble\\ACL\\Models\\User',NULL,'physical',NULL,NULL,0,'auto_generate',0,0,0,NULL),(162,'Taylors of Harrogate Yorkshire Coffee',NULL,NULL,'published','[\"products\\/product-50.jpg\"]',NULL,'NC-185-A0',0,18,0,1,'in_stock',0,4,1,0,421,370.48,NULL,NULL,14,17,13,639,NULL,0,'2025-08-02 02:15:45','2025-08-02 02:15:47',0,'Botble\\ACL\\Models\\User',NULL,'physical',NULL,NULL,0,'auto_generate',0,0,0,NULL),(163,'Taylors of Harrogate Yorkshire Coffee',NULL,NULL,'published','[\"products\\/product-41.jpg\"]',NULL,'NC-185-A0-A1',0,18,0,1,'in_stock',0,4,1,0,421,298.91,NULL,NULL,14,17,13,639,NULL,0,'2025-08-02 02:15:45','2025-08-02 02:15:47',0,'Botble\\ACL\\Models\\User',NULL,'physical',NULL,NULL,0,'auto_generate',0,0,0,NULL),(164,'Soft Mochi & Galeto Ice Cream',NULL,NULL,'published','[\"products\\/product-5.jpg\"]',NULL,'NC-156-A0',0,20,0,1,'in_stock',0,1,1,0,378,NULL,NULL,NULL,19,10,11,635,NULL,0,'2025-08-02 02:15:45','2025-08-02 02:15:47',0,'Botble\\ACL\\Models\\User',NULL,'digital',NULL,NULL,0,'auto_generate',0,0,0,NULL),(165,'Soft Mochi & Galeto Ice Cream',NULL,NULL,'published','[\"products\\/product-92.jpg\"]',NULL,'NC-156-A0-A1',0,20,0,1,'in_stock',0,1,1,0,378,NULL,NULL,NULL,19,10,11,635,NULL,0,'2025-08-02 02:15:45','2025-08-02 02:15:47',0,'Botble\\ACL\\Models\\User',NULL,'digital',NULL,NULL,0,'auto_generate',0,0,0,NULL),(166,'Soft Mochi & Galeto Ice Cream',NULL,NULL,'published','[\"products\\/product-44.jpg\"]',NULL,'NC-156-A0-A2',0,20,0,1,'in_stock',0,1,1,0,378,NULL,NULL,NULL,19,10,11,635,NULL,0,'2025-08-02 02:15:45','2025-08-02 02:15:47',0,'Botble\\ACL\\Models\\User',NULL,'digital',NULL,NULL,0,'auto_generate',0,0,0,NULL),(167,'Soft Mochi & Galeto Ice Cream',NULL,NULL,'published','[\"products\\/product-63.jpg\"]',NULL,'NC-156-A0-A3',0,20,0,1,'in_stock',0,1,1,0,378,NULL,NULL,NULL,19,10,11,635,NULL,0,'2025-08-02 02:15:46','2025-08-02 02:15:47',0,'Botble\\ACL\\Models\\User',NULL,'digital',NULL,NULL,0,'auto_generate',0,0,0,NULL),(168,'Naked Noodle Egg Noodles Singapore',NULL,NULL,'published','[\"products\\/product-6.jpg\"]',NULL,'NC-111-A0',0,10,0,1,'in_stock',0,7,1,0,302,NULL,NULL,NULL,15,13,11,769,NULL,0,'2025-08-02 02:15:46','2025-08-02 02:15:47',0,'Botble\\ACL\\Models\\User',NULL,'physical',NULL,NULL,0,'auto_generate',0,0,0,NULL),(169,'Naked Noodle Egg Noodles Singapore',NULL,NULL,'published','[\"products\\/product-69.jpg\"]',NULL,'NC-111-A0-A1',0,10,0,1,'in_stock',0,7,1,0,302,NULL,NULL,NULL,15,13,11,769,NULL,0,'2025-08-02 02:15:46','2025-08-02 02:15:47',0,'Botble\\ACL\\Models\\User',NULL,'physical',NULL,NULL,0,'auto_generate',0,0,0,NULL),(170,'Saute Pan Silver',NULL,NULL,'published','[\"products\\/product-69.jpg\"]',NULL,'NC-140-A0',0,11,0,1,'in_stock',0,5,1,0,279,NULL,NULL,NULL,19,18,11,557,NULL,0,'2025-08-02 02:15:46','2025-08-02 02:15:47',0,'Botble\\ACL\\Models\\User',NULL,'physical',NULL,NULL,0,'auto_generate',0,0,0,NULL),(171,'Saute Pan Silver',NULL,NULL,'published','[\"products\\/product-71.jpg\"]',NULL,'NC-140-A0-A1',0,11,0,1,'in_stock',0,5,1,0,279,NULL,NULL,NULL,19,18,11,557,NULL,0,'2025-08-02 02:15:46','2025-08-02 02:15:47',0,'Botble\\ACL\\Models\\User',NULL,'physical',NULL,NULL,0,'auto_generate',0,0,0,NULL),(172,'Saute Pan Silver',NULL,NULL,'published','[\"products\\/product-70.jpg\"]',NULL,'NC-140-A0-A2',0,11,0,1,'in_stock',0,5,1,0,279,NULL,NULL,NULL,19,18,11,557,NULL,0,'2025-08-02 02:15:46','2025-08-02 02:15:47',0,'Botble\\ACL\\Models\\User',NULL,'physical',NULL,NULL,0,'auto_generate',0,0,0,NULL),(173,'Saute Pan Silver',NULL,NULL,'published','[\"products\\/product-41.jpg\"]',NULL,'NC-140-A0-A3',0,11,0,1,'in_stock',0,5,1,0,279,NULL,NULL,NULL,19,18,11,557,NULL,0,'2025-08-02 02:15:46','2025-08-02 02:15:47',0,'Botble\\ACL\\Models\\User',NULL,'physical',NULL,NULL,0,'auto_generate',0,0,0,NULL),(174,'Bar S – Classic Bun Length Franks',NULL,NULL,'published','[\"products\\/product-69.jpg\"]',NULL,'NC-130-A0',0,13,0,1,'in_stock',0,5,1,0,427,324.52,NULL,NULL,14,18,12,658,NULL,0,'2025-08-02 02:15:46','2025-08-02 02:15:47',0,'Botble\\ACL\\Models\\User',NULL,'physical',NULL,NULL,0,'auto_generate',0,0,0,NULL),(175,'Bar S – Classic Bun Length Franks',NULL,NULL,'published','[\"products\\/product-86.jpg\"]',NULL,'NC-130-A0-A1',0,13,0,1,'in_stock',0,5,1,0,427,367.22,NULL,NULL,14,18,12,658,NULL,0,'2025-08-02 02:15:46','2025-08-02 02:15:47',0,'Botble\\ACL\\Models\\User',NULL,'physical',NULL,NULL,0,'auto_generate',0,0,0,NULL),(176,'Broccoli Crowns',NULL,NULL,'published','[\"products\\/product-58.jpg\"]',NULL,'NC-109-A0',0,15,0,1,'in_stock',0,4,1,0,483,NULL,NULL,NULL,15,16,19,647,NULL,0,'2025-08-02 02:15:46','2025-08-02 02:15:47',0,'Botble\\ACL\\Models\\User',NULL,'digital',NULL,NULL,0,'auto_generate',0,0,0,NULL),(177,'Broccoli Crowns',NULL,NULL,'published','[\"products\\/product-73.jpg\"]',NULL,'NC-109-A0-A1',0,15,0,1,'in_stock',0,4,1,0,483,NULL,NULL,NULL,15,16,19,647,NULL,0,'2025-08-02 02:15:46','2025-08-02 02:15:47',0,'Botble\\ACL\\Models\\User',NULL,'digital',NULL,NULL,0,'auto_generate',0,0,0,NULL),(178,'Broccoli Crowns',NULL,NULL,'published','[\"products\\/product-53.jpg\"]',NULL,'NC-109-A0-A2',0,15,0,1,'in_stock',0,4,1,0,483,NULL,NULL,NULL,15,16,19,647,NULL,0,'2025-08-02 02:15:46','2025-08-02 02:15:47',0,'Botble\\ACL\\Models\\User',NULL,'digital',NULL,NULL,0,'auto_generate',0,0,0,NULL),(179,'Broccoli Crowns',NULL,NULL,'published','[\"products\\/product-91.jpg\"]',NULL,'NC-109-A0-A3',0,15,0,1,'in_stock',0,4,1,0,483,NULL,NULL,NULL,15,16,19,647,NULL,0,'2025-08-02 02:15:46','2025-08-02 02:15:47',0,'Botble\\ACL\\Models\\User',NULL,'digital',NULL,NULL,0,'auto_generate',0,0,0,NULL),(180,'Broccoli Crowns',NULL,NULL,'published','[\"products\\/product-89.jpg\"]',NULL,'NC-109-A0-A4',0,15,0,1,'in_stock',0,4,1,0,483,NULL,NULL,NULL,15,16,19,647,NULL,0,'2025-08-02 02:15:46','2025-08-02 02:15:47',0,'Botble\\ACL\\Models\\User',NULL,'digital',NULL,NULL,0,'auto_generate',0,0,0,NULL),(181,'Slimming World Vegan Mac Greens',NULL,NULL,'published','[\"products\\/product-13.jpg\"]',NULL,'NC-127-A0',0,18,0,1,'in_stock',0,6,1,0,312,NULL,NULL,NULL,16,17,12,783,NULL,0,'2025-08-02 02:15:46','2025-08-02 02:15:47',0,'Botble\\ACL\\Models\\User',NULL,'physical',NULL,NULL,0,'auto_generate',0,0,0,NULL),(182,'Slimming World Vegan Mac Greens',NULL,NULL,'published','[\"products\\/product-46.jpg\"]',NULL,'NC-127-A0-A1',0,18,0,1,'in_stock',0,6,1,0,312,NULL,NULL,NULL,16,17,12,783,NULL,0,'2025-08-02 02:15:46','2025-08-02 02:15:47',0,'Botble\\ACL\\Models\\User',NULL,'physical',NULL,NULL,0,'auto_generate',0,0,0,NULL),(183,'Slimming World Vegan Mac Greens',NULL,NULL,'published','[\"products\\/product-68.jpg\"]',NULL,'NC-127-A0-A2',0,18,0,1,'in_stock',0,6,1,0,312,NULL,NULL,NULL,16,17,12,783,NULL,0,'2025-08-02 02:15:46','2025-08-02 02:15:47',0,'Botble\\ACL\\Models\\User',NULL,'physical',NULL,NULL,0,'auto_generate',0,0,0,NULL),(184,'Slimming World Vegan Mac Greens',NULL,NULL,'published','[\"products\\/product-79.jpg\"]',NULL,'NC-127-A0-A3',0,18,0,1,'in_stock',0,6,1,0,312,NULL,NULL,NULL,16,17,12,783,NULL,0,'2025-08-02 02:15:46','2025-08-02 02:15:47',0,'Botble\\ACL\\Models\\User',NULL,'physical',NULL,NULL,0,'auto_generate',0,0,0,NULL),(185,'Häagen-Dazs Salted Caramel',NULL,NULL,'published','[\"products\\/product-2.jpg\"]',NULL,'NC-137-A0',0,15,0,1,'in_stock',0,2,1,0,491,NULL,NULL,NULL,19,17,13,816,NULL,0,'2025-08-02 02:15:46','2025-08-02 02:15:47',0,'Botble\\ACL\\Models\\User',NULL,'physical',NULL,NULL,0,'auto_generate',0,0,0,NULL),(186,'Iceland 3 Solo Exotic Burst',NULL,NULL,'published','[\"products\\/product-31.jpg\"]',NULL,'NC-186-A0',0,20,0,1,'in_stock',0,1,1,0,458,380.14,NULL,NULL,17,11,18,702,NULL,0,'2025-08-02 02:15:46','2025-08-02 02:15:47',0,'Botble\\ACL\\Models\\User',NULL,'physical',NULL,NULL,0,'auto_generate',0,0,0,NULL),(187,'Iceland 3 Solo Exotic Burst',NULL,NULL,'published','[\"products\\/product-35.jpg\"]',NULL,'NC-186-A0-A1',0,20,0,1,'in_stock',0,1,1,0,458,357.24,NULL,NULL,17,11,18,702,NULL,0,'2025-08-02 02:15:46','2025-08-02 02:15:47',0,'Botble\\ACL\\Models\\User',NULL,'physical',NULL,NULL,0,'auto_generate',0,0,0,NULL),(188,'Iceland 3 Solo Exotic Burst',NULL,NULL,'published','[\"products\\/product-84.jpg\"]',NULL,'NC-186-A0-A2',0,20,0,1,'in_stock',0,1,1,0,458,412.2,NULL,NULL,17,11,18,702,NULL,0,'2025-08-02 02:15:46','2025-08-02 02:15:47',0,'Botble\\ACL\\Models\\User',NULL,'physical',NULL,NULL,0,'auto_generate',0,0,0,NULL),(189,'Extreme Budweiser Light Can',NULL,NULL,'published','[\"products\\/product-17.jpg\"]',NULL,'NC-106-A0',0,13,0,1,'in_stock',0,2,1,0,297,NULL,NULL,NULL,18,17,15,762,NULL,0,'2025-08-02 02:15:46','2025-08-02 02:15:47',0,'Botble\\ACL\\Models\\User',NULL,'digital',NULL,NULL,0,'auto_generate',0,0,0,NULL),(190,'Iceland Macaroni Cheese Traybake',NULL,NULL,'published','[\"products\\/product-25.jpg\"]',NULL,'NC-105-A0',0,18,0,1,'in_stock',0,5,1,0,346,NULL,NULL,NULL,14,20,13,682,NULL,0,'2025-08-02 02:15:46','2025-08-02 02:15:47',0,'Botble\\ACL\\Models\\User',NULL,'physical',NULL,NULL,0,'auto_generate',0,0,0,NULL),(191,'Iceland Macaroni Cheese Traybake',NULL,NULL,'published','[\"products\\/product-24.jpg\"]',NULL,'NC-105-A0-A1',0,18,0,1,'in_stock',0,5,1,0,346,NULL,NULL,NULL,14,20,13,682,NULL,0,'2025-08-02 02:15:46','2025-08-02 02:15:47',0,'Botble\\ACL\\Models\\User',NULL,'physical',NULL,NULL,0,'auto_generate',0,0,0,NULL),(192,'Iceland Macaroni Cheese Traybake',NULL,NULL,'published','[\"products\\/product-42.jpg\"]',NULL,'NC-105-A0-A2',0,18,0,1,'in_stock',0,5,1,0,346,NULL,NULL,NULL,14,20,13,682,NULL,0,'2025-08-02 02:15:46','2025-08-02 02:15:47',0,'Botble\\ACL\\Models\\User',NULL,'physical',NULL,NULL,0,'auto_generate',0,0,0,NULL),(193,'Dolmio Bolognese Pasta Sauce',NULL,NULL,'published','[\"products\\/product-67.jpg\"]',NULL,'NC-156-A0',0,14,0,1,'in_stock',0,3,1,0,319,NULL,NULL,NULL,10,15,13,539,NULL,0,'2025-08-02 02:15:46','2025-08-02 02:15:47',0,'Botble\\ACL\\Models\\User',NULL,'physical',NULL,NULL,0,'auto_generate',0,0,0,NULL),(194,'Dolmio Bolognese Pasta Sauce',NULL,NULL,'published','[\"products\\/product-22.jpg\"]',NULL,'NC-156-A0-A1',0,14,0,1,'in_stock',0,3,1,0,319,NULL,NULL,NULL,10,15,13,539,NULL,0,'2025-08-02 02:15:46','2025-08-02 02:15:47',0,'Botble\\ACL\\Models\\User',NULL,'physical',NULL,NULL,0,'auto_generate',0,0,0,NULL),(195,'Dolmio Bolognese Pasta Sauce',NULL,NULL,'published','[\"products\\/product-47.jpg\"]',NULL,'NC-156-A0-A2',0,14,0,1,'in_stock',0,3,1,0,319,NULL,NULL,NULL,10,15,13,539,NULL,0,'2025-08-02 02:15:46','2025-08-02 02:15:47',0,'Botble\\ACL\\Models\\User',NULL,'physical',NULL,NULL,0,'auto_generate',0,0,0,NULL),(196,'Dolmio Bolognese Pasta Sauce',NULL,NULL,'published','[\"products\\/product-8.jpg\"]',NULL,'NC-156-A0-A3',0,14,0,1,'in_stock',0,3,1,0,319,NULL,NULL,NULL,10,15,13,539,NULL,0,'2025-08-02 02:15:46','2025-08-02 02:15:47',0,'Botble\\ACL\\Models\\User',NULL,'physical',NULL,NULL,0,'auto_generate',0,0,0,NULL),(197,'Sitema BakeIT Plastic Box',NULL,NULL,'published','[\"products\\/product-91.jpg\"]',NULL,'NC-139-A0',0,10,0,1,'in_stock',0,2,1,0,266,196.84,NULL,NULL,18,14,11,884,NULL,0,'2025-08-02 02:15:46','2025-08-02 02:15:47',0,'Botble\\ACL\\Models\\User',NULL,'physical',NULL,NULL,0,'auto_generate',0,0,0,NULL),(198,'Wayfair Basics Dinner Plate Storage',NULL,NULL,'published','[\"products\\/product-27.jpg\"]',NULL,'NC-137-A0',0,11,0,1,'in_stock',0,2,1,0,435,NULL,NULL,NULL,11,15,17,753,NULL,0,'2025-08-02 02:15:46','2025-08-02 02:15:47',0,'Botble\\ACL\\Models\\User',NULL,'digital',NULL,NULL,0,'auto_generate',0,0,0,NULL),(199,'Wayfair Basics Dinner Plate Storage',NULL,NULL,'published','[\"products\\/product-83.jpg\"]',NULL,'NC-137-A0-A1',0,11,0,1,'in_stock',0,2,1,0,435,NULL,NULL,NULL,11,15,17,753,NULL,0,'2025-08-02 02:15:46','2025-08-02 02:15:47',0,'Botble\\ACL\\Models\\User',NULL,'digital',NULL,NULL,0,'auto_generate',0,0,0,NULL),(200,'Miko The Panda Water Bottle',NULL,NULL,'published','[\"products\\/product-18.jpg\"]',NULL,'NC-173-A0',0,12,0,1,'in_stock',0,7,1,0,263,NULL,NULL,NULL,17,16,11,800,NULL,0,'2025-08-02 02:15:46','2025-08-02 02:15:47',0,'Botble\\ACL\\Models\\User',NULL,'physical',NULL,NULL,0,'auto_generate',0,0,0,NULL),(201,'Miko The Panda Water Bottle',NULL,NULL,'published','[\"products\\/product-24.jpg\"]',NULL,'NC-173-A0-A1',0,12,0,1,'in_stock',0,7,1,0,263,NULL,NULL,NULL,17,16,11,800,NULL,0,'2025-08-02 02:15:46','2025-08-02 02:15:47',0,'Botble\\ACL\\Models\\User',NULL,'physical',NULL,NULL,0,'auto_generate',0,0,0,NULL),(202,'Miko The Panda Water Bottle',NULL,NULL,'published','[\"products\\/product-56.jpg\"]',NULL,'NC-173-A0-A2',0,12,0,1,'in_stock',0,7,1,0,263,NULL,NULL,NULL,17,16,11,800,NULL,0,'2025-08-02 02:15:46','2025-08-02 02:15:47',0,'Botble\\ACL\\Models\\User',NULL,'physical',NULL,NULL,0,'auto_generate',0,0,0,NULL),(203,'Sesame Seed Bread',NULL,NULL,'published','[\"products\\/product-11.jpg\"]',NULL,'NC-122-A0',0,10,0,1,'in_stock',0,3,1,0,325,NULL,NULL,NULL,10,12,20,754,NULL,0,'2025-08-02 02:15:46','2025-08-02 02:15:47',0,'Botble\\ACL\\Models\\User',NULL,'physical',NULL,NULL,0,'auto_generate',0,0,0,NULL),(204,'Sesame Seed Bread',NULL,NULL,'published','[\"products\\/product-21.jpg\"]',NULL,'NC-122-A0-A1',0,10,0,1,'in_stock',0,3,1,0,325,NULL,NULL,NULL,10,12,20,754,NULL,0,'2025-08-02 02:15:46','2025-08-02 02:15:47',0,'Botble\\ACL\\Models\\User',NULL,'physical',NULL,NULL,0,'auto_generate',0,0,0,NULL),(205,'Morrisons The Best Beef',NULL,NULL,'published','[\"products\\/product-17.jpg\"]',NULL,'NC-127-A0',0,16,0,1,'in_stock',0,5,1,0,356,320.4,NULL,NULL,16,17,20,606,NULL,0,'2025-08-02 02:15:46','2025-08-02 02:15:47',0,'Botble\\ACL\\Models\\User',NULL,'physical',NULL,NULL,0,'auto_generate',0,0,0,NULL),(206,'Avocado, Hass Large',NULL,NULL,'published','[\"products\\/product-24.jpg\"]',NULL,'NC-195-A0',0,19,0,1,'in_stock',0,4,1,0,239,NULL,NULL,NULL,14,16,18,631,NULL,0,'2025-08-02 02:15:46','2025-08-02 02:15:47',0,'Botble\\ACL\\Models\\User',NULL,'digital',NULL,NULL,0,'auto_generate',0,0,0,NULL),(207,'Avocado, Hass Large',NULL,NULL,'published','[\"products\\/product-81.jpg\"]',NULL,'NC-195-A0-A1',0,19,0,1,'in_stock',0,4,1,0,239,NULL,NULL,NULL,14,16,18,631,NULL,0,'2025-08-02 02:15:46','2025-08-02 02:15:47',0,'Botble\\ACL\\Models\\User',NULL,'digital',NULL,NULL,0,'auto_generate',0,0,0,NULL),(208,'Italia Beef Lasagne',NULL,NULL,'published','[\"products\\/product-49.jpg\"]',NULL,'NC-178-A0',0,11,0,1,'in_stock',0,2,1,0,405,NULL,NULL,NULL,10,18,20,827,NULL,0,'2025-08-02 02:15:46','2025-08-02 02:15:47',0,'Botble\\ACL\\Models\\User',NULL,'physical',NULL,NULL,0,'auto_generate',0,0,0,NULL),(209,'Italia Beef Lasagne',NULL,NULL,'published','[\"products\\/product-27.jpg\"]',NULL,'NC-178-A0-A1',0,11,0,1,'in_stock',0,2,1,0,405,NULL,NULL,NULL,10,18,20,827,NULL,0,'2025-08-02 02:15:46','2025-08-02 02:15:47',0,'Botble\\ACL\\Models\\User',NULL,'physical',NULL,NULL,0,'auto_generate',0,0,0,NULL),(210,'Italia Beef Lasagne',NULL,NULL,'published','[\"products\\/product-53.jpg\"]',NULL,'NC-178-A0-A2',0,11,0,1,'in_stock',0,2,1,0,405,NULL,NULL,NULL,10,18,20,827,NULL,0,'2025-08-02 02:15:46','2025-08-02 02:15:47',0,'Botble\\ACL\\Models\\User',NULL,'physical',NULL,NULL,0,'auto_generate',0,0,0,NULL),(211,'Italia Beef Lasagne',NULL,NULL,'published','[\"products\\/product-38.jpg\"]',NULL,'NC-178-A0-A3',0,11,0,1,'in_stock',0,2,1,0,405,NULL,NULL,NULL,10,18,20,827,NULL,0,'2025-08-02 02:15:46','2025-08-02 02:15:47',0,'Botble\\ACL\\Models\\User',NULL,'physical',NULL,NULL,0,'auto_generate',0,0,0,NULL),(212,'Italia Beef Lasagne',NULL,NULL,'published','[\"products\\/product-2.jpg\"]',NULL,'NC-178-A0-A4',0,11,0,1,'in_stock',0,2,1,0,405,NULL,NULL,NULL,10,18,20,827,NULL,0,'2025-08-02 02:15:46','2025-08-02 02:15:47',0,'Botble\\ACL\\Models\\User',NULL,'physical',NULL,NULL,0,'auto_generate',0,0,0,NULL),(213,'Maxwell House Classic Roast Mocha',NULL,NULL,'published','[\"products\\/product-28.jpg\"]',NULL,'NC-113-A0',0,19,0,1,'in_stock',0,7,1,0,319,NULL,NULL,NULL,14,18,17,795,NULL,0,'2025-08-02 02:15:46','2025-08-02 02:15:47',0,'Botble\\ACL\\Models\\User',NULL,'physical',NULL,NULL,0,'auto_generate',0,0,0,NULL),(214,'Maxwell House Classic Roast Mocha',NULL,NULL,'published','[\"products\\/product-70.jpg\"]',NULL,'NC-113-A0-A1',0,19,0,1,'in_stock',0,7,1,0,319,NULL,NULL,NULL,14,18,17,795,NULL,0,'2025-08-02 02:15:46','2025-08-02 02:15:47',0,'Botble\\ACL\\Models\\User',NULL,'physical',NULL,NULL,0,'auto_generate',0,0,0,NULL),(215,'Maxwell House Classic Roast Mocha',NULL,NULL,'published','[\"products\\/product-83.jpg\"]',NULL,'NC-113-A0-A2',0,19,0,1,'in_stock',0,7,1,0,319,NULL,NULL,NULL,14,18,17,795,NULL,0,'2025-08-02 02:15:46','2025-08-02 02:15:47',0,'Botble\\ACL\\Models\\User',NULL,'physical',NULL,NULL,0,'auto_generate',0,0,0,NULL),(216,'Bottled Pure Water 500ml',NULL,NULL,'published','[\"products\\/product-82.jpg\"]',NULL,'NC-118-A0',0,18,0,1,'in_stock',0,7,1,0,255,219.3,NULL,NULL,13,15,16,551,NULL,0,'2025-08-02 02:15:46','2025-08-02 02:15:47',0,'Botble\\ACL\\Models\\User',NULL,'physical',NULL,NULL,0,'auto_generate',0,0,0,NULL),(217,'Bottled Pure Water 500ml',NULL,NULL,'published','[\"products\\/product-55.jpg\"]',NULL,'NC-118-A0-A1',0,18,0,1,'in_stock',0,7,1,0,255,209.1,NULL,NULL,13,15,16,551,NULL,0,'2025-08-02 02:15:46','2025-08-02 02:15:47',0,'Botble\\ACL\\Models\\User',NULL,'physical',NULL,NULL,0,'auto_generate',0,0,0,NULL),(218,'Bottled Pure Water 500ml',NULL,NULL,'published','[\"products\\/product-94.jpg\"]',NULL,'NC-118-A0-A2',0,18,0,1,'in_stock',0,7,1,0,255,186.15,NULL,NULL,13,15,16,551,NULL,0,'2025-08-02 02:15:46','2025-08-02 02:15:47',0,'Botble\\ACL\\Models\\User',NULL,'physical',NULL,NULL,0,'auto_generate',0,0,0,NULL),(219,'Bottled Pure Water 500ml',NULL,NULL,'published','[\"products\\/product-1.jpg\"]',NULL,'NC-118-A0-A3',0,18,0,1,'in_stock',0,7,1,0,255,186.15,NULL,NULL,13,15,16,551,NULL,0,'2025-08-02 02:15:46','2025-08-02 02:15:47',0,'Botble\\ACL\\Models\\User',NULL,'physical',NULL,NULL,0,'auto_generate',0,0,0,NULL),(220,'Famart Farmhouse Soft White',NULL,NULL,'published','[\"products\\/product-57.jpg\"]',NULL,'NC-109-A0',0,16,0,1,'in_stock',0,5,1,0,380,NULL,NULL,NULL,18,19,13,818,NULL,0,'2025-08-02 02:15:46','2025-08-02 02:15:47',0,'Botble\\ACL\\Models\\User',NULL,'digital',NULL,NULL,0,'auto_generate',0,0,0,NULL),(221,'Famart Farmhouse Soft White',NULL,NULL,'published','[\"products\\/product-51.jpg\"]',NULL,'NC-109-A0-A1',0,16,0,1,'in_stock',0,5,1,0,380,NULL,NULL,NULL,18,19,13,818,NULL,0,'2025-08-02 02:15:46','2025-08-02 02:15:47',0,'Botble\\ACL\\Models\\User',NULL,'digital',NULL,NULL,0,'auto_generate',0,0,0,NULL),(222,'Famart Farmhouse Soft White',NULL,NULL,'published','[\"products\\/product-10.jpg\"]',NULL,'NC-109-A0-A2',0,16,0,1,'in_stock',0,5,1,0,380,NULL,NULL,NULL,18,19,13,818,NULL,0,'2025-08-02 02:15:46','2025-08-02 02:15:47',0,'Botble\\ACL\\Models\\User',NULL,'digital',NULL,NULL,0,'auto_generate',0,0,0,NULL),(223,'Coca-Cola Original Taste',NULL,NULL,'published','[\"products\\/product-42.jpg\"]',NULL,'NC-149-A0',0,14,0,1,'in_stock',0,6,1,0,435,NULL,NULL,NULL,16,19,20,732,NULL,0,'2025-08-02 02:15:46','2025-08-02 02:15:47',0,'Botble\\ACL\\Models\\User',NULL,'physical',NULL,NULL,0,'auto_generate',0,0,0,NULL),(224,'Coca-Cola Original Taste',NULL,NULL,'published','[\"products\\/product-54.jpg\"]',NULL,'NC-149-A0-A1',0,14,0,1,'in_stock',0,6,1,0,435,NULL,NULL,NULL,16,19,20,732,NULL,0,'2025-08-02 02:15:46','2025-08-02 02:15:47',0,'Botble\\ACL\\Models\\User',NULL,'physical',NULL,NULL,0,'auto_generate',0,0,0,NULL),(225,'Coca-Cola Original Taste',NULL,NULL,'published','[\"products\\/product-33.jpg\"]',NULL,'NC-149-A0-A2',0,14,0,1,'in_stock',0,6,1,0,435,NULL,NULL,NULL,16,19,20,732,NULL,0,'2025-08-02 02:15:46','2025-08-02 02:15:47',0,'Botble\\ACL\\Models\\User',NULL,'physical',NULL,NULL,0,'auto_generate',0,0,0,NULL),(226,'Coca-Cola Original Taste',NULL,NULL,'published','[\"products\\/product-91.jpg\"]',NULL,'NC-149-A0-A3',0,14,0,1,'in_stock',0,6,1,0,435,NULL,NULL,NULL,16,19,20,732,NULL,0,'2025-08-02 02:15:46','2025-08-02 02:15:47',0,'Botble\\ACL\\Models\\User',NULL,'physical',NULL,NULL,0,'auto_generate',0,0,0,NULL),(227,'Casillero Diablo Cabernet Sauvignon',NULL,NULL,'published','[\"products\\/product-26.jpg\"]',NULL,'NC-162-A0',0,18,0,1,'in_stock',0,4,1,0,477,NULL,NULL,NULL,18,10,12,865,NULL,0,'2025-08-02 02:15:46','2025-08-02 02:15:47',0,'Botble\\ACL\\Models\\User',NULL,'physical',NULL,NULL,0,'auto_generate',0,0,0,NULL),(228,'Arla Organic Free Range Milk',NULL,NULL,'published','[\"products\\/product-81.jpg\"]',NULL,'NC-157-A0',0,11,0,1,'in_stock',0,2,1,0,252,201.6,NULL,NULL,18,16,19,885,NULL,0,'2025-08-02 02:15:46','2025-08-02 02:15:47',0,'Botble\\ACL\\Models\\User',NULL,'physical',NULL,NULL,0,'auto_generate',0,0,0,NULL),(229,'Arla Organic Free Range Milk',NULL,NULL,'published','[\"products\\/product-74.jpg\"]',NULL,'NC-157-A0-A1',0,11,0,1,'in_stock',0,2,1,0,252,194.04,NULL,NULL,18,16,19,885,NULL,0,'2025-08-02 02:15:46','2025-08-02 02:15:47',0,'Botble\\ACL\\Models\\User',NULL,'physical',NULL,NULL,0,'auto_generate',0,0,0,NULL),(230,'Arla Organic Free Range Milk',NULL,NULL,'published','[\"products\\/product-13.jpg\"]',NULL,'NC-157-A0-A2',0,11,0,1,'in_stock',0,2,1,0,252,189,NULL,NULL,18,16,19,885,NULL,0,'2025-08-02 02:15:46','2025-08-02 02:15:47',0,'Botble\\ACL\\Models\\User',NULL,'physical',NULL,NULL,0,'auto_generate',0,0,0,NULL),(231,'Arla Organic Free Range Milk',NULL,NULL,'published','[\"products\\/product-33.jpg\"]',NULL,'NC-157-A0-A3',0,11,0,1,'in_stock',0,2,1,0,252,224.28,NULL,NULL,18,16,19,885,NULL,0,'2025-08-02 02:15:46','2025-08-02 02:15:47',0,'Botble\\ACL\\Models\\User',NULL,'physical',NULL,NULL,0,'auto_generate',0,0,0,NULL),(232,'Aptamil Follow On Baby Milk',NULL,NULL,'published','[\"products\\/product-59.jpg\"]',NULL,'NC-158-A0',0,20,0,1,'in_stock',0,1,1,0,260,NULL,NULL,NULL,13,10,11,847,NULL,0,'2025-08-02 02:15:46','2025-08-02 02:15:47',0,'Botble\\ACL\\Models\\User',NULL,'digital',NULL,NULL,0,'auto_generate',0,0,0,NULL),(233,'Cuisinart Chef’S Classic Hard-Anodized',NULL,NULL,'published','[\"products\\/product-80.jpg\"]',NULL,'NC-127-A0',0,19,0,1,'in_stock',0,3,1,0,316,NULL,NULL,NULL,10,19,20,745,NULL,0,'2025-08-02 02:15:46','2025-08-02 02:15:47',0,'Botble\\ACL\\Models\\User',NULL,'physical',NULL,NULL,0,'auto_generate',0,0,0,NULL),(234,'Cuisinart Chef’S Classic Hard-Anodized',NULL,NULL,'published','[\"products\\/product-12.jpg\"]',NULL,'NC-127-A0-A1',0,19,0,1,'in_stock',0,3,1,0,316,NULL,NULL,NULL,10,19,20,745,NULL,0,'2025-08-02 02:15:46','2025-08-02 02:15:47',0,'Botble\\ACL\\Models\\User',NULL,'physical',NULL,NULL,0,'auto_generate',0,0,0,NULL),(235,'Cuisinart Chef’S Classic Hard-Anodized',NULL,NULL,'published','[\"products\\/product-25.jpg\"]',NULL,'NC-127-A0-A2',0,19,0,1,'in_stock',0,3,1,0,316,NULL,NULL,NULL,10,19,20,745,NULL,0,'2025-08-02 02:15:46','2025-08-02 02:15:47',0,'Botble\\ACL\\Models\\User',NULL,'physical',NULL,NULL,0,'auto_generate',0,0,0,NULL),(236,'Corn, Yellow Sweet',NULL,NULL,'published','[\"products\\/product-45.jpg\"]',NULL,'NC-133-A0',0,15,0,1,'in_stock',0,4,1,0,200,NULL,NULL,NULL,20,10,19,662,NULL,0,'2025-08-02 02:15:46','2025-08-02 02:15:47',0,'Botble\\ACL\\Models\\User',NULL,'physical',NULL,NULL,0,'auto_generate',0,0,0,NULL),(237,'Corn, Yellow Sweet',NULL,NULL,'published','[\"products\\/product-9.jpg\"]',NULL,'NC-133-A0-A1',0,15,0,1,'in_stock',0,4,1,0,200,NULL,NULL,NULL,20,10,19,662,NULL,0,'2025-08-02 02:15:46','2025-08-02 02:15:47',0,'Botble\\ACL\\Models\\User',NULL,'physical',NULL,NULL,0,'auto_generate',0,0,0,NULL),(238,'Hobnobs The Nobbly Biscuit',NULL,NULL,'published','[\"products\\/product-92.jpg\"]',NULL,'NC-111-A0',0,17,0,1,'in_stock',0,1,1,0,433,355.06,NULL,NULL,17,19,15,683,NULL,0,'2025-08-02 02:15:46','2025-08-02 02:15:47',0,'Botble\\ACL\\Models\\User',NULL,'physical',NULL,NULL,0,'auto_generate',0,0,0,NULL),(239,'Hobnobs The Nobbly Biscuit',NULL,NULL,'published','[\"products\\/product-61.jpg\"]',NULL,'NC-111-A0-A1',0,17,0,1,'in_stock',0,1,1,0,433,333.41,NULL,NULL,17,19,15,683,NULL,0,'2025-08-02 02:15:46','2025-08-02 02:15:47',0,'Botble\\ACL\\Models\\User',NULL,'physical',NULL,NULL,0,'auto_generate',0,0,0,NULL),(240,'Hobnobs The Nobbly Biscuit',NULL,NULL,'published','[\"products\\/product-91.jpg\"]',NULL,'NC-111-A0-A2',0,17,0,1,'in_stock',0,1,1,0,433,359.39,NULL,NULL,17,19,15,683,NULL,0,'2025-08-02 02:15:46','2025-08-02 02:15:47',0,'Botble\\ACL\\Models\\User',NULL,'physical',NULL,NULL,0,'auto_generate',0,0,0,NULL),(241,'Honest Organic Still Lemonade',NULL,NULL,'published','[\"products\\/product-22.jpg\"]',NULL,'NC-144-A0',0,19,0,1,'in_stock',0,1,1,0,459,NULL,NULL,NULL,12,17,12,793,NULL,0,'2025-08-02 02:15:46','2025-08-02 02:15:47',0,'Botble\\ACL\\Models\\User',NULL,'digital',NULL,NULL,0,'auto_generate',0,0,0,NULL),(242,'Honest Organic Still Lemonade',NULL,NULL,'published','[\"products\\/product-2.jpg\"]',NULL,'NC-144-A0-A1',0,19,0,1,'in_stock',0,1,1,0,459,NULL,NULL,NULL,12,17,12,793,NULL,0,'2025-08-02 02:15:46','2025-08-02 02:15:47',0,'Botble\\ACL\\Models\\User',NULL,'digital',NULL,NULL,0,'auto_generate',0,0,0,NULL),(243,'Honest Organic Still Lemonade',NULL,NULL,'published','[\"products\\/product-23.jpg\"]',NULL,'NC-144-A0-A2',0,19,0,1,'in_stock',0,1,1,0,459,NULL,NULL,NULL,12,17,12,793,NULL,0,'2025-08-02 02:15:47','2025-08-02 02:15:47',0,'Botble\\ACL\\Models\\User',NULL,'digital',NULL,NULL,0,'auto_generate',0,0,0,NULL),(244,'Ice Beck’s Beer 350ml x 24 Pieces',NULL,NULL,'published','[\"products\\/product-39.jpg\"]',NULL,'NC-161-A0',0,15,0,1,'in_stock',0,3,1,0,446,NULL,NULL,NULL,18,11,18,590,NULL,0,'2025-08-02 02:15:47','2025-08-02 02:15:47',0,'Botble\\ACL\\Models\\User',NULL,'physical',NULL,NULL,0,'auto_generate',0,0,0,NULL),(245,'Ice Beck’s Beer 350ml x 24 Pieces',NULL,NULL,'published','[\"products\\/product-22.jpg\"]',NULL,'NC-161-A0-A1',0,15,0,1,'in_stock',0,3,1,0,446,NULL,NULL,NULL,18,11,18,590,NULL,0,'2025-08-02 02:15:47','2025-08-02 02:15:47',0,'Botble\\ACL\\Models\\User',NULL,'physical',NULL,NULL,0,'auto_generate',0,0,0,NULL),(246,'Iceland 6 Hot Cross Buns',NULL,NULL,'published','[\"products\\/product-49.jpg\"]',NULL,'NC-160-A0',0,10,0,1,'in_stock',0,3,1,0,247,NULL,NULL,NULL,15,10,13,525,NULL,0,'2025-08-02 02:15:47','2025-08-02 02:15:47',0,'Botble\\ACL\\Models\\User',NULL,'physical',NULL,NULL,0,'auto_generate',0,0,0,NULL),(247,'Iceland 6 Hot Cross Buns',NULL,NULL,'published','[\"products\\/product-42.jpg\"]',NULL,'NC-160-A0-A1',0,10,0,1,'in_stock',0,3,1,0,247,NULL,NULL,NULL,15,10,13,525,NULL,0,'2025-08-02 02:15:47','2025-08-02 02:15:47',0,'Botble\\ACL\\Models\\User',NULL,'physical',NULL,NULL,0,'auto_generate',0,0,0,NULL),(248,'Iceland 6 Hot Cross Buns',NULL,NULL,'published','[\"products\\/product-22.jpg\"]',NULL,'NC-160-A0-A2',0,10,0,1,'in_stock',0,3,1,0,247,NULL,NULL,NULL,15,10,13,525,NULL,0,'2025-08-02 02:15:47','2025-08-02 02:15:47',0,'Botble\\ACL\\Models\\User',NULL,'physical',NULL,NULL,0,'auto_generate',0,0,0,NULL),(249,'Iceland Luxury 4 Panini Rolls',NULL,NULL,'published','[\"products\\/product-65.jpg\"]',NULL,'NC-126-A0',0,16,0,1,'in_stock',0,4,1,0,252,178.92,NULL,NULL,19,11,10,860,NULL,0,'2025-08-02 02:15:47','2025-08-02 02:15:47',0,'Botble\\ACL\\Models\\User',NULL,'physical',NULL,NULL,0,'auto_generate',0,0,0,NULL),(250,'Iceland Luxury 4 Panini Rolls',NULL,NULL,'published','[\"products\\/product-93.jpg\"]',NULL,'NC-126-A0-A1',0,16,0,1,'in_stock',0,4,1,0,252,196.56,NULL,NULL,19,11,10,860,NULL,0,'2025-08-02 02:15:47','2025-08-02 02:15:47',0,'Botble\\ACL\\Models\\User',NULL,'physical',NULL,NULL,0,'auto_generate',0,0,0,NULL),(251,'Iceland Luxury 4 Panini Rolls',NULL,NULL,'published','[\"products\\/product-15.jpg\"]',NULL,'NC-126-A0-A2',0,16,0,1,'in_stock',0,4,1,0,252,214.2,NULL,NULL,19,11,10,860,NULL,0,'2025-08-02 02:15:47','2025-08-02 02:15:47',0,'Botble\\ACL\\Models\\User',NULL,'physical',NULL,NULL,0,'auto_generate',0,0,0,NULL),(252,'Iceland Soft Scoop Vanilla',NULL,NULL,'published','[\"products\\/product-58.jpg\"]',NULL,'NC-187-A0',0,17,0,1,'in_stock',0,5,1,0,234,NULL,NULL,NULL,13,17,11,664,NULL,0,'2025-08-02 02:15:47','2025-08-02 02:15:47',0,'Botble\\ACL\\Models\\User',NULL,'digital',NULL,NULL,0,'auto_generate',0,0,0,NULL),(253,'Iceland Soft Scoop Vanilla',NULL,NULL,'published','[\"products\\/product-10.jpg\"]',NULL,'NC-187-A0-A1',0,17,0,1,'in_stock',0,5,1,0,234,NULL,NULL,NULL,13,17,11,664,NULL,0,'2025-08-02 02:15:47','2025-08-02 02:15:47',0,'Botble\\ACL\\Models\\User',NULL,'digital',NULL,NULL,0,'auto_generate',0,0,0,NULL),(254,'Iceland Soft Scoop Vanilla',NULL,NULL,'published','[\"products\\/product-92.jpg\"]',NULL,'NC-187-A0-A2',0,17,0,1,'in_stock',0,5,1,0,234,NULL,NULL,NULL,13,17,11,664,NULL,0,'2025-08-02 02:15:47','2025-08-02 02:15:47',0,'Botble\\ACL\\Models\\User',NULL,'digital',NULL,NULL,0,'auto_generate',0,0,0,NULL),(255,'Iceland Spaghetti Bolognese',NULL,NULL,'published','[\"products\\/product-42.jpg\"]',NULL,'NC-197-A0',0,19,0,1,'in_stock',0,7,1,0,471,NULL,NULL,NULL,19,10,12,835,NULL,0,'2025-08-02 02:15:47','2025-08-02 02:15:47',0,'Botble\\ACL\\Models\\User',NULL,'physical',NULL,NULL,0,'auto_generate',0,0,0,NULL),(256,'Iceland Spaghetti Bolognese',NULL,NULL,'published','[\"products\\/product-14.jpg\"]',NULL,'NC-197-A0-A1',0,19,0,1,'in_stock',0,7,1,0,471,NULL,NULL,NULL,19,10,12,835,NULL,0,'2025-08-02 02:15:47','2025-08-02 02:15:47',0,'Botble\\ACL\\Models\\User',NULL,'physical',NULL,NULL,0,'auto_generate',0,0,0,NULL),(257,'Iceland Spaghetti Bolognese',NULL,NULL,'published','[\"products\\/product-17.jpg\"]',NULL,'NC-197-A0-A2',0,19,0,1,'in_stock',0,7,1,0,471,NULL,NULL,NULL,19,10,12,835,NULL,0,'2025-08-02 02:15:47','2025-08-02 02:15:47',0,'Botble\\ACL\\Models\\User',NULL,'physical',NULL,NULL,0,'auto_generate',0,0,0,NULL),(258,'Kellogg’s Coco Pops Cereal',NULL,NULL,'published','[\"products\\/product-6.jpg\"]',NULL,'NC-197-A0',0,14,0,1,'in_stock',0,3,1,0,457,NULL,NULL,NULL,18,10,17,538,NULL,0,'2025-08-02 02:15:47','2025-08-02 02:15:47',0,'Botble\\ACL\\Models\\User',NULL,'physical',NULL,NULL,0,'auto_generate',0,0,0,NULL),(259,'Kellogg’s Coco Pops Cereal',NULL,NULL,'published','[\"products\\/product-66.jpg\"]',NULL,'NC-197-A0-A1',0,14,0,1,'in_stock',0,3,1,0,457,NULL,NULL,NULL,18,10,17,538,NULL,0,'2025-08-02 02:15:47','2025-08-02 02:15:47',0,'Botble\\ACL\\Models\\User',NULL,'physical',NULL,NULL,0,'auto_generate',0,0,0,NULL),(260,'Kit Kat Chunky Milk Chocolate',NULL,NULL,'published','[\"products\\/product-42.jpg\"]',NULL,'NC-148-A0',0,12,0,1,'in_stock',0,7,1,0,223,196.24,NULL,NULL,16,15,17,572,NULL,0,'2025-08-02 02:15:47','2025-08-02 02:15:47',0,'Botble\\ACL\\Models\\User',NULL,'physical',NULL,NULL,0,'auto_generate',0,0,0,NULL),(261,'Large Green Bell Pepper',NULL,NULL,'published','[\"products\\/product-72.jpg\"]',NULL,'NC-116-A0',0,11,0,1,'in_stock',0,2,1,0,271,NULL,NULL,NULL,19,19,16,519,NULL,0,'2025-08-02 02:15:47','2025-08-02 02:15:47',0,'Botble\\ACL\\Models\\User',NULL,'digital',NULL,NULL,0,'auto_generate',0,0,0,NULL),(262,'Large Green Bell Pepper',NULL,NULL,'published','[\"products\\/product-12.jpg\"]',NULL,'NC-116-A0-A1',0,11,0,1,'in_stock',0,2,1,0,271,NULL,NULL,NULL,19,19,16,519,NULL,0,'2025-08-02 02:15:47','2025-08-02 02:15:47',0,'Botble\\ACL\\Models\\User',NULL,'digital',NULL,NULL,0,'auto_generate',0,0,0,NULL),(263,'Large Green Bell Pepper',NULL,NULL,'published','[\"products\\/product-26.jpg\"]',NULL,'NC-116-A0-A2',0,11,0,1,'in_stock',0,2,1,0,271,NULL,NULL,NULL,19,19,16,519,NULL,0,'2025-08-02 02:15:47','2025-08-02 02:15:47',0,'Botble\\ACL\\Models\\User',NULL,'digital',NULL,NULL,0,'auto_generate',0,0,0,NULL),(264,'Pice 94w Beasley Journal',NULL,NULL,'published','[\"products\\/product-27.jpg\"]',NULL,'NC-150-A0',0,20,0,1,'in_stock',0,1,1,0,350,NULL,NULL,NULL,19,10,20,882,NULL,0,'2025-08-02 02:15:47','2025-08-02 02:15:47',0,'Botble\\ACL\\Models\\User',NULL,'physical',NULL,NULL,0,'auto_generate',0,0,0,NULL),(265,'Pice 94w Beasley Journal',NULL,NULL,'published','[\"products\\/product-69.jpg\"]',NULL,'NC-150-A0-A1',0,20,0,1,'in_stock',0,1,1,0,350,NULL,NULL,NULL,19,10,20,882,NULL,0,'2025-08-02 02:15:47','2025-08-02 02:15:47',0,'Botble\\ACL\\Models\\User',NULL,'physical',NULL,NULL,0,'auto_generate',0,0,0,NULL),(266,'Pice 94w Beasley Journal',NULL,NULL,'published','[\"products\\/product-55.jpg\"]',NULL,'NC-150-A0-A2',0,20,0,1,'in_stock',0,1,1,0,350,NULL,NULL,NULL,19,10,20,882,NULL,0,'2025-08-02 02:15:47','2025-08-02 02:15:47',0,'Botble\\ACL\\Models\\User',NULL,'physical',NULL,NULL,0,'auto_generate',0,0,0,NULL),(267,'Province Piece Glass Drinking Glass',NULL,NULL,'published','[\"products\\/product-39.jpg\"]',NULL,'NC-194-A0',0,11,0,1,'in_stock',0,1,1,0,383,NULL,NULL,NULL,18,20,12,619,NULL,0,'2025-08-02 02:15:47','2025-08-02 02:15:47',0,'Botble\\ACL\\Models\\User',NULL,'physical',NULL,NULL,0,'auto_generate',0,0,0,NULL),(268,'Province Piece Glass Drinking Glass',NULL,NULL,'published','[\"products\\/product-89.jpg\"]',NULL,'NC-194-A0-A1',0,11,0,1,'in_stock',0,1,1,0,383,NULL,NULL,NULL,18,20,12,619,NULL,0,'2025-08-02 02:15:47','2025-08-02 02:15:47',0,'Botble\\ACL\\Models\\User',NULL,'physical',NULL,NULL,0,'auto_generate',0,0,0,NULL),(269,'Province Piece Glass Drinking Glass',NULL,NULL,'published','[\"products\\/product-90.jpg\"]',NULL,'NC-194-A0-A2',0,11,0,1,'in_stock',0,1,1,0,383,NULL,NULL,NULL,18,20,12,619,NULL,0,'2025-08-02 02:15:47','2025-08-02 02:15:47',0,'Botble\\ACL\\Models\\User',NULL,'physical',NULL,NULL,0,'auto_generate',0,0,0,NULL);
